NOAA-Style Climate Reports

Select a Year or Month report
2022: Gen Feb Mar Apr Mag Giu Lug Ago Set Ott Nov Dic
2021: Gen Feb Mar Apr Mag Giu Lug Ago Set Ott Nov Dic
2020: Gen Feb Mar Apr Mag Giu Lug Ago Set Ott Nov Dic
2019: Gen Feb Mar Apr Mag Giu Lug Ago Set Ott Nov Dic
2018: Gen Feb Mar Apr Mag Giu Lug Ago Set Ott Nov Dic
2017: Gen Feb Mar Apr Mag Giu Lug Ago Set Ott Nov Dic
2016: Gen Feb Mar Apr Mag Giu Lug Ago Set Ott Nov Dic
2015: Gen Feb Mar Apr Mag Giu Lug Ago Set Ott Nov Dic
2014: Gen Feb Mar Apr Mag Giu Lug Ago Set Ott Nov Dic
2013: Gen Feb Mar Apr Mag Giu Lug Ago Set Ott Nov Dic
2012: Gen Feb Mar Apr Mag Giu Lug Ago Set Ott Nov Dic

Report for 2013 Settembre
                   MONTHLY CLIMATOLOGICAL SUMMARY for SEP. 2013

NAME: Meteozippo   CITY: Malnate   STATE: Italy 
ELEV:   383 m  LAT:  45° 42' 00" N  LONG:   8° 54' 00" E

                   TEMPERATURE (°C), RAIN  (mm), WIND SPEED (km/hr)

                                      HEAT  COOL        AVG
    MEAN                              DEG   DEG         WIND                 DOM
DAY TEMP  HIGH   TIME   LOW    TIME   DAYS  DAYS  RAIN  SPEED HIGH   TIME    DIR
------------------------------------------------------------------------------------
 1  21.2  27.9   15:30  15.6    7:30   0.7   3.5  11.2   1.4  14.5   16:00     N
 2  19.9  26.5   16:00  14.4    7:00   1.1   2.7   0.2   1.1  11.3   11:00    SW
 3  20.4  28.4   17:00  13.4    8:00   1.4   3.4   0.0   1.1  12.9   14:00    SE
 4  21.0  27.9   16:30  14.7    6:30   0.8   3.5   0.0   1.0  11.3   13:30    SE
 5  21.6  28.4   16:30  16.0    6:30   0.4   3.7   0.0   0.8  11.3   17:30     N
 6  21.7  28.2   17:00  16.3    6:00   0.2   3.7   0.0   0.8  11.3   15:30   NNE
 7  21.7  27.7   17:30  16.7    7:00   0.2   3.6   9.4   0.6  11.3   15:30   NNW
 8  20.4  24.4   12:30  18.6    2:30   0.0   2.1   2.6   1.8  16.1   18:30   NNW
 9  20.1  27.1   17:30  14.6    6:30   1.0   2.8   0.0   1.6  16.1    3:00   NNW
10  17.7  22.9   17:30  13.2    4:30   1.7   1.0   0.0   1.3  16.1   00:00   NNW
11  16.7  22.5   16:00  10.8    8:00   2.4   0.9   0.0   1.0  12.9    0:30   NNW
12  16.2  22.9   15:30  10.0    7:00   3.2   1.1   0.0   1.3  17.7   23:00   NNW
13  17.3  24.6   16:00   9.7    8:00   2.7   1.8   0.0   1.6  12.9    4:30   NNW
14  16.7  23.6   16:00   9.3    8:00   3.1   1.4   0.0   0.8  11.3   13:30   NNW
15  15.1  16.5    0:30  12.8   00:00   3.2   0.0  27.0   1.3  11.3   12:30   NNW
16  14.9  19.7   14:30  10.9    7:00   3.5   0.1   0.2   0.6   8.0   15:00   SSW
17  15.6  20.6   16:00   9.2   23:00   3.1   0.4   0.0   4.0  25.7    8:00   NNW
18  14.4  20.8   16:30   8.1    3:00   4.3   0.4   0.0   1.0  11.3   14:30    SE
19  16.3  25.6   16:30   8.4    7:30   3.6   1.6   0.0   1.1  17.7   13:30   NNW
20  16.4  22.5   16:30  11.9    5:00   2.8   0.9   0.0   0.6  11.3   13:30   NNW
21  16.4  23.4   15:30  10.7    8:00   3.1   1.2   0.0   0.8  11.3   14:00     N
22  16.9  22.5   16:30  12.8    7:30   2.4   1.0   0.0   1.0  11.3   15:00   NNW
23  16.9  24.2   17:00  11.2    7:30   2.9   1.5   0.0   0.8  12.9   14:30    SW
24  17.4  23.8   14:30  11.9    5:00   2.4   1.5   0.0   1.0   9.7   13:00     N
25  16.7  21.8   17:30  12.2    4:00   2.3   0.7   0.0   0.2   6.4   10:00   NNW
26  17.3  23.8   15:00  12.1    7:00   2.3   1.3   0.0   0.8  12.9   17:00    SW
27  18.1  22.8   14:30  14.4    2:00   1.5   1.3   0.0   0.5  12.9   14:30     N
28  18.9  23.7   16:00  15.9    5:00   0.6   1.3   0.0   0.3   9.7   15:30   NNW
29  16.6  18.7   16:00  14.4   00:00   1.7   0.0  21.6   1.3  12.9   16:00   NNW
30  14.1  15.2    5:30  13.2   10:30   4.2   0.0   0.8   0.5  14.5    7:00   NNW
-------------------------------------------------------------------------------------
    17.8  28.4     3     8.1    18    62.8  48.4  73.0   1.1  25.7    17     NNW

Max >=  32.0:  0
Max <=   0.0:  0
Min <=   0.0:  0
Min <= -18.0:  0
Max Rain: 27.00 ON 15/09/13
Days of Rain: 8 (> .2 mm) 5 (> 2 mm) 2 (> 20 mm)
Heat Base:  18.3  Cool Base:  18.3  Method: Integration