NOAA-Style Climate Reports

Select a Year or Month report
2022: Gen Feb Mar Apr Mag Giu Lug Ago Set Ott Nov Dic
2021: Gen Feb Mar Apr Mag Giu Lug Ago Set Ott Nov Dic
2020: Gen Feb Mar Apr Mag Giu Lug Ago Set Ott Nov Dic
2019: Gen Feb Mar Apr Mag Giu Lug Ago Set Ott Nov Dic
2018: Gen Feb Mar Apr Mag Giu Lug Ago Set Ott Nov Dic
2017: Gen Feb Mar Apr Mag Giu Lug Ago Set Ott Nov Dic
2016: Gen Feb Mar Apr Mag Giu Lug Ago Set Ott Nov Dic
2015: Gen Feb Mar Apr Mag Giu Lug Ago Set Ott Nov Dic
2014: Gen Feb Mar Apr Mag Giu Lug Ago Set Ott Nov Dic
2013: Gen Feb Mar Apr Mag Giu Lug Ago Set Ott Nov Dic
2012: Gen Feb Mar Apr Mag Giu Lug Ago Set Ott Nov Dic

Report for 2013 Novembre
                   MONTHLY CLIMATOLOGICAL SUMMARY for NOV. 2013

NAME: Meteozippo   CITY: Malnate   STATE: Italy 
ELEV:   383 m  LAT:  45° 42' 00" N  LONG:   8° 54' 00" E

                   TEMPERATURE (°C), RAIN  (mm), WIND SPEED (km/hr)

                                      HEAT  COOL        AVG
    MEAN                              DEG   DEG         WIND                 DOM
DAY TEMP  HIGH   TIME   LOW    TIME   DAYS  DAYS  RAIN  SPEED HIGH   TIME    DIR
------------------------------------------------------------------------------------
 1  11.3  15.5   12:30   7.3    1:30   6.9   0.0   0.4   0.6   8.0    2:30     N
 2  12.0  14.4   12:30  10.5   21:00   6.3   0.0   0.6   0.2   6.4   13:00     N
 3  12.4  16.8   14:00   6.7   00:00   5.9   0.0  11.6   1.1  16.1   21:00   NNW
 4   9.1  11.8   12:30   5.8    1:30   9.2   0.0   3.4   1.3   9.7    2:00   NNW
 5   9.9  17.2   14:30   4.4    8:00   8.3   0.0   0.2   0.6  11.3   12:30   SSW
 6  12.2  17.2   14:30   7.3   00:00   6.1   0.0   0.0   2.9  24.1   10:30   NNW
 7  10.9  17.7   13:30   4.7    7:30   7.4   0.0   0.0   0.5  11.3   14:00   SSE
 8  12.3  13.7   15:00  11.5    0:30   6.0   0.0   2.2   0.0   4.8   10:30   SSE
 9  12.2  16.9   13:30   7.8   22:30   6.1   0.0   4.4   0.6   9.7   15:00    SE
10   8.8  10.9   23:30   5.2    5:30   9.5   0.0   1.0   3.1  45.1   23:30   NNW
11  11.9  15.7   14:00   6.0   00:00   6.3   0.0   0.0  11.9  61.2    5:30   NNW
12   8.1  16.4   14:30   1.8    6:00  10.2   0.0   0.0   1.0  14.5   13:00     N
13  10.2  17.1   13:30   3.8    4:00   8.1   0.0   1.4   0.8   9.7    7:00    SW
14   9.1  11.1   11:00   6.1   23:30   9.2   0.0  12.8   0.6  19.3   22:30   NNW
15   6.1   7.4   22:00   4.6    8:30  12.2   0.0  21.4   3.9  25.7    1:00   NNW
16   8.4  14.5   14:00   3.8    8:00   9.9   0.0   0.0   0.6   9.7    1:00   NNE
17   8.9  12.3   12:00   6.6    2:30   9.4   0.0   0.8   0.6  14.5   12:30   SSE
18   8.4   9.2   13:30   7.6    3:30   9.8   0.0   4.8   0.3   9.7   19:30   SSE
19   9.0   9.6    8:30   8.6    2:30   9.3   0.0  14.2   1.0   9.7    3:30   NNW
20   8.4  10.8   12:00   5.9   21:30   9.9   0.0   6.0   0.8  11.3   19:00     N
21   4.8   5.9    0:30   3.1   21:30  13.5   0.0  10.8   2.1  27.4   18:00     N
22   2.7   5.4   23:30   0.9   20:30  15.6   0.0  13.6   1.6  25.7   23:30   NNW
23   3.8   7.3   14:00   1.4    7:00  14.5   0.0   1.0   0.6  24.1    1:00    NW
24   6.6  11.9   21:30   1.2    8:00  11.7   0.0   0.0   3.1  32.2   20:30   SSW
25   8.6  11.4   12:30   3.0   19:00   9.7   0.0   0.0   9.0  49.9    6:00   NNW
26   4.0   9.2   14:00  -2.1   23:00  14.3   0.0   0.0   5.0  32.2    2:30   NNW
27   2.1   8.0   13:30  -1.6   20:30  16.2   0.0   0.0   1.8  20.9    4:00   NNW
28   0.7   6.7   13:30  -3.9    6:00  17.6   0.0   0.0   1.0   9.7   13:00     N
29   0.6   7.2   13:00  -4.1    7:30  17.7   0.0   0.0   0.5  11.3   14:00   SSE
30   1.3   2.3   16:00  -0.3    0:30  17.0   0.0   0.2   0.5   8.0   22:30     S
-------------------------------------------------------------------------------------
     7.8  17.7     7    -4.1    29   314.3   0.0 110.8   1.9  61.2    11     NNW

Max >=  32.0:  0
Max <=   0.0:  0
Min <=   0.0:  5
Min <= -18.0:  0
Max Rain: 21.41 ON 15/11/13
Days of Rain: 19 (> .2 mm) 11 (> 2 mm) 1 (> 20 mm)
Heat Base:  18.3  Cool Base:  18.3  Method: Integration