NOAA-Style Climate Reports

Select a Year or Month report
2022: Gen Feb Mar Apr Mag Giu Lug Ago Set Ott Nov Dic
2021: Gen Feb Mar Apr Mag Giu Lug Ago Set Ott Nov Dic
2020: Gen Feb Mar Apr Mag Giu Lug Ago Set Ott Nov Dic
2019: Gen Feb Mar Apr Mag Giu Lug Ago Set Ott Nov Dic
2018: Gen Feb Mar Apr Mag Giu Lug Ago Set Ott Nov Dic
2017: Gen Feb Mar Apr Mag Giu Lug Ago Set Ott Nov Dic
2016: Gen Feb Mar Apr Mag Giu Lug Ago Set Ott Nov Dic
2015: Gen Feb Mar Apr Mag Giu Lug Ago Set Ott Nov Dic
2014: Gen Feb Mar Apr Mag Giu Lug Ago Set Ott Nov Dic
2013: Gen Feb Mar Apr Mag Giu Lug Ago Set Ott Nov Dic
2012: Gen Feb Mar Apr Mag Giu Lug Ago Set Ott Nov Dic

Report for 2013 Dicembre
                   MONTHLY CLIMATOLOGICAL SUMMARY for DEC. 2013

NAME: Meteozippo   CITY: Malnate   STATE: Italy 
ELEV:   383 m  LAT:  45° 42' 00" N  LONG:   8° 54' 00" E

                   TEMPERATURE (°C), RAIN  (mm), WIND SPEED (km/hr)

                                      HEAT  COOL        AVG
    MEAN                              DEG   DEG         WIND                 DOM
DAY TEMP  HIGH   TIME   LOW    TIME   DAYS  DAYS  RAIN  SPEED HIGH   TIME    DIR
------------------------------------------------------------------------------------
 1   2.6   9.7   13:30  -2.2   00:00  15.7   0.0   0.2   1.4  11.3    6:00    SE
 2   2.6  11.6   14:00  -2.8    1:30  15.7   0.0   0.0   1.0  11.3   15:00     E
 3   1.8  10.1   14:30  -2.9    8:00  16.5   0.0   0.0   0.5   6.4   10:00     S
 4   2.5  12.0   14:30  -2.8    5:30  15.8   0.0   0.0   0.3   6.4   13:00   NNE
 5   3.7  12.9   12:00  -0.9    6:00  14.6   0.0   0.0   0.3   6.4    2:00     E
 6   7.5  16.8   13:30  -1.2    4:30  10.8   0.0   0.0   4.0  25.7   14:00    NW
 7   6.9  15.8   14:00   0.2   00:00  11.4   0.0   0.0   1.3  17.7   13:00     N
 8   1.6   8.9   14:30  -2.4    8:30  16.8   0.0   0.0   0.5   8.0   13:00    NE
 9   2.1   9.8   14:30  -2.5    4:30  16.2   0.0   0.0   0.2   4.8    5:00     N
10   2.8  12.3   15:00  -2.2    8:00  15.5   0.0   0.0   0.3   6.4    1:30    NE
11   2.6  10.7   14:30  -1.7    7:30  15.7   0.0   0.0   0.3   6.4   12:30    NE
12   2.1  10.1   14:00  -1.9    5:30  16.2   0.0   0.0   0.3   6.4   14:00     S
13   2.8  11.9   14:00  -2.1    8:30  15.5   0.0   0.0   0.5   6.4   13:00   SSE
14   3.6  12.2   14:30  -1.1    8:30  14.7   0.0   0.0   0.5   9.7   14:00   NNE
15   2.7  11.7   14:30  -1.8    7:30  15.3   0.0   0.0   0.3   6.4   12:00   SSW
16   2.7  12.2   13:30  -2.2    8:00  15.7   0.0   0.0   0.3   6.4   14:00    SW
17   3.3  13.2   14:00  -1.6    5:30  15.0   0.0   0.0   0.5   6.4   14:30   NNE
18   2.6   8.4   14:30  -0.7    6:30  15.7   0.0   0.0   0.5   6.4   23:30     N
19   3.1   4.5    2:00   1.3    0:30  15.3   0.0  15.6   0.5  11.3    7:00     W
20   3.5   5.1   16:00   1.3    2:30  14.8   0.0  13.0   0.3   8.0   15:30   NNW
21   5.3   6.6   14:00   2.9    5:00  13.0   0.0   1.8   0.2   6.4    4:00     N
22   6.4   7.2   15:00   5.7    6:30  11.9   0.0   1.6   0.0   3.2    2:00     N
23   7.2   9.4   14:30   5.6    7:00  11.1   0.0   2.0   0.0   4.8   10:00    SE
24   6.4   6.8    0:30   6.2    5:30  11.9   0.0  14.8   0.5  11.3   18:30    SE
25   8.2   9.3   19:00   6.4    0:30  10.1   0.0  65.6   4.7  25.7   17:30     N
26   7.3  10.3   23:00   4.7   15:30  11.0   0.0  77.0   5.8  35.4   13:30   NNW
27   7.8  13.3   15:00   2.7    8:00  10.5   0.0   0.0   2.9  33.8    1:30   NNW
28   5.4   6.8   11:30   3.0    0:30  12.9   0.0  17.0   0.6   8.0    3:00   NNW
29   5.0   9.3   15:00   1.8   21:00  13.3   0.0   5.2   1.4  12.9    1:00   NNW
30   3.9   9.8   14:30   0.0    6:00  14.3   0.0   0.0   1.1  11.3    1:00    NE
31   2.2   8.6   14:00  -2.0    8:00  16.1   0.0   0.0   1.0   9.7    2:00   NNW
-------------------------------------------------------------------------------------
     4.1  16.8     6    -2.9     3   439.1   0.0 213.8   1.0  35.4    26       N

Max >=  32.0:  0
Max <=   0.0:  0
Min <=   0.0: 19
Min <= -18.0:  0
Max Rain: 76.99 ON 26/12/13
Days of Rain: 11 (> .2 mm) 8 (> 2 mm) 2 (> 20 mm)
Heat Base:  18.3  Cool Base:  18.3  Method: Integration