NOAA-Style Climate Reports

Select a Year or Month report
2022: Gen Feb Mar Apr Mag Giu Lug Ago Set Ott Nov Dic
2021: Gen Feb Mar Apr Mag Giu Lug Ago Set Ott Nov Dic
2020: Gen Feb Mar Apr Mag Giu Lug Ago Set Ott Nov Dic
2019: Gen Feb Mar Apr Mag Giu Lug Ago Set Ott Nov Dic
2018: Gen Feb Mar Apr Mag Giu Lug Ago Set Ott Nov Dic
2017: Gen Feb Mar Apr Mag Giu Lug Ago Set Ott Nov Dic
2016: Gen Feb Mar Apr Mag Giu Lug Ago Set Ott Nov Dic
2015: Gen Feb Mar Apr Mag Giu Lug Ago Set Ott Nov Dic
2014: Gen Feb Mar Apr Mag Giu Lug Ago Set Ott Nov Dic
2013: Gen Feb Mar Apr Mag Giu Lug Ago Set Ott Nov Dic
2012: Gen Feb Mar Apr Mag Giu Lug Ago Set Ott Nov Dic

Report for 2014 Gennaio
                   MONTHLY CLIMATOLOGICAL SUMMARY for JAN. 2014

NAME: Meteozippo   CITY: Malnate   STATE: Italy 
ELEV:   383 m  LAT:  45° 42' 00" N  LONG:   8° 54' 00" E

                   TEMPERATURE (°C), RAIN  (mm), WIND SPEED (km/hr)

                                      HEAT  COOL        AVG
    MEAN                              DEG   DEG         WIND                 DOM
DAY TEMP  HIGH   TIME   LOW    TIME   DAYS  DAYS  RAIN  SPEED HIGH   TIME    DIR
------------------------------------------------------------------------------------
 1   1.4   7.6   14:00  -2.7    8:00  16.9   0.0   0.0   0.5   6.4    3:30   NNW
 2   1.6   2.1    1:00   1.1    8:00  16.8   0.0   5.2   0.2   4.8    0:30   NNW
 3   2.9   4.9   15:30   1.6    1:00  15.4   0.0   1.2   0.2   4.8   12:00   NNW
 4   3.4   4.4   11:00   2.4   20:00  14.9   0.0  20.2   0.8   9.7   11:00     N
 5   5.8   9.6   14:00   2.8   00:00  12.5   0.0  14.8   1.8  16.1   10:00   NNW
 6   4.7   9.8   13:30   0.7    8:00  13.6   0.0   0.2   0.8   9.7   10:00   NNW
 7   4.8  12.4   14:30   1.3    3:30  13.5   0.0   0.0   0.3   8.0   10:30   NNE
 8   5.0  11.2   13:30   1.7    7:00  13.3   0.0   0.0   0.3   6.4   11:00     S
 9   6.1  11.2   14:30   1.3    7:00  12.2   0.0   0.0   0.3   6.4   10:00     S
10   7.7  11.1   14:30   4.0    9:00  10.6   0.0   0.0   0.0   6.4    0:30   SSE
11   7.3   9.4   13:30   3.8   00:00  11.0   0.0   0.0   0.2   4.8   12:30     E
12   5.1  12.8   14:30   0.8    8:00  13.2   0.0   0.0   0.6   9.7   15:30   NNE
13   3.1   7.4   14:00  -0.3    2:00  15.2   0.0   6.0   0.8   8.0   12:00   NNE
14   2.8   4.4    0:30   1.9    5:00  15.4   0.0  23.8   1.0   9.7    2:30   NNW
15   2.8   9.3   15:00  -1.7    8:30  15.5   0.0   0.2   0.5   6.4   13:30   NNW
16   2.8   4.4   12:30   1.1    4:30  15.5   0.0  10.0   0.5   8.0    6:30   NNW
17   1.6   2.8   00:00   0.7    7:00  16.7   0.0  26.0   0.5   8.0   12:30   NNW
18   4.2   5.3   16:00   2.6    1:00  14.1   0.0  23.4   0.8   9.7   19:00    NW
19   5.2   6.2   20:00   4.3    3:30  13.1   0.0  18.6   1.0   8.0    0:30   NNW
20   6.2   8.3   14:00   3.9   00:00  12.1   0.0   6.0   0.3   8.0    6:00     N
21   6.3  14.5   14:30   2.2   00:00  12.0   0.0   0.0   1.4  17.7   12:30   NNW
22   6.0  12.0   13:00   1.9    0:30  12.3   0.0   0.0   1.0  12.9   16:00   SSE
23   6.3  10.4   15:00   3.0   23:30  12.0   0.0   0.0   0.6   8.0   15:30   SSE
24   5.9   9.7   12:30   1.1    7:00  12.4   0.0   0.0   6.6  37.0   14:30   NNW
25   4.8  11.6   15:00  -0.4    8:30  13.5   0.0   0.0   2.3  24.1    1:00    SE
26   5.9  11.7   15:00  -0.3    0:30  12.3   0.0   0.0   3.9  25.7    7:30   NNW
27   4.1   6.9   16:30   0.5   23:00  14.3   0.0   0.0   1.0   9.7    0:30     N
28   0.1   3.2   16:00  -2.4   00:00  18.3   0.0   0.0   0.5   8.0   14:00     E
29   0.0   3.8   14:30  -3.7    8:00  18.3   0.0   0.2   0.6   9.7    9:00   NNW
30   1.3   2.1   14:00   0.8   17:00  17.0   0.0  18.4   0.5   8.0   20:00   NNW
31   3.4   5.4   16:30   1.4    0:30  14.9   0.0  25.0   1.8  16.1    6:00   NNW
-------------------------------------------------------------------------------------
     4.2  14.5    21    -3.7    29   438.8   0.0 199.2   1.0  37.0    24     NNW

Max >=  32.0:  0
Max <=   0.0:  0
Min <=   0.0:  7
Min <= -18.0:  0
Max Rain: 26.01 ON 17/01/14
Days of Rain: 16 (> .2 mm) 12 (> 2 mm) 5 (> 20 mm)
Heat Base:  18.3  Cool Base:  18.3  Method: Integration