NOAA-Style Climate Reports

Select a Year or Month report
2022: Gen Feb Mar Apr Mag Giu Lug Ago Set Ott Nov Dic
2021: Gen Feb Mar Apr Mag Giu Lug Ago Set Ott Nov Dic
2020: Gen Feb Mar Apr Mag Giu Lug Ago Set Ott Nov Dic
2019: Gen Feb Mar Apr Mag Giu Lug Ago Set Ott Nov Dic
2018: Gen Feb Mar Apr Mag Giu Lug Ago Set Ott Nov Dic
2017: Gen Feb Mar Apr Mag Giu Lug Ago Set Ott Nov Dic
2016: Gen Feb Mar Apr Mag Giu Lug Ago Set Ott Nov Dic
2015: Gen Feb Mar Apr Mag Giu Lug Ago Set Ott Nov Dic
2014: Gen Feb Mar Apr Mag Giu Lug Ago Set Ott Nov Dic
2013: Gen Feb Mar Apr Mag Giu Lug Ago Set Ott Nov Dic
2012: Gen Feb Mar Apr Mag Giu Lug Ago Set Ott Nov Dic

Report for 2014 Marzo
                   MONTHLY CLIMATOLOGICAL SUMMARY for MAR. 2014

NAME: Meteozippo   CITY: Malnate   STATE: Italy 
ELEV:   383 m  LAT:  45° 42' 00" N  LONG:   8° 54' 00" E

                   TEMPERATURE (°C), RAIN  (mm), WIND SPEED (km/hr)

                                      HEAT  COOL        AVG
    MEAN                              DEG   DEG         WIND                 DOM
DAY TEMP  HIGH   TIME   LOW    TIME   DAYS  DAYS  RAIN  SPEED HIGH   TIME    DIR
------------------------------------------------------------------------------------
 1   4.3   6.7   22:30   1.9    8:30  14.0   0.0  31.4   4.0  24.1   15:30   NNW
 2   7.2  13.4   15:00   2.4    7:30  11.1   0.0   1.8   1.3  14.5   17:00   SSE
 3   6.6   9.6   13:00   5.1    0:30  11.7   0.0   5.0   1.1  11.3   22:00   NNW
 4   8.1  14.8   15:00   3.6   00:00  10.2   0.0   2.0   1.6  14.5   12:30   NNW
 5   8.9  16.4   15:30   1.3    7:00   9.4   0.0   0.0   3.7  25.7   19:30   ESE
 6  11.7  17.4   14:30   5.6   23:30   6.6   0.0   0.0   4.0  25.7    8:30    NW
 7   9.7  17.8   15:30   3.7    7:00   8.6   0.0   0.0   2.1  16.1   17:30   SSE
 8   8.6  15.3   15:30   2.2    7:30   9.7   0.0   0.0   1.4  17.7   10:30   ENE
 9   8.8  16.2   16:00   2.4    7:00   9.5   0.0   0.0   1.3  11.3   11:30   SSE
10   8.4  13.9   15:30   3.3    4:00   9.9   0.0   0.0   1.8  16.1   14:30     N
11   7.9  14.5   14:00   2.4    7:00  10.3   0.0   0.0   1.3  14.5   13:00    SE
12   9.7  17.8   14:30   3.1    7:00   8.6   0.0   0.0   1.4  14.5   14:00    SE
13  10.4  18.5   15:30   3.0    7:00   7.9   0.0   0.0   1.1  12.9   15:30   SSE
14  11.0  19.4   15:00   3.9    6:30   7.4   0.1   0.0   1.4  14.5   16:00    SE
15  11.6  19.2   16:30   4.2    6:30   6.7   0.0   0.0   1.4  17.7   23:00   SSW
16  16.3  25.1   16:30   5.7    7:00   3.7   1.7   0.0   3.1  25.7   14:00   NNW
17  17.9  26.3   15:30  10.1   00:00   2.6   2.2   0.0   2.6  16.1    4:30   SSE
18  12.1  18.2   15:00   6.1    7:00   6.2   0.0   0.0   1.8  14.5   11:30   SSE
19  14.9  23.7   15:00   6.3    5:30   4.8   1.4   0.0   3.1  22.5   12:30   NNW
20  12.3  19.0   15:30   6.0    7:00   6.0   0.0   0.0   1.0  12.9   15:00   SSE
21  12.2  18.5   16:00   6.9    5:00   6.1   0.0   1.8   1.4  12.9   12:00   SSE
22  10.8  12.5   10:30   9.0   00:00   7.5   0.0  17.6   1.3  14.5   21:30     S
23   7.3   9.4   18:30   4.8    9:30  11.0   0.0  23.2   6.9  41.8   16:30   NNW
24   9.2  13.6   16:00   2.9   00:00   9.1   0.0   0.0   5.8  32.2   10:30   NNW
25   6.1  11.0   15:30   0.8    3:00  12.2   0.0   0.2   1.8  12.9   16:00     N
26   6.4   9.8   16:00   3.8    4:30  11.9   0.0   4.8   2.4  12.9   16:00   NNW
27   8.6  13.4   17:00   5.1   00:00   9.7   0.0   0.0   2.4  17.7   16:00   NNW
28  10.3  17.9   15:00   2.3    6:30   8.0   0.0   0.0   2.1  17.7   13:00     N
29  11.6  19.2   14:30   4.2    6:00   6.8   0.0   0.0   1.6  17.7   15:30   SSE
30  12.8  20.2   16:30   6.7    5:00   5.5   0.2   0.0   1.8  16.1   16:00    SE
31  12.9  20.6   16:00   6.1    4:30   5.6   0.3   0.0   1.8  16.1   16:00    SE
-------------------------------------------------------------------------------------
    10.2  26.3    17     0.8    25   258.4   6.0  87.8   2.3  41.8    23     NNW

Max >=  32.0:  0
Max <=   0.0:  0
Min <=   0.0:  0
Min <= -18.0:  0
Max Rain: 31.39 ON 01/03/14
Days of Rain: 9 (> .2 mm) 6 (> 2 mm) 2 (> 20 mm)
Heat Base:  18.3  Cool Base:  18.3  Method: Integration