NOAA-Style Climate Reports

Select a Year or Month report
2022: Gen Feb Mar Apr Mag Giu Lug Ago Set Ott Nov Dic
2021: Gen Feb Mar Apr Mag Giu Lug Ago Set Ott Nov Dic
2020: Gen Feb Mar Apr Mag Giu Lug Ago Set Ott Nov Dic
2019: Gen Feb Mar Apr Mag Giu Lug Ago Set Ott Nov Dic
2018: Gen Feb Mar Apr Mag Giu Lug Ago Set Ott Nov Dic
2017: Gen Feb Mar Apr Mag Giu Lug Ago Set Ott Nov Dic
2016: Gen Feb Mar Apr Mag Giu Lug Ago Set Ott Nov Dic
2015: Gen Feb Mar Apr Mag Giu Lug Ago Set Ott Nov Dic
2014: Gen Feb Mar Apr Mag Giu Lug Ago Set Ott Nov Dic
2013: Gen Feb Mar Apr Mag Giu Lug Ago Set Ott Nov Dic
2012: Gen Feb Mar Apr Mag Giu Lug Ago Set Ott Nov Dic

Report for 2014 Aprile
                   MONTHLY CLIMATOLOGICAL SUMMARY for APR. 2014

NAME: Meteozippo   CITY: Malnate   STATE: Italy 
ELEV:   383 m  LAT:  45° 42' 00" N  LONG:   8° 54' 00" E

                   TEMPERATURE (°C), RAIN  (mm), WIND SPEED (km/hr)

                                      HEAT  COOL        AVG
    MEAN                              DEG   DEG         WIND                 DOM
DAY TEMP  HIGH   TIME   LOW    TIME   DAYS  DAYS  RAIN  SPEED HIGH   TIME    DIR
------------------------------------------------------------------------------------
 1  11.9  19.0   16:30   5.9    7:00   6.3   0.0   0.0   1.9  17.7   15:00    SE
 2  11.9  17.9   16:30   6.3    7:30   6.3   0.0   0.0   1.4  14.5   15:00   SSE
 3  11.5  15.6   17:30   7.5    6:00   6.8   0.0   0.0   0.3   6.4   12:30     E
 4  12.1  16.1   15:00   7.5    7:30   6.2   0.0   0.0   1.3  14.5   17:00    SE
 5  13.9  20.5   15:00   7.6    6:00   4.6   0.3   0.0   1.3  14.5   16:00    SE
 6  14.9  22.7   15:30   7.8    7:30   4.3   1.0   0.0   1.6  14.5   16:30    SE
 7  15.8  23.2   15:30   8.9    5:00   3.7   1.2   0.0   1.6  16.1   14:30    SE
 8  14.9  19.5   14:30  10.2    5:30   3.5   0.1   0.0   1.1  11.3   15:00     N
 9  16.8  22.0   16:00   9.6   23:00   2.4   0.9   0.0   5.1  27.4    5:00   NNW
10  14.6  22.4   17:30   6.2    7:00   4.6   0.9   0.0   2.1  14.5   14:00     N
11  14.6  20.4   16:30   9.2    5:00   4.1   0.4   0.0   1.4  12.9   14:00    SE
12  15.2  20.2   16:30  11.4    7:30   3.3   0.2   0.0   1.4  16.1   14:00    SE
13  15.4  20.7   17:00  11.9   00:00   3.3   0.4   0.0   1.3  16.1   14:30   SSE
14  15.7  22.3   17:00   9.7    7:30   3.5   0.9   0.0   2.3  16.1   13:30    NE
15  14.4  17.7   15:00  10.2   22:30   3.9   0.0   0.0   8.7  41.8    8:00   NNW
16   9.9  17.8   17:30   2.1    7:00   8.4   0.0   0.0   2.3  20.9   16:30   NNW
17  10.2  18.3   16:30   1.6    7:00   8.1   0.0   0.0   1.9  17.7   14:00    SE
18  10.6  15.7   14:30   4.0    6:00   7.7   0.0   3.4   1.4  24.1   23:30   SSE
19   7.4  12.2   14:30   4.2    6:30  10.9   0.0  58.0   3.7  25.7    1:00   NNW
20  12.2  18.8   16:30   5.1    7:30   6.1   0.0   0.4   1.9  19.3   15:30    SE
21  10.3  11.7    0:30   9.3    8:00   8.0   0.0  14.8   1.0   9.7   11:30    NW
22  13.1  19.6   18:00   8.2    7:00   5.3   0.1   0.0   1.8  16.1   16:00   NNW
23  15.0  23.0   16:30   7.9    7:00   4.3   1.0   1.2   1.8  17.7   16:30   NNE
24  16.9  23.9   15:30  10.0    6:30   3.1   1.7   0.0   1.8  16.1   15:00    NE
25  16.9  23.3   15:00  10.3    5:30   2.8   1.4   0.0   1.1  14.5   15:30     N
26  17.6  24.1   16:30  10.7    7:00   2.5   1.7   0.0   1.8  16.1   13:30    SE
27  12.1  17.1    0:30   9.9   12:00   6.2   0.0  11.8   3.2  27.4   13:30   NNW
28   9.6  10.8    0:30   8.8    9:00   8.7   0.0  28.8   2.1  20.9   13:00   NNW
29  13.6  20.2   15:30   6.6    6:30   4.9   0.2   1.2   1.8  25.7   00:00    SE
30  11.4  16.3   16:00   7.8   00:00   6.9   0.0  11.2   1.8  19.3    2:00   NNW
-------------------------------------------------------------------------------------
    13.3  24.1    26     1.6    17   160.7  12.3 130.8   2.1  41.8    15     NNW

Max >=  32.0:  0
Max <=   0.0:  0
Min <=   0.0:  0
Min <= -18.0:  0
Max Rain: 57.99 ON 19/04/14
Days of Rain: 9 (> .2 mm) 6 (> 2 mm) 2 (> 20 mm)
Heat Base:  18.3  Cool Base:  18.3  Method: Integration