NOAA-Style Climate Reports

Select a Year or Month report
2022: Gen Feb Mar Apr Mag Giu Lug Ago Set Ott Nov Dic
2021: Gen Feb Mar Apr Mag Giu Lug Ago Set Ott Nov Dic
2020: Gen Feb Mar Apr Mag Giu Lug Ago Set Ott Nov Dic
2019: Gen Feb Mar Apr Mag Giu Lug Ago Set Ott Nov Dic
2018: Gen Feb Mar Apr Mag Giu Lug Ago Set Ott Nov Dic
2017: Gen Feb Mar Apr Mag Giu Lug Ago Set Ott Nov Dic
2016: Gen Feb Mar Apr Mag Giu Lug Ago Set Ott Nov Dic
2015: Gen Feb Mar Apr Mag Giu Lug Ago Set Ott Nov Dic
2014: Gen Feb Mar Apr Mag Giu Lug Ago Set Ott Nov Dic
2013: Gen Feb Mar Apr Mag Giu Lug Ago Set Ott Nov Dic
2012: Gen Feb Mar Apr Mag Giu Lug Ago Set Ott Nov Dic

Report for 2014 Maggio
                   MONTHLY CLIMATOLOGICAL SUMMARY for MAY. 2014

NAME: Meteozippo   CITY: Malnate   STATE: Italy 
ELEV:   383 m  LAT:  45° 42' 00" N  LONG:   8° 54' 00" E

                   TEMPERATURE (°C), RAIN  (mm), WIND SPEED (km/hr)

                                      HEAT  COOL        AVG
    MEAN                              DEG   DEG         WIND                 DOM
DAY TEMP  HIGH   TIME   LOW    TIME   DAYS  DAYS  RAIN  SPEED HIGH   TIME    DIR
------------------------------------------------------------------------------------
 1  13.7  21.9   16:30   6.9    7:00   5.2   0.6   0.2   2.6  19.3   16:30   NNW
 2  11.5  13.5   18:00   9.8    8:30   6.8   0.0  23.4   2.1  19.3    2:00   NNW
 3  14.8  21.6   13:30   7.8    5:30   4.0   0.5   0.2   3.1  30.6   19:30   NNW
 4  16.3  22.5   17:00  10.1   00:00   2.8   0.9   0.0   4.7  29.0    0:30    NW
 5  15.1  21.6   18:00   7.8    6:00   3.9   0.8   0.0   1.8  14.5   13:30    NW
 6  15.2  19.9   17:00   8.7    7:00   3.3   0.2   0.0   1.0  16.1   12:00   SSE
 7  13.9  16.8   12:30   9.8   00:00   4.4   0.0   1.0   0.3   8.0   12:30   ESE
 8  14.6  21.3   17:00   6.3    6:30   4.4   0.7   0.4   1.1  12.9   11:30   SSE
 9  17.4  23.8   17:00  10.4    6:00   2.7   1.8   0.0   1.8  16.1   14:30    SE
10  17.9  24.1   14:30  10.7    6:30   2.3   1.9   0.0   0.8  14.5   12:30   SSE
11  15.8  21.9   16:00  11.4    6:00   2.8   0.4   2.8   3.1  35.4   17:30   SSE
12  14.6  20.1   16:30   7.8    5:00   3.9   0.2   0.0   2.7  20.9   21:30   NNW
13  13.9  18.2   12:30   7.0    5:30   4.4   0.0   0.2   3.1  20.9   20:30   NNW
14  14.7  20.8   14:30   6.5    7:00   4.0   0.4   0.0   5.5  37.0   15:30    NW
15  15.4  19.8   15:30   9.9    3:30   3.0   0.1   0.0   9.0  40.2   12:30    NW
16  17.1  22.4   16:30  11.9    7:00   1.9   0.7   0.0   7.1  32.2   23:00   NNW
17  15.4  23.3   18:00   6.7    6:00   4.0   1.1   0.0   1.8  17.7    0:30    SE
18  15.9  23.2   17:30   8.3    6:30   3.4   1.0   0.0   2.1  19.3   16:30    SE
19  15.4  21.1   15:30   8.8    6:30   3.2   0.3   0.0   0.8  14.5   12:30   ENE
20  16.9  21.8   18:00  12.9   00:00   2.1   0.7   0.0   1.0  12.9   15:00    NW
21  18.6  24.7   17:30  11.3    5:30   1.9   2.2   0.0   1.6  22.5   16:00    SW
22  17.7  22.1   13:30  14.7   20:30   1.3   0.6  25.4   1.3  24.1   18:00   NNW
23  18.5  23.9   17:00  13.5   00:00   1.4   1.6   1.6   1.8  17.7   14:30   SSE
24  17.2  23.4   17:00  11.3    5:30   2.5   1.3   0.0   1.8  14.5   11:30   SSE
25  18.0  24.1   15:30  11.1    4:30   2.2   2.0   0.0   1.1  12.9   12:00   SSE
26  16.2  20.4   17:30  13.6    7:00   2.3   0.3   2.0   1.8  16.1   10:00   NNW
27  15.9  20.8   14:30  11.7    5:30   2.8   0.4   1.6   1.3  17.7   14:00   NNE
28  16.3  23.0   15:00   9.8    5:00   3.0   1.0   0.0   1.6  17.7   13:30   SSE
29  17.3  23.7   16:30  11.4    7:00   2.5   1.5   0.0   1.4  16.1   15:30    SW
30  17.7  26.0   15:30   9.8    6:00   2.4   1.8   0.0   1.4  16.1   17:00   NNW
31  17.2  22.0   16:00  13.4    1:00   1.7   0.5   0.0   2.3  16.1    2:00    NW
-------------------------------------------------------------------------------------
    16.0  26.0    30     6.3     8    96.4  25.4  58.8   2.3  40.2    15     NNW

Max >=  32.0:  0
Max <=   0.0:  0
Min <=   0.0:  0
Min <= -18.0:  0
Max Rain: 25.40 ON 22/05/14
Days of Rain: 11 (> .2 mm) 4 (> 2 mm) 2 (> 20 mm)
Heat Base:  18.3  Cool Base:  18.3  Method: Integration