NOAA-Style Climate Reports

Select a Year or Month report
2022: Gen Feb Mar Apr Mag Giu Lug Ago Set Ott Nov Dic
2021: Gen Feb Mar Apr Mag Giu Lug Ago Set Ott Nov Dic
2020: Gen Feb Mar Apr Mag Giu Lug Ago Set Ott Nov Dic
2019: Gen Feb Mar Apr Mag Giu Lug Ago Set Ott Nov Dic
2018: Gen Feb Mar Apr Mag Giu Lug Ago Set Ott Nov Dic
2017: Gen Feb Mar Apr Mag Giu Lug Ago Set Ott Nov Dic
2016: Gen Feb Mar Apr Mag Giu Lug Ago Set Ott Nov Dic
2015: Gen Feb Mar Apr Mag Giu Lug Ago Set Ott Nov Dic
2014: Gen Feb Mar Apr Mag Giu Lug Ago Set Ott Nov Dic
2013: Gen Feb Mar Apr Mag Giu Lug Ago Set Ott Nov Dic
2012: Gen Feb Mar Apr Mag Giu Lug Ago Set Ott Nov Dic

Report for 2014 Giugno
                   MONTHLY CLIMATOLOGICAL SUMMARY for JUN. 2014

NAME: Meteozippo   CITY: Malnate   STATE: Italy 
ELEV:   383 m  LAT:  45° 42' 00" N  LONG:   8° 54' 00" E

                   TEMPERATURE (°C), RAIN  (mm), WIND SPEED (km/hr)

                                      HEAT  COOL        AVG
    MEAN                              DEG   DEG         WIND                 DOM
DAY TEMP  HIGH   TIME   LOW    TIME   DAYS  DAYS  RAIN  SPEED HIGH   TIME    DIR
------------------------------------------------------------------------------------
 1  17.8  23.6   15:30  10.4    6:30   2.0   1.6   0.0   1.9  20.9   16:30   NNW
 2  16.7  22.4   14:00  12.5    4:30   2.6   1.0   4.6   2.3  17.7    1:30   NNW
 3  17.6  23.3   17:30  13.4    0:30   1.8   1.1   1.4   1.3   9.7   14:00   NNW
 4  15.9  19.7   17:00  13.2    6:30   2.5   0.2  33.2   1.6  14.5   21:30   NNW
 5  17.3  23.9   17:00  11.6    4:00   2.5   1.5   0.4   1.3  20.9   16:30   SSE
 6  19.2  25.6   17:00  12.5    2:30   1.7   2.5   0.0   1.3  19.3   15:00    SW
 7  21.7  28.6   18:00  14.3    6:00   0.7   4.1   0.0   1.8  16.1   15:30    SW
 8  23.8  31.2   17:30  16.1    4:30   0.4   5.9   0.0   1.3  14.5   13:00    SW
 9  25.1  31.9   16:30  17.5    5:30   0.0   6.9   0.0   1.8  14.5   13:30   NNW
10  25.7  31.6   16:30  18.9    5:00   0.0   7.4   0.0   1.8  16.1    1:00   NNW
11  26.4  32.9   17:30  20.2    3:30   0.0   8.1   0.0   1.9  12.9   12:30   NNW
12  26.2  32.2   15:30  19.9    6:00   0.0   7.9   0.0   2.4  22.5   23:00   NNW
13  24.2  30.9   15:30  17.2    6:00   0.1   6.0   1.6   2.4  17.7    1:00   NNW
14  20.9  28.3   15:00  15.6    6:00   0.8   3.4   8.0   1.9  30.6   19:30   NNW
15  16.6  21.8   14:00  14.7   22:30   2.0   0.3   4.2   1.6  14.5   13:30     N
16  18.3  23.9   16:30  14.4    7:00   1.5   1.5   4.4   2.7  17.7   15:00   NNW
17  16.9  21.4   16:30  13.8    6:30   1.8   0.4   2.0   1.0  14.5   19:00   NNW
18  18.4  24.7   16:30  14.7    6:00   1.6   1.7   0.6   2.1  22.5   19:30   NNW
19  20.2  26.2   18:00  12.9    6:30   1.1   2.9   0.0   2.7  16.1   15:00    SW
20  21.9  28.5   16:00  14.1    6:00   0.8   4.4   0.0   2.3  17.7   17:30    SW
21  20.7  26.6   16:30  13.7    4:30   0.8   3.2   0.0   2.1  20.9    7:00   SSE
22  21.7  27.9   16:00  16.6    5:00   0.3   3.7   0.6   1.4  19.3   16:00     N
23  21.1  25.9   16:00  17.1    3:00   0.2   2.9   0.8   1.8  19.3   23:00   NNW
24  20.8  27.4   16:30  15.1    6:30   0.5   3.0   0.6   1.6  12.9   15:30   NNW
25  19.4  23.6   17:30  16.4   11:00   0.4   1.6  18.4   1.9  16.1   15:30   NNW
26  18.6  23.2   17:30  14.6    4:00   1.0   1.3   0.4   1.0  11.3   18:30   NNW
27  19.9  25.7   17:30  14.9    5:00   0.8   2.4   8.6   1.4  14.5   17:30     N
28  18.6  24.0   17:30  16.7    6:00   0.5   0.8  29.8   2.4  12.9    5:30   NNW
29  17.5  20.4   15:00  13.2   00:00   1.1   0.2  35.0   2.3  19.3   15:00   NNW
30  19.9  26.2   18:30  12.4    2:30   1.3   3.0   0.0   3.5  24.1    9:30   NNW
-------------------------------------------------------------------------------------
    20.3  32.9    11    10.4     1    30.7  90.8 154.6   1.9  30.6    14     NNW

Max >=  32.0:  2
Max <=   0.0:  0
Min <=   0.0:  0
Min <= -18.0:  0
Max Rain: 35.00 ON 29/06/14
Days of Rain: 18 (> .2 mm) 10 (> 2 mm) 3 (> 20 mm)
Heat Base:  18.3  Cool Base:  18.3  Method: Integration