NOAA-Style Climate Reports

Select a Year or Month report
2022: Gen Feb Mar Apr Mag Giu Lug Ago Set Ott Nov Dic
2021: Gen Feb Mar Apr Mag Giu Lug Ago Set Ott Nov Dic
2020: Gen Feb Mar Apr Mag Giu Lug Ago Set Ott Nov Dic
2019: Gen Feb Mar Apr Mag Giu Lug Ago Set Ott Nov Dic
2018: Gen Feb Mar Apr Mag Giu Lug Ago Set Ott Nov Dic
2017: Gen Feb Mar Apr Mag Giu Lug Ago Set Ott Nov Dic
2016: Gen Feb Mar Apr Mag Giu Lug Ago Set Ott Nov Dic
2015: Gen Feb Mar Apr Mag Giu Lug Ago Set Ott Nov Dic
2014: Gen Feb Mar Apr Mag Giu Lug Ago Set Ott Nov Dic
2013: Gen Feb Mar Apr Mag Giu Lug Ago Set Ott Nov Dic
2012: Gen Feb Mar Apr Mag Giu Lug Ago Set Ott Nov Dic

Report for 2014 Luglio
                   MONTHLY CLIMATOLOGICAL SUMMARY for JUL. 2014

NAME: Meteozippo   CITY: Malnate   STATE: Italy 
ELEV:   383 m  LAT:  45° 42' 00" N  LONG:   8° 54' 00" E

                   TEMPERATURE (°C), RAIN  (mm), WIND SPEED (km/hr)

                                      HEAT  COOL        AVG
    MEAN                              DEG   DEG         WIND                 DOM
DAY TEMP  HIGH   TIME   LOW    TIME   DAYS  DAYS  RAIN  SPEED HIGH   TIME    DIR
------------------------------------------------------------------------------------
 1  19.2  23.6   12:30  13.8    6:30   0.9   1.8   6.6   1.4  12.9   13:30   NNW
 2  17.3  20.8   19:00  15.5    7:30   1.4   0.4   8.4   1.9  16.1    8:00   NNW
 3  20.2  26.5   18:00  12.6    6:30   1.2   3.0   0.0   1.9  14.5    0:30     N
 4  17.9  22.0   11:00  15.7    4:30   0.9   0.5   8.0   0.8  12.9    5:30   NNW
 5  20.8  26.8   18:30  15.9    3:30   0.7   3.3   0.0   1.4  14.5   16:30    SW
 6  22.0  27.9   17:30  16.6    4:00   0.3   4.0   0.0   1.1  14.5   14:30     S
 7  20.6  26.5   14:30  16.3   22:00   0.3   2.5  22.8   2.7  22.5   18:00   NNW
 8  16.2  18.2   10:30  13.8   00:00   2.1   0.0  23.6   2.6  25.7   17:30   NNW
 9  17.6  24.8   17:30  10.3    6:00   2.5   1.7   0.0   2.1  17.7   16:00    NW
10  17.5  24.0   18:00  12.4    3:30   2.0   1.2   0.0   1.4  14.5   16:00     N
11  20.6  27.9   16:30  12.1    6:00   1.4   3.7   0.0   1.6  16.1   19:00     N
12  19.6  25.4   17:30  15.0    5:30   0.8   2.1  10.4   1.8  16.1   17:30   NNW
13  18.9  24.2   17:00  14.7    5:00   1.0   1.7   0.0   1.0  12.9   16:30   NNW
14  20.8  26.3   18:00  15.9    1:30   0.6   3.1   0.0   1.3  14.5   13:00    NE
15  22.7  28.8   18:00  15.9    6:30   0.3   4.6   0.0   1.4  14.5   16:00    SE
16  23.5  29.7   17:30  16.7    5:30   0.1   5.3   0.0   1.6  14.5   17:30    SW
17  24.2  30.1   18:00  18.3    3:30   0.0   5.9   0.0   1.4  12.9   13:00    SW
18  25.0  30.4   17:00  19.3    7:00   0.0   6.7   0.0   1.4  16.1    4:00   NNW
19  24.8  30.4   16:00  19.6    6:00   0.0   6.5   0.0   1.3  12.9   16:00   NNW
20  22.3  23.9   14:30  20.7   10:00   0.0   4.0  13.4   1.4  20.9   10:00   NNW
21  19.2  23.6   12:00  17.3    4:30   0.2   1.1   9.0   1.9  16.1    8:30   NNW
22  20.1  24.7   15:30  15.9    6:30   0.6   2.3   0.8   0.8  11.3   13:00   SSE
23  21.6  28.1   16:00  17.3    5:30   0.1   3.4  23.8   1.4  19.3   19:30   NNW
24  19.8  23.6   16:00  17.4    5:00   0.2   1.7   1.4   1.0  11.3   14:00     S
25  20.9  26.4   18:30  15.7    6:30   0.5   3.1   4.2   1.1  12.9   14:30   NNW
26  18.3  21.3   18:00  16.6    4:30   0.6   0.5  25.4   1.0  16.1    3:00   NNW
27  20.9  27.2   18:00  16.8    2:30   0.4   3.1   0.0   1.0  14.5   14:30    NW
28  20.8  27.7   14:30  16.8    5:30   0.3   2.7   8.0   1.4  14.5   18:00   NNW
29  15.9  18.1    0:30  13.7   15:00   2.3   0.0 153.8   2.3  22.5   13:00   NNW
30  16.9  20.4   20:30  13.6    7:00   1.7   0.3   0.6   0.6   8.0    9:00    NW
31  21.9  28.4   16:30  14.2    6:00   0.9   4.5   0.2   1.1  12.9    8:00     N
-------------------------------------------------------------------------------------
    20.3  30.4    18    10.3     9    24.2  84.8 320.4   1.5  25.7     8     NNW

Max >=  32.0:  0
Max <=   0.0:  0
Min <=   0.0:  0
Min <= -18.0:  0
Max Rain: 153.80 ON 29/07/14
Days of Rain: 17 (> .2 mm) 13 (> 2 mm) 5 (> 20 mm)
Heat Base:  18.3  Cool Base:  18.3  Method: Integration