NOAA-Style Climate Reports

Select a Year or Month report
2022: Gen Feb Mar Apr Mag Giu Lug Ago Set Ott Nov Dic
2021: Gen Feb Mar Apr Mag Giu Lug Ago Set Ott Nov Dic
2020: Gen Feb Mar Apr Mag Giu Lug Ago Set Ott Nov Dic
2019: Gen Feb Mar Apr Mag Giu Lug Ago Set Ott Nov Dic
2018: Gen Feb Mar Apr Mag Giu Lug Ago Set Ott Nov Dic
2017: Gen Feb Mar Apr Mag Giu Lug Ago Set Ott Nov Dic
2016: Gen Feb Mar Apr Mag Giu Lug Ago Set Ott Nov Dic
2015: Gen Feb Mar Apr Mag Giu Lug Ago Set Ott Nov Dic
2014: Gen Feb Mar Apr Mag Giu Lug Ago Set Ott Nov Dic
2013: Gen Feb Mar Apr Mag Giu Lug Ago Set Ott Nov Dic
2012: Gen Feb Mar Apr Mag Giu Lug Ago Set Ott Nov Dic

Report for 2014 Agosto
                   MONTHLY CLIMATOLOGICAL SUMMARY for AUG. 2014

NAME: Meteozippo   CITY: Malnate   STATE: Italy 
ELEV:   383 m  LAT:  45° 42' 00" N  LONG:   8° 54' 00" E

                   TEMPERATURE (°C), RAIN  (mm), WIND SPEED (km/hr)

                                      HEAT  COOL        AVG
    MEAN                              DEG   DEG         WIND                 DOM
DAY TEMP  HIGH   TIME   LOW    TIME   DAYS  DAYS  RAIN  SPEED HIGH   TIME    DIR
------------------------------------------------------------------------------------
 1  21.3  26.3   18:30  19.2   11:00   0.0   3.0   6.0   1.4  12.9   13:00   NNW
 2  18.3  20.6   19:30  16.6   10:00   0.4   0.5  78.6   2.6  20.9   22:30   NNW
 3  18.2  23.1   18:30  15.9    6:30   1.0   0.8  30.8   1.8  17.7   11:00   NNW
 4  20.7  27.0   17:00  14.6    7:00   0.9   3.3   0.2   1.4  12.9   13:00     N
 5  21.9  27.3   17:00  16.9    6:30   0.2   3.8   0.0   1.3  12.9   13:30   NNE
 6  21.2  27.7   15:30  15.3    6:30   0.5   3.4   0.0   1.0  11.3   17:00    NW
 7  21.9  27.7   15:00  16.1    6:00   0.3   3.9   0.0   1.3  11.3   14:30   NNW
 8  22.4  27.5   17:30  18.8    5:00   0.0   4.1   2.6   1.1   9.7   13:00   NNW
 9  21.7  26.6   18:30  19.4    7:00   0.0   3.4  11.0   0.6  12.9   16:00     N
10  21.3  26.1   17:30  17.3    2:30   0.1   3.1  23.4   2.1  22.5    2:30   NNW
11  22.5  27.2   16:00  20.2    6:30   0.0   4.2   0.2   1.8  16.1   19:00   NNW
12  22.1  27.9   18:00  19.1   23:30   0.0   3.8  11.4   1.8  25.7   19:00   NNW
13  18.9  21.4   18:00  16.1   00:00   0.2   0.8  28.4   1.3  16.1   11:30   NNW
14  20.1  26.6   16:30  13.8    5:00   1.1   2.8   0.2   3.2  24.1   10:00   NNW
15  18.0  23.3   17:30  13.9    7:30   1.5   1.2   7.8   1.9  25.7    6:30   NNW
16  18.0  23.3   15:30  12.3    7:00   1.8   1.5   5.8   1.1  16.1   16:00     E
17  17.3  23.8   16:30  10.3    7:00   2.5   1.5   0.2   1.3  12.9   14:00   NNW
18  18.7  24.2   15:00  15.3   00:00   1.1   1.5   0.0   1.1  17.7   16:30     N
19  17.1  19.9   19:00  14.9    4:00   1.4   0.2   2.8   0.8  12.9   16:30   NNW
20  18.0  22.2   16:30  15.3   00:00   1.0   0.7   6.0   1.0  17.7   20:00   NNW
21  18.4  24.3   16:30  11.8    7:00   1.8   1.9   0.2   1.3  12.9   14:30   NNW
22  19.1  24.0   16:30  15.7    3:00   0.7   1.5   6.8   1.6  12.9   10:00   NNW
23  17.8  22.1   17:30  15.2   00:00   1.3   0.8  42.8   1.6  24.1    0:30   NNW
24  18.1  25.1   16:30  12.4    6:00   2.2   2.0   0.2   1.1  12.9   17:00   NNE
25  16.3  19.3   19:00  13.7    2:30   2.1   0.1  19.6   1.0  14.5   12:00   NNW
26  17.8  21.4   15:00  15.8    3:00   1.1   0.6   1.2   0.6  12.9   12:00   NNW
27  20.4  28.1   16:30  13.8    7:30   1.1   3.2   0.2   1.6  14.5   15:00   NNW
28  18.7  23.7   18:00  15.1    3:00   0.9   1.4   5.0   1.1   9.7   12:30   NNW
29  20.2  25.9   16:30  15.0    3:30   0.8   2.6   0.0   0.8  12.9   15:00     N
30  21.2  26.2   17:00  17.7    5:00   0.1   2.9   0.0   0.8  12.9   15:30   SSE
31  20.7  24.7   17:00  18.1    7:30   0.0   2.4   0.2   1.6  20.9   00:00   NNW
-------------------------------------------------------------------------------------
    19.6  28.1    27    10.3    17    26.1  67.2 291.6   1.4  25.7    12     NNW

Max >=  32.0:  0
Max <=   0.0:  0
Min <=   0.0:  0
Min <= -18.0:  0
Max Rain: 78.59 ON 02/08/14
Days of Rain: 25 (> .2 mm) 16 (> 2 mm) 5 (> 20 mm)
Heat Base:  18.3  Cool Base:  18.3  Method: Integration