NOAA-Style Climate Reports

Select a Year or Month report
2022: Gen Feb Mar Apr Mag Giu Lug Ago Set Ott Nov Dic
2021: Gen Feb Mar Apr Mag Giu Lug Ago Set Ott Nov Dic
2020: Gen Feb Mar Apr Mag Giu Lug Ago Set Ott Nov Dic
2019: Gen Feb Mar Apr Mag Giu Lug Ago Set Ott Nov Dic
2018: Gen Feb Mar Apr Mag Giu Lug Ago Set Ott Nov Dic
2017: Gen Feb Mar Apr Mag Giu Lug Ago Set Ott Nov Dic
2016: Gen Feb Mar Apr Mag Giu Lug Ago Set Ott Nov Dic
2015: Gen Feb Mar Apr Mag Giu Lug Ago Set Ott Nov Dic
2014: Gen Feb Mar Apr Mag Giu Lug Ago Set Ott Nov Dic
2013: Gen Feb Mar Apr Mag Giu Lug Ago Set Ott Nov Dic
2012: Gen Feb Mar Apr Mag Giu Lug Ago Set Ott Nov Dic

Report for 2014 Settembre
                   MONTHLY CLIMATOLOGICAL SUMMARY for SEP. 2014

NAME: Meteozippo   CITY: Malnate   STATE: Italy 
ELEV:   387 m  LAT:  45° 47' 24" N  LONG:   8° 54' 13" E

                   TEMPERATURE (°C), RAIN  (mm), WIND SPEED (km/hr)

                                      HEAT  COOL        AVG
    MEAN                              DEG   DEG         WIND                 DOM
DAY TEMP  HIGH   TIME   LOW    TIME   DAYS  DAYS  RAIN  SPEED HIGH   TIME    DIR
------------------------------------------------------------------------------------
 1  20.5  24.3   16:00  16.6    7:30   0.1   2.3   0.0   8.2  41.8   17:00   NNW
 2  18.9  25.8   16:30  11.8    7:30   1.7   2.3   0.0   2.9  20.9    1:00   NNW
 3  16.3  21.0   14:00  10.8    5:30   2.5   0.5   0.0   0.8   9.7   23:00     N
 4  18.7  24.2   12:00  13.9    3:00   1.1   1.5   0.0   1.1  11.3   10:00     N
 5  18.4  23.9   17:30  15.8   00:00   0.8   1.0   2.4   0.5  12.9   22:00   NNW
 6  19.8  26.2   16:30  15.2    6:00   1.0   2.5   0.0   0.8  12.9   15:30   NNW
 7  20.6  25.9   16:30  16.5    7:30   0.3   2.5   0.0   1.0  11.3   16:30   NNW
 8  21.6  26.8   16:00  17.6    4:00   0.1   3.3   0.0   1.0  14.5   15:30   NNW
 9  19.6  24.9   12:30  16.4   00:00   0.3   1.6   5.2   1.3  14.5   17:30   NNW
10  18.6  23.6   16:30  15.1    6:30   1.1   1.4   0.2   1.0  12.9   13:00     N
11  18.3  23.3   17:30  15.2    5:00   1.1   1.2   0.0   1.3  14.5   14:00    SW
12  17.6  24.2   15:00  11.3    7:00   2.1   1.4   0.0   1.6  16.1   10:00   NNW
13  17.1  24.2   16:05  11.0    7:30   2.7   1.5   0.0   1.0  14.5   14:10   SSE
14  17.2  23.8   16:05  11.7    6:25   2.5   1.3   0.0   1.0  12.9   15:20   NNE
15  18.2  23.8   15:05  13.1    7:25   1.5   1.3   0.3   0.6  11.3   14:30   NNW
16  18.3  23.6   15:10  14.9    4:05   1.3   1.3   0.0   0.6  11.3   15:10     N
17  18.3  21.8   16:35  15.4    5:45   0.9   1.0   0.0   0.3   9.7   10:25   WNW
18  16.6  17.9   13:10  15.4   22:30   1.7   0.0   0.5   0.8  11.3   15:45   NNW
19  16.2  17.7   17:05  15.2    4:45   2.1   0.0  19.8   0.8   9.7   14:50   NNW
20  17.8  22.2   15:35  15.9    2:00   1.2   0.7   0.0   0.0   4.8    1:55   NNW
21  18.6  24.1   15:35  14.1    6:40   1.3   1.6   0.3   0.0   0.0     ---   ---
22  19.4  25.4   15:55  13.2    3:25   1.1   2.2   0.3   5.0  33.8   21:35   NNW
23  14.8  20.9   15:20   8.2    7:45   3.9   0.4   0.0   1.1  27.4    0:20   NNW
24  13.8  19.4   13:15   8.7    6:15   4.6   0.1   0.0   0.0   1.6   22:20    SW
25  14.9  21.8   16:15  10.2    2:30   4.1   0.7   0.0   1.0  12.9   12:30   SSW
26  14.5  20.5   14:30  10.1    4:10   4.2   0.4   0.0   1.0  12.9   14:50   NNW
27  16.0  23.9   15:30  10.1    7:50   3.6   1.3   0.3   0.8  14.5   13:55     N
28  16.8  22.6   15:55  12.9    1:50   2.4   0.9   0.0   0.0   0.0     ---   ---
29  16.6  23.3   15:35  11.6    6:00   2.9   1.2   0.3   0.0   0.0     ---   ---
30  16.8  20.6   16:25  13.5    2:00   1.9   0.4   1.0   0.0   4.8   18:20   SSW
-------------------------------------------------------------------------------------
    17.7  26.8     8     8.2    23    56.1  38.0  30.4   1.2  41.8     1     NNW

Max >=  32.0:  0
Max <=   0.0:  0
Min <=   0.0:  0
Min <= -18.0:  0
Max Rain: 19.81 ON 19/09/14
Days of Rain: 11 (> .2 mm) 3 (> 2 mm) 0 (> 20 mm)
Heat Base:  18.3  Cool Base:  18.3  Method: Integration