NOAA-Style Climate Reports

Select a Year or Month report
2022: Gen Feb Mar Apr Mag Giu Lug Ago Set Ott Nov Dic
2021: Gen Feb Mar Apr Mag Giu Lug Ago Set Ott Nov Dic
2020: Gen Feb Mar Apr Mag Giu Lug Ago Set Ott Nov Dic
2019: Gen Feb Mar Apr Mag Giu Lug Ago Set Ott Nov Dic
2018: Gen Feb Mar Apr Mag Giu Lug Ago Set Ott Nov Dic
2017: Gen Feb Mar Apr Mag Giu Lug Ago Set Ott Nov Dic
2016: Gen Feb Mar Apr Mag Giu Lug Ago Set Ott Nov Dic
2015: Gen Feb Mar Apr Mag Giu Lug Ago Set Ott Nov Dic
2014: Gen Feb Mar Apr Mag Giu Lug Ago Set Ott Nov Dic
2013: Gen Feb Mar Apr Mag Giu Lug Ago Set Ott Nov Dic
2012: Gen Feb Mar Apr Mag Giu Lug Ago Set Ott Nov Dic

Report for 2014 Novembre
                   MONTHLY CLIMATOLOGICAL SUMMARY for NOV. 2014

NAME: Meteozippo   CITY: Malnate   STATE: Italy 
ELEV:   387 m  LAT:  45° 47' 24" N  LONG:   8° 54' 13" E

                   TEMPERATURE (°C), RAIN  (mm), WIND SPEED (km/hr)

                                      HEAT  COOL        AVG
    MEAN                              DEG   DEG         WIND                 DOM
DAY TEMP  HIGH   TIME   LOW    TIME   DAYS  DAYS  RAIN  SPEED HIGH   TIME    DIR
------------------------------------------------------------------------------------
 1  10.4  18.9   13:50   5.3    7:45   7.9   0.0   0.0   0.6  11.3   14:05   NNW
 2  10.5  18.8   13:55   5.3    7:35   7.8   0.0   0.3   0.6  11.3   13:40    SE
 3  11.1  14.2   13:30   7.0    0:55   7.2   0.0   4.3   1.6  14.5   19:40     N
 4  12.1  14.7   15:15  10.8    6:15   6.2   0.0  57.4   3.1  27.4   15:10     N
 5  13.1  13.7   16:25  12.4    1:10   5.2   0.0  65.8   3.9  30.6    0:40   NNW
 6   9.7  13.1    0:05   6.7   23:55   8.6   0.0  22.1   1.6  14.5    9:10    NW
 7  10.7  15.8   14:35   6.4    0:40   7.6   0.0   0.3   0.8   9.7    9:45     N
 8  11.9  18.2   13:15   7.2    4:40   6.4   0.0   0.5   0.6   9.7   15:00     N
 9  12.9  15.4   14:15  11.6    6:10   5.3   0.0  14.2   0.5   9.7   20:50   NNW
10  11.2  12.5    0:05  10.2   18:30   7.1   0.0  75.7   1.4  17.7   18:35   NNW
11  11.9  12.8   20:40  10.8    0:05   6.4   0.0  22.9   1.4  14.5   17:50     N
12  11.3  12.6    0:55   9.8   23:30   7.0   0.0  66.5   2.1  20.9   22:05   NNW
13  11.1  17.2   14:25   7.6   00:00   7.2   0.0   2.3   1.1  17.7    1:10    NW
14  11.6  15.7   14:20   7.6    0:30   6.7   0.0   2.5   0.5   8.0   11:15   NNW
15  10.8  12.2    2:50   7.6   20:30   7.5   0.0 103.4   3.7  29.0    9:35   NNW
16   9.4  14.8   14:00   6.8    7:05   8.8   0.0   3.6   1.8  17.7    1:15   NNW
17   7.8   9.7   11:15   6.3   22:20  10.5   0.0  22.9   1.9  17.7   15:35   NNW
18   6.9  12.7   14:25   2.8    7:10  11.4   0.0   1.0   0.6   9.7   12:40   SSE
19   6.3  13.9   14:05   1.3    7:25  12.0   0.0   0.3   0.8   8.0    8:05   SSW
20   6.1  13.2   14:10   2.0    2:15  12.2   0.0   0.0   0.6   8.0   13:50   NNE
21   5.7  12.8   12:30   1.3    5:50  12.7   0.0   0.3   0.5  11.3   14:45     N
22   5.9  13.2   14:05   1.4    8:00  12.4   0.0   0.3   0.5  11.3   12:55    SE
23   7.1  14.3   13:55   2.5    4:55  11.3   0.0   0.3   0.5   8.0    5:05   SSE
24   8.2  13.8   13:25   4.9    5:15  10.1   0.0   0.0   0.2   6.4   13:05     S
25   9.5  13.0   13:05   6.6    8:35   8.8   0.0   1.3   0.2   9.7   14:40   WNW
26   7.8   8.8    0:05   6.4   23:45  10.5   0.0   3.0   0.3   8.0    0:20   SSE
27   6.5   7.2   13:25   5.8    7:20  11.8   0.0   5.8   0.2   8.0   14:15   SSE
28   8.2   9.4   23:55   6.9    0:05  10.1   0.0  18.5   0.5   9.7   00:00   NNW
29  10.6  13.4   14:15   9.2   19:30   7.7   0.0   2.8   1.3  14.5    0:05   NNW
30  10.8  11.6   13:05  10.1    5:00   7.5   0.0   9.4   1.3  14.5   22:50   NNW
-------------------------------------------------------------------------------------
     9.6  18.9     1     1.3    21   262.0   0.0 507.5   1.2  30.6     5     NNW

Max >=  32.0:  0
Max <=   0.0:  0
Min <=   0.0:  0
Min <= -18.0:  0
Max Rain: 103.38 ON 15/11/14
Days of Rain: 27 (> .2 mm) 18 (> 2 mm) 8 (> 20 mm)
Heat Base:  18.3  Cool Base:  18.3  Method: Integration