NOAA-Style Climate Reports

Select a Year or Month report
2022: Gen Feb Mar Apr Mag Giu Lug Ago Set Ott Nov Dic
2021: Gen Feb Mar Apr Mag Giu Lug Ago Set Ott Nov Dic
2020: Gen Feb Mar Apr Mag Giu Lug Ago Set Ott Nov Dic
2019: Gen Feb Mar Apr Mag Giu Lug Ago Set Ott Nov Dic
2018: Gen Feb Mar Apr Mag Giu Lug Ago Set Ott Nov Dic
2017: Gen Feb Mar Apr Mag Giu Lug Ago Set Ott Nov Dic
2016: Gen Feb Mar Apr Mag Giu Lug Ago Set Ott Nov Dic
2015: Gen Feb Mar Apr Mag Giu Lug Ago Set Ott Nov Dic
2014: Gen Feb Mar Apr Mag Giu Lug Ago Set Ott Nov Dic
2013: Gen Feb Mar Apr Mag Giu Lug Ago Set Ott Nov Dic
2012: Gen Feb Mar Apr Mag Giu Lug Ago Set Ott Nov Dic

Report for 2014 Dicembre
                   MONTHLY CLIMATOLOGICAL SUMMARY for DEC. 2014

NAME: Meteozippo   CITY: Malnate   STATE: Italy 
ELEV:   387 m  LAT:  45° 47' 24" N  LONG:   8° 54' 13" E

                   TEMPERATURE (°C), RAIN  (mm), WIND SPEED (km/hr)

                                      HEAT  COOL        AVG
    MEAN                              DEG   DEG         WIND                 DOM
DAY TEMP  HIGH   TIME   LOW    TIME   DAYS  DAYS  RAIN  SPEED HIGH   TIME    DIR
------------------------------------------------------------------------------------
 1  11.4  14.0   12:35  10.6    8:40   6.9   0.0  35.6   1.3  12.9   11:20   NNW
 2  10.6  12.0   13:20   9.3   23:30   7.7   0.0   0.5   0.2   6.4   17:40    SE
 3   9.2  10.8   12:40   8.2   23:50   9.1   0.0   2.3   0.6  11.3   13:30   SSE
 4   8.3   9.5   15:00   7.4    5:40  10.0   0.0   0.8   0.0   3.2    1:25   SSW
 5   8.6  10.7   14:25   5.6    8:25   9.7   0.0   0.5   0.2   6.4   10:00    NW
 6   9.4  13.5   14:00   7.1   22:35   8.9   0.0   0.3   0.3   8.0   12:20    NW
 7   7.1  10.2   12:40   3.1   23:50  11.2   0.0   0.0   0.3  12.9   10:00   ESE
 8   5.2  11.7   12:10   1.1    8:30  13.1   0.0   0.3   0.5  11.3   13:20   NNW
 9   6.4  10.9   14:45   1.4   00:00  11.9   0.0   0.3   1.8  22.5   16:15   NNW
10   4.0   8.6   11:05   0.3    2:15  14.3   0.0   0.0   0.5   9.7    4:15   NNE
11   2.3   9.3   14:00  -1.7    7:55  16.0   0.0   0.0   0.3   8.0   12:35    SE
12   3.4  10.2   12:50  -1.4    4:05  14.9   0.0   0.3   0.5  11.3   23:10    NE
13   5.7   6.2   14:35   4.8    8:35  12.6   0.0   0.5   0.3   8.0    2:40     E
14   6.6   7.7   13:55   5.3    1:20  11.8   0.0   8.1   0.2   6.4   14:25     E
15   7.7   8.6   14:35   6.9    2:10  10.6   0.0   9.9   0.0   3.2    3:30   NNE
16   7.3   8.8   14:45   3.9   23:30  11.0   0.0  16.5   0.3  12.9   12:25   NNW
17   5.1   9.1   14:30   1.4    5:10  13.2   0.0   0.3   0.5  12.9    5:30     N
18   5.1  11.2   14:35   1.6    5:55  13.3   0.0   0.0   0.5   9.7   13:10     N
19   5.3  13.0   14:45   0.6    8:25  12.9   0.0   0.3   0.3   8.0   11:35     S
20   3.9   9.9   11:30   0.7   20:35  14.3   0.0   0.3   0.6  12.9   22:45   SSE
21   7.4  12.4   13:50   0.8   00:00  10.9   0.0   0.3   1.3  29.0    3:10    NW
22   3.9  13.1   14:00  -1.3    8:10  14.3   0.0   0.0   0.3   8.0   14:25   SSW
23   3.9  12.8   14:05  -1.2    7:35  14.4   0.0   0.3   0.3   9.7    7:45    NE
24   4.5   8.9   13:55   0.5    3:00  13.8   0.0   0.3   0.3   8.0    7:15     N
25   4.5  11.1   13:30   0.4    8:10  13.8   0.0   0.0   0.5  19.3   23:50    NW
26   7.5  10.4   13:15   3.3   00:00  10.8   0.0   0.0   5.6  35.4    1:20   NNW
27   0.1   3.3    0:05  -3.4   23:40  18.2   0.0   0.5   0.5   6.4    9:00     N
28   3.5   8.7   13:35  -3.3    0:10  14.8   0.0   0.3   6.3  43.5   19:45   NNW
29   5.4   8.5   14:20   0.1   20:40  12.9   0.0   0.0   5.8  33.8   22:40   NNW
30   1.6   4.9   13:45  -3.9   00:00  16.7   0.0   0.0   2.4  30.6    1:45   NNW
31  -2.1   2.7   13:10  -5.3    5:50  20.4   0.0   0.0   0.6  11.3   11:10   SSE
-------------------------------------------------------------------------------------
     5.6  14.0     1    -5.3    31   394.8   0.0  78.0   1.1  43.5    28     NNW

Max >=  32.0:  0
Max <=   0.0:  0
Min <=   0.0:  8
Min <= -18.0:  0
Max Rain: 35.56 ON 01/12/14
Days of Rain: 21 (> .2 mm) 5 (> 2 mm) 1 (> 20 mm)
Heat Base:  18.3  Cool Base:  18.3  Method: Integration