NOAA-Style Climate Reports

Select a Year or Month report
2022: Gen Feb Mar Apr Mag Giu Lug Ago Set Ott Nov Dic
2021: Gen Feb Mar Apr Mag Giu Lug Ago Set Ott Nov Dic
2020: Gen Feb Mar Apr Mag Giu Lug Ago Set Ott Nov Dic
2019: Gen Feb Mar Apr Mag Giu Lug Ago Set Ott Nov Dic
2018: Gen Feb Mar Apr Mag Giu Lug Ago Set Ott Nov Dic
2017: Gen Feb Mar Apr Mag Giu Lug Ago Set Ott Nov Dic
2016: Gen Feb Mar Apr Mag Giu Lug Ago Set Ott Nov Dic
2015: Gen Feb Mar Apr Mag Giu Lug Ago Set Ott Nov Dic
2014: Gen Feb Mar Apr Mag Giu Lug Ago Set Ott Nov Dic
2013: Gen Feb Mar Apr Mag Giu Lug Ago Set Ott Nov Dic
2012: Gen Feb Mar Apr Mag Giu Lug Ago Set Ott Nov Dic

Report for 2015 Gennaio
                   MONTHLY CLIMATOLOGICAL SUMMARY for JAN. 2015

NAME: Meteozippo   CITY: Malnate   STATE: Italy 
ELEV:   387 m  LAT:  45° 47' 24" N  LONG:   8° 54' 13" E

                   TEMPERATURE (°C), RAIN  (mm), WIND SPEED (km/hr)

                                      HEAT  COOL        AVG
    MEAN                              DEG   DEG         WIND                 DOM
DAY TEMP  HIGH   TIME   LOW    TIME   DAYS  DAYS  RAIN  SPEED HIGH   TIME    DIR
------------------------------------------------------------------------------------
 1  -0.3   6.8   14:45  -4.7    3:20  18.6   0.0   0.0   0.5   8.0    5:20   SSE
 2   1.8  10.2   14:15  -3.3    8:15  16.4   0.0   0.3   0.2   6.4    7:45   SSE
 3   4.3  10.3   14:50   0.4   23:50  14.0   0.0   0.0   0.6  12.9    3:10   NNW
 4  11.1  15.5   12:05   0.2    0:15   7.3   0.0   0.0   8.9  37.0   12:55   NNW
 5   5.3  12.5   14:30  -0.3    8:30  13.0   0.0   0.0   1.1  20.9    0:35   SSW
 6   2.5   8.1   13:20  -0.9   23:45  15.8   0.0   0.0   1.0  16.1   11:20    SE
 7   3.1   8.4   14:40  -0.9    0:05  15.2   0.0   0.0   1.3   9.7   12:50   SSE
 8   4.1   9.1   14:20   0.8   00:00  14.2   0.0   0.0   1.3  11.3    6:10   NNW
 9   3.8  11.3   14:20  -1.0    7:25  14.5   0.0   0.0   0.8  12.9   14:55    NW
10   8.8  17.2   15:20   3.2    0:05   9.5   0.0   0.0   0.8   8.0    3:15    SE
11   7.5  15.6   12:20   2.2    7:05  10.8   0.0   0.3   5.0  43.5   12:25   NNW
12   6.1  13.2   12:50   0.8    8:25  12.2   0.0   0.0   1.9  27.4    0:05   NNW
13   4.4   6.7   14:25  -0.3    5:05  13.8   0.0   0.0   1.1   9.7    5:50   NNW
14   5.1   9.6   14:50   1.1   22:15  13.2   0.0   0.0   0.6   8.0   13:05   NNW
15   3.8   6.5   13:10  -0.3    6:30  14.5   0.0   0.3   0.6   9.7   14:15     N
16   5.1   7.3   20:35   4.5    3:00  13.2   0.0  38.1   0.8  14.5   20:10    NW
17   6.7   9.9   12:20   3.8   18:35  11.7   0.0  22.4   2.3  22.5   20:00    NW
18   3.3   8.8   14:00   0.1    6:10  15.0   0.0   0.3   1.1  12.9    1:20    SW
19   3.3   7.9   14:55  -0.6    6:20  15.0   0.0   0.3   0.6   9.7    3:35   NNW
20   3.3   7.7   14:25  -1.0   23:45  15.0   0.0   0.0   0.5   9.7   11:55     N
21   1.2   3.2   10:00  -1.3    2:45  17.1   0.0  28.2   0.8  11.3    7:10     N
22   2.9   6.3   14:55   1.2    2:40  15.3   0.0  15.5   1.3  11.3    6:30     N
23   5.7  13.9   14:10   0.6    7:00  12.6   0.0   0.3   1.4  17.7   18:25   NNW
24   5.3  12.4   14:50  -1.1    8:00  13.0   0.0   0.3   3.9  43.5   20:45    NW
25   7.3   9.5   12:55   5.1   23:50  11.0   0.0   0.0  13.7  43.5    7:45   NNW
26   2.6   7.8   12:10  -2.2    8:00  15.7   0.0   0.0   1.3  20.9    0:30   SSW
27   3.1  10.2   15:40  -3.2    6:10  15.2   0.0   0.0   2.6  25.7   17:20   NNW
28   3.4   9.6   14:25  -1.9   00:00  14.8   0.0   0.0   1.8  22.5    7:10   NNW
29   2.3   6.4   13:00  -1.9    0:05  16.0   0.0   0.0   1.4  11.3    7:35     N
30   2.4   7.9   15:10  -1.1   20:30  15.8   0.0   2.5   1.8  30.6   12:50   NNW
31   1.2   6.0   13:45  -3.4    7:45  17.1   0.0   0.0   1.3  12.9    3:30   ENE
-------------------------------------------------------------------------------------
     4.2  17.2    10    -4.7     1   436.7   0.0 108.5   2.0  43.5    11     NNW

Max >=  32.0:  0
Max <=   0.0:  0
Min <=   0.0: 18
Min <= -18.0:  0
Max Rain: 38.10 ON 16/01/15
Days of Rain: 12 (> .2 mm) 5 (> 2 mm) 3 (> 20 mm)
Heat Base:  18.3  Cool Base:  18.3  Method: Integration