NOAA-Style Climate Reports

Select a Year or Month report
2022: Gen Feb Mar Apr Mag Giu Lug Ago Set Ott Nov Dic
2021: Gen Feb Mar Apr Mag Giu Lug Ago Set Ott Nov Dic
2020: Gen Feb Mar Apr Mag Giu Lug Ago Set Ott Nov Dic
2019: Gen Feb Mar Apr Mag Giu Lug Ago Set Ott Nov Dic
2018: Gen Feb Mar Apr Mag Giu Lug Ago Set Ott Nov Dic
2017: Gen Feb Mar Apr Mag Giu Lug Ago Set Ott Nov Dic
2016: Gen Feb Mar Apr Mag Giu Lug Ago Set Ott Nov Dic
2015: Gen Feb Mar Apr Mag Giu Lug Ago Set Ott Nov Dic
2014: Gen Feb Mar Apr Mag Giu Lug Ago Set Ott Nov Dic
2013: Gen Feb Mar Apr Mag Giu Lug Ago Set Ott Nov Dic
2012: Gen Feb Mar Apr Mag Giu Lug Ago Set Ott Nov Dic

Report for 2015 Marzo
                   MONTHLY CLIMATOLOGICAL SUMMARY for MAR. 2015

NAME: Meteozippo   CITY: Malnate   STATE: Italy 
ELEV:   387 m  LAT:  45° 47' 24" N  LONG:   8° 54' 13" E

                   TEMPERATURE (°C), RAIN  (mm), WIND SPEED (km/hr)

                                      HEAT  COOL        AVG
    MEAN                              DEG   DEG         WIND                 DOM
DAY TEMP  HIGH   TIME   LOW    TIME   DAYS  DAYS  RAIN  SPEED HIGH   TIME    DIR
------------------------------------------------------------------------------------
 1   6.7  13.4   14:50   1.3    3:05  11.6   0.0   0.0   1.3  17.7   13:25   SSE
 2   8.7  13.3   15:35   3.8    0:25   9.6   0.0   0.0   2.4  25.7   21:45     N
 3   9.7  15.3   12:30   4.3   00:00   8.6   0.0   0.0   2.4  19.3    0:05    SE
 4   7.4  13.2   13:50   1.3    6:50  10.8   0.0   0.0   6.1  49.9   21:00   NNW
 5   8.8  11.1   13:15   7.3    6:25   9.5   0.0   0.0  14.6  51.5    2:00   NNW
 6   6.3  13.3   15:15  -0.8    7:20  12.0   0.0   0.0   2.1  27.4    0:55    SE
 7   4.3  11.3   15:40  -1.3    7:05  14.0   0.0   0.0   1.0  12.9   13:25   SSW
 8   5.9  13.7   15:50  -0.8    7:15  12.4   0.0   0.0   1.6  12.9   12:25   NNE
 9   5.1  12.3   15:15  -0.1    5:10  13.2   0.0   0.0   1.3  16.1   15:15   SSE
10   7.8  16.9   15:25  -0.4    6:45  10.5   0.0   0.0   1.1  14.5   15:15   SSE
11  11.0  18.9   16:00   3.3    7:10   7.3   0.0   0.0   1.8  19.3   14:00   SSE
12   7.8  14.4   15:00   1.6    7:15  10.5   0.0   0.0   1.6  16.1    9:25   SSE
13   7.6  14.6   14:00   0.6    6:40  10.7   0.0   0.0   1.6  17.7   13:35   SSE
14   7.7  10.4   15:40   4.1   23:00  10.6   0.0   0.0   0.6  11.3    0:05   NNE
15   7.5  10.6   14:10   4.4    0:05  10.8   0.0   3.6   1.3  12.9   11:15    NW
16   5.8   7.4   16:55   4.5    4:50  12.5   0.0  11.2   0.3   9.7   22:45    NW
17   7.9  11.4   17:25   6.0   23:50  10.4   0.0   7.4   0.5   9.7   14:55    NW
18   8.9  14.7   15:00   3.7    6:45   9.4   0.0   0.0   1.3  12.9   11:30   SSE
19  10.2  15.4   14:15   5.9    0:05   8.2   0.0   0.0   0.8  16.1   13:45     S
20  10.6  14.4   14:20   8.3    6:15   7.7   0.0   0.0   0.6  14.5   16:30   SSE
21   9.7  12.5   15:45   7.5   23:55   8.6   0.0   0.5   0.2   8.0   12:55   NNW
22   7.4   9.0   16:35   6.0    7:15  10.9   0.0   7.6   0.8  11.3    8:05   NNW
23  10.0  16.3   15:00   4.1    6:15   8.3   0.0   0.0   1.1  19.3   12:30   NNW
24   9.1  11.6   12:35   7.7   23:25   9.2   0.0   3.0   1.1   9.7    7:50   NNW
25   9.0  12.1   14:25   7.1    4:20   9.3   0.0   7.4   2.6  19.3    8:05   NNW
26  10.4  14.3   11:40   7.7    4:35   7.8   0.0   1.0   0.6   8.0   11:00     N
27  12.7  17.3   12:35   7.2    6:00   5.6   0.0   0.0   8.5  41.8    8:55   NNW
28  12.7  19.1   15:45   4.3    6:45   5.6   0.0   0.0   3.1  27.4    0:05   SSE
29  11.4  18.6   16:55   4.2    6:20   6.6   0.0   0.0   1.3  14.5   12:10   SSE
30  12.8  21.1   15:25   5.0    6:45   5.8   0.2   0.0   4.0  29.0   20:05   NNW
31  15.9  23.5   17:45   7.9    6:50   3.4   1.0   0.0   5.8  41.8   21:10   NNW
-------------------------------------------------------------------------------------
     8.9  23.5    31    -1.3     7   291.1   1.3  41.7   2.4  51.5     5     NNW

Max >=  32.0:  0
Max <=   0.0:  0
Min <=   0.0:  5
Min <= -18.0:  0
Max Rain: 11.18 ON 16/03/15
Days of Rain: 8 (> .2 mm) 6 (> 2 mm) 0 (> 20 mm)
Heat Base:  18.3  Cool Base:  18.3  Method: Integration