NOAA-Style Climate Reports

Select a Year or Month report
2022: Gen Feb Mar Apr Mag Giu Lug Ago Set Ott Nov Dic
2021: Gen Feb Mar Apr Mag Giu Lug Ago Set Ott Nov Dic
2020: Gen Feb Mar Apr Mag Giu Lug Ago Set Ott Nov Dic
2019: Gen Feb Mar Apr Mag Giu Lug Ago Set Ott Nov Dic
2018: Gen Feb Mar Apr Mag Giu Lug Ago Set Ott Nov Dic
2017: Gen Feb Mar Apr Mag Giu Lug Ago Set Ott Nov Dic
2016: Gen Feb Mar Apr Mag Giu Lug Ago Set Ott Nov Dic
2015: Gen Feb Mar Apr Mag Giu Lug Ago Set Ott Nov Dic
2014: Gen Feb Mar Apr Mag Giu Lug Ago Set Ott Nov Dic
2013: Gen Feb Mar Apr Mag Giu Lug Ago Set Ott Nov Dic
2012: Gen Feb Mar Apr Mag Giu Lug Ago Set Ott Nov Dic

Report for 2015 Aprile
                   MONTHLY CLIMATOLOGICAL SUMMARY for APR. 2015

NAME: Meteozippo   CITY: Malnate   STATE: Italy 
ELEV:   387 m  LAT:  45° 47' 24" N  LONG:   8° 54' 13" E

                   TEMPERATURE (°C), RAIN  (mm), WIND SPEED (km/hr)

                                      HEAT  COOL        AVG
    MEAN                              DEG   DEG         WIND                 DOM
DAY TEMP  HIGH   TIME   LOW    TIME   DAYS  DAYS  RAIN  SPEED HIGH   TIME    DIR
------------------------------------------------------------------------------------
 1  12.8  15.4   15:55  10.1   22:55   5.5   0.0   0.0  10.8  45.1    1:15   NNW
 2  11.7  18.1   18:30   2.2    7:40   6.6   0.0   0.0   4.0  37.0    0:40   NNW
 3  12.2  15.9   16:10   8.3    7:30   6.1   0.0   0.0   3.2  22.5    1:05   SSE
 4   9.5  13.1   14:20   7.3    8:00   8.8   0.0   0.0   1.4  12.9   10:35   SSE
 5   7.1  10.7   17:25   2.1   00:00  11.2   0.0   0.0   1.4  19.3   11:20   SSE
 6   7.4  14.8   16:40  -0.7    6:10  10.9   0.0   0.0   3.9  38.6   17:05   NNW
 7  10.1  16.3   14:50   3.7   00:00   8.2   0.0   0.0   4.7  24.1    6:50   NNW
 8  10.1  19.5   16:30   0.6    7:10   8.3   0.1   0.0   2.1  20.9   14:45   SSE
 9  12.3  20.1   17:05   4.3    5:35   6.2   0.2   0.0   1.8  16.1   13:30    SE
10  12.6  20.8   16:35   4.4    7:00   6.0   0.3   0.0   1.6  17.7   18:10   SSE
11  12.9  19.4   17:10   6.5    3:15   5.5   0.1   0.0   1.9  22.5   17:55   SSE
12  13.6  21.5   16:25   5.8    5:10   5.3   0.6   0.0   1.6  19.3   14:25   SSE
13  16.7  25.1   16:35   8.2    4:35   3.5   1.9   0.0   2.3  17.7   15:25   NNW
14  20.1  25.6   17:25  12.3   00:00   0.7   2.4   0.0   4.7  24.1   15:30   NNW
15  16.2  24.2   15:55   7.5    6:55   3.8   1.7   0.0   1.9  24.1   13:30     N
16  14.8  20.3   13:05   8.3    6:45   3.8   0.2   0.0   1.4  14.5   11:10   SSE
17  12.7  16.3   17:05   9.3   00:00   5.6   0.0   4.8   1.0  14.5    7:55    SE
18  12.7  19.8   14:20   6.9    6:30   5.8   0.2   1.8   2.4  24.1   22:30    SE
19  10.1  15.8   17:10   5.3   00:00   8.2   0.0   0.0   1.9  17.7    0:30    SE
20  11.5  19.9   17:45   2.8    6:15   7.0   0.2   0.0   2.1  17.7   15:20    SE
21  14.9  23.2   16:10   5.6    6:55   4.8   1.5   0.0   2.1  22.5   13:25    SE
22  16.7  25.2   15:55   7.8    5:55   3.8   2.2   0.0   2.1  20.9   16:35   SSE
23  14.8  21.3   16:40   8.1    7:00   4.1   0.6   0.0   2.3  19.3   14:40   SSE
24  14.7  21.7   16:30   6.8    6:40   4.3   0.7   0.0   1.9  19.3   16:35   SSE
25  12.9  15.8    0:05  11.2   19:35   5.3   0.0   2.0   1.0   8.0   16:05   NNW
26  12.7  15.6   15:40  11.2    0:05   5.6   0.0  25.4   0.6  12.9   22:40   NNW
27  12.2  13.0   16:10  11.2   22:45   6.2   0.0  74.9   1.6  12.9    6:50   NNW
28  14.9  20.9   14:50  10.3    7:00   3.8   0.4   1.8   6.3  40.2   20:10    NW
29  13.9  18.6   16:05   8.3    6:35   4.4   0.0  26.4   3.2  29.0    0:05    NW
30  13.0  18.7   15:50   8.1    7:35   5.3   0.0  28.2   2.6  19.3    0:50    NW
-------------------------------------------------------------------------------------
    12.9  25.6    14    -0.7     6   174.2  13.3 165.4   2.7  45.1     1     SSE

Max >=  32.0:  0
Max <=   0.0:  0
Min <=   0.0:  1
Min <= -18.0:  0
Max Rain: 74.93 ON 27/04/15
Days of Rain: 8 (> .2 mm) 6 (> 2 mm) 4 (> 20 mm)
Heat Base:  18.3  Cool Base:  18.3  Method: Integration