NOAA-Style Climate Reports

Select a Year or Month report
2022: Gen Feb Mar Apr Mag Giu Lug Ago Set Ott Nov Dic
2021: Gen Feb Mar Apr Mag Giu Lug Ago Set Ott Nov Dic
2020: Gen Feb Mar Apr Mag Giu Lug Ago Set Ott Nov Dic
2019: Gen Feb Mar Apr Mag Giu Lug Ago Set Ott Nov Dic
2018: Gen Feb Mar Apr Mag Giu Lug Ago Set Ott Nov Dic
2017: Gen Feb Mar Apr Mag Giu Lug Ago Set Ott Nov Dic
2016: Gen Feb Mar Apr Mag Giu Lug Ago Set Ott Nov Dic
2015: Gen Feb Mar Apr Mag Giu Lug Ago Set Ott Nov Dic
2014: Gen Feb Mar Apr Mag Giu Lug Ago Set Ott Nov Dic
2013: Gen Feb Mar Apr Mag Giu Lug Ago Set Ott Nov Dic
2012: Gen Feb Mar Apr Mag Giu Lug Ago Set Ott Nov Dic

Report for 2015 Maggio
                   MONTHLY CLIMATOLOGICAL SUMMARY for MAY. 2015

NAME: Meteozippo   CITY: Malnate   STATE: Italy 
ELEV:   387 m  LAT:  45° 47' 24" N  LONG:   8° 54' 13" E

                   TEMPERATURE (°C), RAIN  (mm), WIND SPEED (km/hr)

                                      HEAT  COOL        AVG
    MEAN                              DEG   DEG         WIND                 DOM
DAY TEMP  HIGH   TIME   LOW    TIME   DAYS  DAYS  RAIN  SPEED HIGH   TIME    DIR
------------------------------------------------------------------------------------
 1  11.8  12.7   13:50  10.9    0:55   6.5   0.0   4.3   0.8   8.0   11:20   NNW
 2  15.7  21.9   15:20   8.6    5:40   3.5   0.9   9.7   1.8  17.7   13:40     N
 3  14.9  16.0   17:20  14.1    6:15   3.4   0.0   4.1   0.2   6.4    1:25   NNW
 4  16.1  18.9   17:45  14.2    5:50   2.2   0.0   0.3   0.5   6.4    4:15   NNW
 5  17.8  22.1   16:30  14.0    5:35   1.5   1.0   0.0   0.8   9.7   15:25     N
 6  18.1  23.5   19:30  13.1   23:55   1.4   1.3   0.5   1.3  19.3   13:00   SSE
 7  17.3  24.2   17:10   9.3    5:50   2.7   1.7   0.0   1.4  19.3   10:30     N
 8  16.7  22.1   15:30  13.7    2:40   2.0   0.4   8.1   2.4  17.7   19:00   NNW
 9  18.7  25.8   14:40  10.6    6:40   2.0   2.4   0.0   2.9  25.7   18:00   NNW
10  19.6  26.7   17:30  12.1    7:00   1.7   3.0   0.0   1.8  14.5   17:55   NNW
11  19.2  26.4   18:00  11.2    6:05   1.9   2.8   0.0   1.8  19.3   15:05     N
12  19.4  25.9   17:00  11.9    6:10   1.7   2.8   0.0   1.1  16.1   13:50    SW
13  20.0  26.3   16:25  14.0    4:35   1.1   2.8   0.0   1.4  16.1   14:35    SE
14  20.2  26.8   16:50  12.6    5:25   1.3   3.2   0.0   2.1  22.5   15:10   SSE
15  13.5  18.7    0:05   9.8   15:40   4.8   0.0 104.9   4.5  27.4   14:20    NW
16  17.2  24.4   17:40   9.9    6:20   3.0   1.9   1.8   1.8  19.3   14:25    SE
17  19.4  26.3   17:15  11.5    6:55   1.8   2.9   0.0   1.8  14.5   13:55    NW
18  19.9  25.2   18:25  14.3    5:55   1.0   2.5   0.0   1.1  16.1   13:10   SSE
19  17.5  23.1   14:30  13.7   00:00   1.7   0.9  20.3   2.4  35.4   18:30   NNW
20  12.6  16.9   14:55   8.2   00:00   5.7   0.0  50.0   4.0  41.8   23:55    NW
21  11.5  16.7   20:10   7.2    1:55   6.8   0.0   8.6   5.1  33.8    0:10    NW
22  14.4  21.7   15:35   7.8    4:10   4.5   0.7   0.0   2.3  24.1   13:40    NW
23  14.2  20.7   14:15   9.6    4:15   4.3   0.3   0.0   1.3  19.3   14:30    NW
24  15.4  21.1   15:00   8.7    5:40   3.6   0.6   0.0   1.8  17.7   12:55    SW
25  17.1  23.7   16:30  10.7    2:05   2.6   1.3   0.0   1.4  12.9   15:40     N
26  17.8  22.3   16:15  12.1    6:55   1.6   1.1   0.3   2.1  19.3   20:55    NW
27  18.6  23.9   16:45  11.5    1:50   1.6   1.8   0.0   5.0  29.0    8:15    NW
28  16.8  23.3   17:10   8.8    6:10   2.8   1.3   0.0   1.8  14.5   13:35    NW
29  17.2  23.2   18:35  10.8    4:05   2.6   1.5   0.0   1.4  14.5   13:35   SSE
30  18.6  24.3   16:55  13.4    6:35   1.5   1.8  10.9   1.8  19.3   12:55    SW
31  17.2  21.9   18:10  12.9    4:25   1.8   0.7   0.0   1.0  11.3   14:15   NNW
-------------------------------------------------------------------------------------
    16.9  26.8    14     7.2    21    84.6  41.6 223.8   2.0  41.8    20     NNW

Max >=  32.0:  0
Max <=   0.0:  0
Min <=   0.0:  0
Min <= -18.0:  0
Max Rain: 104.90 ON 15/05/15
Days of Rain: 13 (> .2 mm) 9 (> 2 mm) 3 (> 20 mm)
Heat Base:  18.3  Cool Base:  18.3  Method: Integration