NOAA-Style Climate Reports

Select a Year or Month report
2022: Gen Feb Mar Apr Mag Giu Lug Ago Set Ott Nov Dic
2021: Gen Feb Mar Apr Mag Giu Lug Ago Set Ott Nov Dic
2020: Gen Feb Mar Apr Mag Giu Lug Ago Set Ott Nov Dic
2019: Gen Feb Mar Apr Mag Giu Lug Ago Set Ott Nov Dic
2018: Gen Feb Mar Apr Mag Giu Lug Ago Set Ott Nov Dic
2017: Gen Feb Mar Apr Mag Giu Lug Ago Set Ott Nov Dic
2016: Gen Feb Mar Apr Mag Giu Lug Ago Set Ott Nov Dic
2015: Gen Feb Mar Apr Mag Giu Lug Ago Set Ott Nov Dic
2014: Gen Feb Mar Apr Mag Giu Lug Ago Set Ott Nov Dic
2013: Gen Feb Mar Apr Mag Giu Lug Ago Set Ott Nov Dic
2012: Gen Feb Mar Apr Mag Giu Lug Ago Set Ott Nov Dic

Report for 2015 Giugno
                   MONTHLY CLIMATOLOGICAL SUMMARY for JUN. 2015

NAME: Meteozippo   CITY: Malnate   STATE: Italy 
ELEV:   387 m  LAT:  45° 47' 24" N  LONG:   8° 54' 13" E

                   TEMPERATURE (°C), RAIN  (mm), WIND SPEED (km/hr)

                                      HEAT  COOL        AVG
    MEAN                              DEG   DEG         WIND                 DOM
DAY TEMP  HIGH   TIME   LOW    TIME   DAYS  DAYS  RAIN  SPEED HIGH   TIME    DIR
------------------------------------------------------------------------------------
 1  19.4  24.9   16:45  14.4    5:25   1.1   2.2   0.0   1.1  14.5   16:55   NNW
 2  21.2  27.6   17:10  15.2    5:55   0.7   3.6   0.0   1.4  14.5   15:10     N
 3  22.5  29.4   17:15  15.5    6:00   0.6   4.8   0.0   1.6  12.9   12:20   NNW
 4  24.3  31.2   18:20  17.4    4:40   0.1   6.1   0.0   0.8  16.1   13:00     S
 5  25.1  31.4   16:10  18.4    5:00   0.0   6.8   0.0   1.6  12.9   15:10   NNW
 6  25.6  31.4   16:40  19.3    4:25   0.0   7.2   0.0   2.3  16.1   18:50   NNW
 7  25.1  30.8   15:15  17.9    4:45   0.0   6.7   0.0   2.1  16.1   15:00   NNW
 8  22.6  28.4   14:40  16.7    2:45   0.1   4.4  45.5   3.9  25.7    4:10   NNW
 9  20.9  26.5   18:20  16.7    3:40   0.2   2.9   4.6   1.1  12.9    1:40   NNW
10  20.1  25.4   19:05  16.6    6:55   0.4   2.2  19.6   2.1  16.1    4:20   NNW
11  21.7  27.8   18:40  15.3    5:00   0.6   4.0   0.0   1.3  16.1   14:25   NNW
12  20.6  25.1   12:00  17.4    2:30   0.1   2.4   3.3   1.6  17.7   15:05   NNW
13  19.4  24.1   13:00  16.9    5:25   0.4   1.5  12.7   1.6  12.9    1:10   NNW
14  16.9  18.6   10:35  15.7   14:15   1.4   0.0  76.2   2.4  22.5   11:50   NNW
15  18.5  25.6   16:30  15.4    5:05   1.3   1.5  29.2   1.8  22.5   17:50   NNW
16  17.6  23.9   12:55  14.7   00:00   1.5   0.8  14.2   2.1  22.5   19:35   NNW
17  19.1  25.4   17:50  13.2    6:00   1.6   2.3   0.0   1.8  19.3   16:25   NNW
18  20.0  25.8   17:05  13.9    6:10   1.0   2.7   0.0   1.3  12.9   14:00    NE
19  22.2  27.6   16:40  17.1    0:15   0.3   4.1   0.0   3.1  25.7   22:05   NNW
20  19.8  24.2   15:15  13.2    6:15   0.8   2.3   0.0   2.3  22.5   19:25    NW
21  19.4  25.3   16:25  13.6    5:40   1.1   2.3   0.0   1.8  16.1   13:05    SW
22  20.3  25.2   15:15  15.8    6:40   0.6   2.6   0.0   1.1  14.5   12:45    NW
23  21.7  27.2   14:55  18.4    6:30   0.0   3.4   0.0   2.4  29.0   23:35    NW
24  18.9  24.4   18:10  12.7    6:15   1.3   2.0   0.0   2.7  30.6    0:30   SSE
25  19.7  25.3   16:40  13.0    5:35   1.3   2.6   0.0   1.4  14.5   13:55   NNE
26  21.3  27.7   16:35  14.7    6:20   0.9   3.8   0.0   1.8  16.1   13:25   NNW
27  22.9  28.6   16:40  17.0    5:40   0.1   4.7   0.0   1.6  19.3   14:35     N
28  23.4  29.8   16:00  15.5    6:15   0.3   5.5   0.0   1.6  16.1    1:35     N
29  23.1  28.9   17:50  17.4    5:00   0.1   4.9   0.0   1.1  14.5   17:15   NNW
30  23.5  29.5   17:35  17.2    5:25   0.1   5.3   0.0   1.0  14.5   13:00   WNW
-------------------------------------------------------------------------------------
    21.2  31.4     5    12.7    24    17.9 105.6 205.2   1.8  30.6    24     NNW

Max >=  32.0:  0
Max <=   0.0:  0
Min <=   0.0:  0
Min <= -18.0:  0
Max Rain: 76.20 ON 14/06/15
Days of Rain: 8 (> .2 mm) 8 (> 2 mm) 3 (> 20 mm)
Heat Base:  18.3  Cool Base:  18.3  Method: Integration