NOAA-Style Climate Reports

Select a Year or Month report
2022: Gen Feb Mar Apr Mag Giu Lug Ago Set Ott Nov Dic
2021: Gen Feb Mar Apr Mag Giu Lug Ago Set Ott Nov Dic
2020: Gen Feb Mar Apr Mag Giu Lug Ago Set Ott Nov Dic
2019: Gen Feb Mar Apr Mag Giu Lug Ago Set Ott Nov Dic
2018: Gen Feb Mar Apr Mag Giu Lug Ago Set Ott Nov Dic
2017: Gen Feb Mar Apr Mag Giu Lug Ago Set Ott Nov Dic
2016: Gen Feb Mar Apr Mag Giu Lug Ago Set Ott Nov Dic
2015: Gen Feb Mar Apr Mag Giu Lug Ago Set Ott Nov Dic
2014: Gen Feb Mar Apr Mag Giu Lug Ago Set Ott Nov Dic
2013: Gen Feb Mar Apr Mag Giu Lug Ago Set Ott Nov Dic
2012: Gen Feb Mar Apr Mag Giu Lug Ago Set Ott Nov Dic

Report for 2015 Agosto
                   MONTHLY CLIMATOLOGICAL SUMMARY for AUG. 2015

NAME: Meteozippo   CITY: Malnate   STATE: Italy 
ELEV:   387 m  LAT:  45° 47' 24" N  LONG:   8° 54' 13" E

                   TEMPERATURE (°C), RAIN  (mm), WIND SPEED (km/hr)

                                      HEAT  COOL        AVG
    MEAN                              DEG   DEG         WIND                 DOM
DAY TEMP  HIGH   TIME   LOW    TIME   DAYS  DAYS  RAIN  SPEED HIGH   TIME    DIR
------------------------------------------------------------------------------------
 1  17.9  20.3   15:00  16.4    8:30   0.7   0.3   3.3   1.0  17.7   11:35    NW
 2  20.7  27.7   18:15  13.9    6:00   1.1   3.4   0.0   0.8  12.9   12:10     N
 3  23.1  30.2   16:50  16.4    3:40   0.4   5.2   0.0   1.0  12.9   11:35    SW
 4  24.3  29.8   15:05  19.1    6:10   0.0   6.0   0.0   1.3  14.5   15:55    NW
 5  25.3  32.6   17:20  19.0    6:00   0.0   7.0   0.0   1.1   8.0    6:15   NNW
 6  26.8  34.0   16:20  20.0    7:00   0.0   8.5   0.0   1.3  11.3   12:55   NNW
 7  27.5  35.0   16:55  21.2    6:30   0.0   9.2   0.0   1.3  12.9   14:30     N
 8  27.1  34.2   18:00  21.3    6:30   0.0   8.8   0.0   2.1  20.9   18:40     N
 9  25.7  31.6   13:55  20.1   00:00   0.0   7.4  13.7   2.7  25.7   23:00   NNW
10  21.2  27.2   17:15  17.7    5:00   0.1   2.9  55.9   2.3  25.7    5:40   SSW
11  24.3  31.0   16:40  18.0    5:50   0.0   6.0   0.0   1.3  14.5   13:30    SW
12  25.7  31.8   15:45  20.8   23:25   0.0   7.4   0.0   1.8  14.5    8:30   NNW
13  26.0  32.2   16:30  20.3    2:30   0.0   7.7   0.0   1.0   9.7    4:05   NNW
14  21.4  23.3    9:10  18.9   22:20   0.0   3.1   1.8   2.6  19.3   21:30   NNW
15  18.7  20.6   16:55  17.4    4:30   0.1   0.6  15.2   2.6  20.9   15:40   NNW
16  18.8  24.5   14:00  14.7    6:50   1.1   1.6   2.8   0.8  14.5   13:50    NW
17  20.3  26.9   18:10  14.8    7:10   0.8   2.8   3.6   1.6  14.5   14:25   NNW
18  19.4  25.0   16:45  15.9    6:30   0.8   2.0   3.8   1.4  16.1   20:00   NNW
19  18.7  24.8   18:25  14.5    6:50   1.2   1.6   7.4   1.3  17.7    0:15     N
20  19.8  27.5   17:55  12.8    7:15   1.6   3.0   0.3   1.0  12.9   14:00   NNW
21  21.3  25.8   15:55  17.1    0:05   0.1   3.1   0.0   1.6  17.7   15:10   NNW
22  20.7  25.8   15:40  16.6    4:10   0.4   2.8   0.0   1.1  12.9   13:45     N
23  18.0  20.3   13:30  16.0   22:45   0.7   0.4   5.1   0.5   9.7    1:35   NNW
24  17.3  19.5   17:05  15.9    0:45   1.1   0.1  32.8   0.8  14.5   21:55   SSW
25  20.2  25.3   16:30  16.6   00:00   0.2   2.2   4.3   0.8  11.3   13:05   SSE
26  20.8  27.2   16:55  15.7    4:25   0.7   3.2   0.3   1.1  14.5   13:25     N
27  21.5  28.3   16:25  16.0    7:10   0.5   3.7   0.0   1.0  14.5   12:30     N
28  23.1  29.7   18:00  17.6    5:10   0.0   4.8   0.0   1.1  11.3   12:40     N
29  23.7  30.8   17:25  18.1    7:35   0.0   5.4   0.0   0.6  11.3   12:40     N
30  23.8  30.9   15:30  17.9    7:10   0.0   5.5   0.0   1.0  11.3   14:25     N
31  23.6  30.6   15:40  17.7    3:15   0.0   5.3   0.0   1.8  14.5    4:20   NNW
-------------------------------------------------------------------------------------
    22.2  35.0     7    12.8    20    11.7 131.1 150.1   1.3  25.7     9     NNW

Max >=  32.0:  5
Max <=   0.0:  0
Min <=   0.0:  0
Min <= -18.0:  0
Max Rain: 55.88 ON 10/08/15
Days of Rain: 14 (> .2 mm) 11 (> 2 mm) 2 (> 20 mm)
Heat Base:  18.3  Cool Base:  18.3  Method: Integration