NOAA-Style Climate Reports

Select a Year or Month report
2022: Gen Feb Mar Apr Mag Giu Lug Ago Set Ott Nov Dic
2021: Gen Feb Mar Apr Mag Giu Lug Ago Set Ott Nov Dic
2020: Gen Feb Mar Apr Mag Giu Lug Ago Set Ott Nov Dic
2019: Gen Feb Mar Apr Mag Giu Lug Ago Set Ott Nov Dic
2018: Gen Feb Mar Apr Mag Giu Lug Ago Set Ott Nov Dic
2017: Gen Feb Mar Apr Mag Giu Lug Ago Set Ott Nov Dic
2016: Gen Feb Mar Apr Mag Giu Lug Ago Set Ott Nov Dic
2015: Gen Feb Mar Apr Mag Giu Lug Ago Set Ott Nov Dic
2014: Gen Feb Mar Apr Mag Giu Lug Ago Set Ott Nov Dic
2013: Gen Feb Mar Apr Mag Giu Lug Ago Set Ott Nov Dic
2012: Gen Feb Mar Apr Mag Giu Lug Ago Set Ott Nov Dic

Report for 2015 Settembre
                   MONTHLY CLIMATOLOGICAL SUMMARY for SEP. 2015

NAME: Meteozippo   CITY: Malnate   STATE: Italy 
ELEV:   387 m  LAT:  45° 47' 24" N  LONG:   8° 54' 13" E

                   TEMPERATURE (°C), RAIN  (mm), WIND SPEED (km/hr)

                                      HEAT  COOL        AVG
    MEAN                              DEG   DEG         WIND                 DOM
DAY TEMP  HIGH   TIME   LOW    TIME   DAYS  DAYS  RAIN  SPEED HIGH   TIME    DIR
------------------------------------------------------------------------------------
 1  22.1  27.1   16:50  18.0    1:10   0.0   3.8   0.0   1.1   9.7   15:55   NNW
 2  20.5  25.6   16:00  17.3    1:45   0.1   2.3  11.2   1.9  17.7   12:35    NW
 3  18.6  23.6   16:50  15.6   23:25   0.9   1.2   2.0   2.1  25.7   21:30   NNW
 4  18.6  24.7   16:45  13.2    7:35   1.6   1.9   0.0   1.1  11.3   15:40   NNW
 5  17.2  22.1   13:50  13.4    6:05   1.9   0.7  21.1   1.8  22.5   23:45    NW
 6  16.7  23.7   17:50   8.6    7:00   3.0   1.4   0.0   1.6  17.7    0:15   NNW
 7  16.6  23.3   18:20   9.2    6:50   3.0   1.3   0.0   1.8  12.9   13:10   NNW
 8  16.9  22.6   17:25  13.0   00:00   2.2   0.7   0.3   1.4  14.5   13:35   NNW
 9  16.4  22.9   17:10  11.3    6:50   2.8   1.0   0.3   1.0  11.3   12:55     N
10  16.5  20.8   16:55  13.7    7:35   2.2   0.4   0.8   0.8  12.9   13:55   NNW
11  16.3  20.4   16:55  13.8    7:10   2.2   0.2   0.0   0.6   8.0   17:15   NNW
12  17.4  21.9   15:00  14.8    6:45   1.5   0.6   0.3   0.5   9.7   23:55    NW
13  15.8  16.8    9:30  15.2   15:20   2.5   0.0  42.2   1.0  19.3   14:40   NNW
14  17.9  22.0   17:20  15.6    2:15   1.1   0.6  34.3   1.6  17.7    2:05   NNW
15  18.8  23.2   13:15  15.8   23:55   0.6   1.1   0.0   1.3  17.7   13:55     N
16  16.1  17.0   15:10  15.1    1:15   2.2   0.0  20.6   0.6   9.7   23:35     N
17  20.0  25.1   17:45  16.9    0:05   0.4   2.1   0.3   1.1  22.5   15:15     N
18  18.8  23.7   15:55  14.5   00:00   1.0   1.6   0.3   1.3  20.9   11:10   NNW
19  17.3  24.4   15:15  12.2    6:00   2.4   1.4   2.5   2.7  29.0   20:45    NW
20  19.3  25.5   16:10  13.9   21:20   0.9   1.9   0.0   4.3  25.7    3:00   NNW
21  16.0  23.3   16:25   9.8    4:30   3.5   1.2   0.0   1.3  12.9   16:25   NNW
22  15.7  18.1   17:15  13.3    1:10   2.6   0.0   1.8   0.5   8.0    2:05    NW
23  12.9  15.1   23:10   9.9    9:35   5.4   0.0  26.2   3.5  35.4   10:00   NNW
24  15.7  22.2   14:00   8.4    4:15   3.4   0.9   0.0   1.6  22.5    6:50   NNW
25  15.9  24.1   15:25   9.4    7:00   3.7   1.3   0.0   1.0  16.1   14:20     N
26  16.1  22.9   15:55  10.9    6:15   3.2   1.0   0.0   1.1   9.7    7:25   NNW
27  15.6  19.6   16:10  12.2    4:00   2.8   0.1   0.0   0.5   8.0   10:35    NE
28  14.9  18.7   14:45  12.1   23:55   3.4   0.0   0.3   0.6  12.9   14:15   NNW
29  13.1  15.5   16:00  11.5    2:15   5.2   0.0   0.0   0.8  12.9   15:15    NW
30  12.7  16.4   11:45   8.7    7:35   5.6   0.0   0.0   0.6  11.3   12:55   SSE
-------------------------------------------------------------------------------------
    16.9  27.1     1     8.4    24    71.3  28.6 164.1   1.4  35.4    23     NNW

Max >=  32.0:  0
Max <=   0.0:  0
Min <=   0.0:  0
Min <= -18.0:  0
Max Rain: 42.16 ON 13/09/15
Days of Rain: 16 (> .2 mm) 8 (> 2 mm) 5 (> 20 mm)
Heat Base:  18.3  Cool Base:  18.3  Method: Integration