NOAA-Style Climate Reports

Select a Year or Month report
2022: Gen Feb Mar Apr Mag Giu Lug Ago Set Ott Nov Dic
2021: Gen Feb Mar Apr Mag Giu Lug Ago Set Ott Nov Dic
2020: Gen Feb Mar Apr Mag Giu Lug Ago Set Ott Nov Dic
2019: Gen Feb Mar Apr Mag Giu Lug Ago Set Ott Nov Dic
2018: Gen Feb Mar Apr Mag Giu Lug Ago Set Ott Nov Dic
2017: Gen Feb Mar Apr Mag Giu Lug Ago Set Ott Nov Dic
2016: Gen Feb Mar Apr Mag Giu Lug Ago Set Ott Nov Dic
2015: Gen Feb Mar Apr Mag Giu Lug Ago Set Ott Nov Dic
2014: Gen Feb Mar Apr Mag Giu Lug Ago Set Ott Nov Dic
2013: Gen Feb Mar Apr Mag Giu Lug Ago Set Ott Nov Dic
2012: Gen Feb Mar Apr Mag Giu Lug Ago Set Ott Nov Dic

Report for 2015 Ottobre
                   MONTHLY CLIMATOLOGICAL SUMMARY for OCT. 2015

NAME: Meteozippo   CITY: Malnate   STATE: Italy 
ELEV:   387 m  LAT:  45° 47' 24" N  LONG:   8° 54' 13" E

                   TEMPERATURE (°C), RAIN  (mm), WIND SPEED (km/hr)

                                      HEAT  COOL        AVG
    MEAN                              DEG   DEG         WIND                 DOM
DAY TEMP  HIGH   TIME   LOW    TIME   DAYS  DAYS  RAIN  SPEED HIGH   TIME    DIR
------------------------------------------------------------------------------------
 1  12.2  15.8   14:55   8.1    8:20   6.1   0.0   0.0   0.5  11.3   10:10    SW
 2  11.9  13.8   12:55  10.6    4:50   6.4   0.0  14.2   0.2   8.0   17:15    NW
 3  13.1  14.9   14:45  12.1    0:05   5.2   0.0  38.6   0.5   9.7   13:40    NW
 4  14.2  19.0   15:40  11.3   23:40   4.2   0.0  22.9   1.4  16.1    1:00   NNW
 5  14.4  20.1   14:05   9.3    7:30   4.1   0.2   0.3   0.5   8.0   12:30   NNE
 6  15.2  17.9   15:45  13.7    5:55   3.1   0.0   0.8   0.0   6.4   22:15    SW
 7  15.8  22.3   16:15   9.7    7:45   3.2   0.7  20.8   0.5  14.5   14:05     S
 8  15.8  21.3   15:40  12.9    7:50   3.0   0.5  10.9   0.8  11.3    0:50   NNW
 9  14.4  19.5   16:15  11.2   23:45   3.9   0.1   0.3   1.0  12.9   12:40   NNW
10  14.8  19.6   14:15  11.4    0:30   3.7   0.2   8.4   1.0  14.5   15:20     N
11  13.2  19.7   16:20   7.7    8:10   5.3   0.2   0.3   0.6   9.7   12:15   SSE
12  14.0  20.1   14:35   9.8    1:10   4.4   0.1   0.3   0.5  14.5   13:25     N
13  13.2  13.8    1:35  12.5    6:55   5.1   0.0  25.9   0.3  12.9   22:40   NNW
14  12.9  18.1   14:00   7.2    8:25   5.4   0.0  11.7   0.8  14.5    1:40   NNW
15   9.8  11.3    0:05   8.9   13:25   8.5   0.0  53.6   3.4  17.7    4:10   NNW
16   9.7  14.8   15:25   6.0    8:30   8.6   0.0  10.7   1.1  20.9    0:25   SSE
17   9.3  12.6   14:15   5.7    6:40   9.0   0.0   0.0   0.2   8.0   12:10    NE
18  10.0  13.5   16:05   6.6   23:35   8.3   0.0   0.3   0.2   8.0   14:20     E
19   9.6  17.2   14:55   4.4    8:15   8.8   0.0   0.3   0.8  14.5   15:15   SSW
20   9.3  15.8   16:15   5.8    7:40   9.0   0.0   0.3   0.8   9.7    9:20     N
21   8.9  14.7   15:25   4.5    6:45   9.4   0.0   0.0   0.6   9.7   13:40    NE
22   9.1  15.1   15:20   4.4    8:05   9.2   0.0   0.3   1.0  11.3   13:40   NNW
23   9.5  17.0   15:25   4.5    8:20   8.8   0.0   0.3   0.5  11.3   12:40     S
24  11.1  18.1   14:15   6.4    3:30   7.3   0.0   0.3   1.0  11.3   14:35     N
25  11.9  18.3   12:50   7.4    4:00   6.4   0.0   0.3   0.6  11.3    6:15     N
26  11.3  19.4   13:40   6.6   22:50   7.1   0.1   0.3   0.6  12.9   13:00   SSE
27  10.6  16.7   13:15   5.1    7:35   7.7   0.0   0.0   0.6   9.7   15:35   NNE
28  10.6  11.6   14:00  10.0    0:05   7.7   0.0  24.4   0.3  12.9   22:10     N
29  11.6  15.0   15:20   9.7    7:15   6.7   0.0   3.6   0.5  17.7    0:45   SSE
30  12.3  19.5   14:10   7.4    7:50   6.1   0.1   0.0   0.6  12.9   14:00    NE
31  10.8  18.0   15:00   6.8   23:55   7.5   0.0   0.3   0.5   9.7   12:20     N
-------------------------------------------------------------------------------------
    11.9  22.3     7     4.4    19   199.2   2.1 249.7   0.7  20.9    16     NNW

Max >=  32.0:  0
Max <=   0.0:  0
Min <=   0.0:  0
Min <= -18.0:  0
Max Rain: 53.59 ON 15/10/15
Days of Rain: 26 (> .2 mm) 12 (> 2 mm) 6 (> 20 mm)
Heat Base:  18.3  Cool Base:  18.3  Method: Integration