NOAA-Style Climate Reports

Select a Year or Month report
2022: Gen Feb Mar Apr Mag Giu Lug Ago Set Ott Nov Dic
2021: Gen Feb Mar Apr Mag Giu Lug Ago Set Ott Nov Dic
2020: Gen Feb Mar Apr Mag Giu Lug Ago Set Ott Nov Dic
2019: Gen Feb Mar Apr Mag Giu Lug Ago Set Ott Nov Dic
2018: Gen Feb Mar Apr Mag Giu Lug Ago Set Ott Nov Dic
2017: Gen Feb Mar Apr Mag Giu Lug Ago Set Ott Nov Dic
2016: Gen Feb Mar Apr Mag Giu Lug Ago Set Ott Nov Dic
2015: Gen Feb Mar Apr Mag Giu Lug Ago Set Ott Nov Dic
2014: Gen Feb Mar Apr Mag Giu Lug Ago Set Ott Nov Dic
2013: Gen Feb Mar Apr Mag Giu Lug Ago Set Ott Nov Dic
2012: Gen Feb Mar Apr Mag Giu Lug Ago Set Ott Nov Dic

Report for 2016 Gennaio
                   MONTHLY CLIMATOLOGICAL SUMMARY for JAN. 2016

NAME: Meteozippo   CITY: Malnate   STATE: Italy 
ELEV:   387 m  LAT:  45° 47' 24" N  LONG:   8° 54' 13" E

                   TEMPERATURE (°C), RAIN  (mm), WIND SPEED (km/hr)

                                      HEAT  COOL        AVG
    MEAN                              DEG   DEG         WIND                 DOM
DAY TEMP  HIGH   TIME   LOW    TIME   DAYS  DAYS  RAIN  SPEED HIGH   TIME    DIR
------------------------------------------------------------------------------------
 1   0.9   5.8   13:35  -1.8    7:20  17.4   0.0   0.0   0.5   8.0   12:10     S
 2   0.9   2.0   14:15  -1.8    1:00  17.4   0.0   3.0   0.0   4.8   10:45   ENE
 3   1.8   2.6   23:05   0.8    2:35  16.5   0.0   3.3   0.3   8.0    6:25   SSW
 4   1.4   2.4   16:10   0.6    6:40  16.9   0.0   5.3   0.2   6.4   10:50    SW
 5   2.1   4.4   15:50  -0.1    2:20  16.2   0.0   0.3   0.3   8.0   11:05     N
 6   1.8   8.1   14:10  -1.9    8:10  16.4   0.0   0.3   0.5  11.3   10:25    NW
 7   2.2   6.7   15:05  -2.1    3:05  16.1   0.0   0.3   1.0  19.3   17:25     N
 8   2.4   7.3   13:00  -1.8    8:45  15.9   0.0   0.3   0.6  12.9   12:30   NNW
 9   4.2   4.9   15:45   3.5    1:10  14.1   0.0   5.8   0.0   8.0   20:10    NE
10   5.3   7.2   14:15   2.7    8:50  12.9   0.0   1.3   0.5   8.0   11:30   NNW
11   6.2   8.1   15:50   3.0   23:15  12.2   0.0   9.4   0.3  12.9   16:25     S
12   4.9  13.1   13:55   0.4    8:10  13.4   0.0   0.3   0.8  12.9   12:20   WNW
13   7.0  11.8   14:25   1.2    1:00  11.3   0.0   0.0   3.5  25.7    4:55   NNW
14   2.8   7.3   13:25  -0.9    5:20  15.5   0.0   0.0   1.1  12.9    2:25   NNW
15   3.3   9.1   12:45  -2.6    4:55  15.0   0.0   0.0   3.4  32.2   14:20   NNW
16   4.6   8.8   13:45  -0.7    4:35  13.7   0.0   0.0   4.3  30.6   12:25    NW
17   3.3   7.0   13:25  -1.3    8:15  15.0   0.0   0.0   4.3  27.4   13:25    NW
18  -0.7   4.4   12:55  -4.2    7:55  18.9   0.0   0.0   1.1  14.5    0:10     N
19  -1.5   4.6   14:30  -5.8    4:25  19.8   0.0   0.0   0.8  12.9   13:50   SSE
20  -1.7   5.9   14:50  -6.5    8:05  20.0   0.0   0.0   0.5   9.7   13:05    SE
21  -1.8   5.6   14:45  -6.1    6:40  20.1   0.0   0.0   0.5   9.7   14:25    SE
22  -0.7   6.4   13:50  -5.0    7:35  19.1   0.0   0.0   0.6  14.5   14:35    NE
23   0.8   8.1   14:45  -3.8    8:30  17.5   0.0   0.0   0.8   9.7   12:45   NNW
24   2.2  13.2   13:30  -4.0    7:45  16.1   0.0   0.0   0.5  11.3   13:55   SSE
25   3.7  13.2   14:15  -2.1    8:15  14.6   0.0   0.0   0.6  12.9   13:05     S
26   4.8  13.7   14:55  -0.7    7:20  13.5   0.0   0.0   0.8  12.9   13:50   ESE
27   6.2  12.5   12:35   0.0    7:40  12.1   0.0   0.3   0.6   8.0    0:10     N
28   8.2  12.5   15:05   6.1   20:50  10.1   0.0   0.0   0.6  11.3   13:50   NNW
29   7.4  14.8   13:50   1.7    8:25  10.9   0.0   0.0   0.6  14.5   14:00   NNW
30   7.3  10.2   15:15   3.2    0:05  11.0   0.0   0.0   0.3   8.0    5:15   NNE
31   6.2  14.0   14:50   1.4    8:15  12.1   0.0   0.0   0.6   9.7   12:15   SSW
-------------------------------------------------------------------------------------
     3.1  14.8    29    -6.5    20   471.7   0.0  29.7   1.0  32.2    15     NNW

Max >=  32.0:  0
Max <=   0.0:  0
Min <=   0.0: 20
Min <= -18.0:  0
Max Rain: 9.40 ON 11/01/16
Days of Rain: 12 (> .2 mm) 5 (> 2 mm) 0 (> 20 mm)
Heat Base:  18.3  Cool Base:  18.3  Method: Integration