NOAA-Style Climate Reports

Select a Year or Month report
2022: Gen Feb Mar Apr Mag Giu Lug Ago Set Ott Nov Dic
2021: Gen Feb Mar Apr Mag Giu Lug Ago Set Ott Nov Dic
2020: Gen Feb Mar Apr Mag Giu Lug Ago Set Ott Nov Dic
2019: Gen Feb Mar Apr Mag Giu Lug Ago Set Ott Nov Dic
2018: Gen Feb Mar Apr Mag Giu Lug Ago Set Ott Nov Dic
2017: Gen Feb Mar Apr Mag Giu Lug Ago Set Ott Nov Dic
2016: Gen Feb Mar Apr Mag Giu Lug Ago Set Ott Nov Dic
2015: Gen Feb Mar Apr Mag Giu Lug Ago Set Ott Nov Dic
2014: Gen Feb Mar Apr Mag Giu Lug Ago Set Ott Nov Dic
2013: Gen Feb Mar Apr Mag Giu Lug Ago Set Ott Nov Dic
2012: Gen Feb Mar Apr Mag Giu Lug Ago Set Ott Nov Dic

Report for 2016 Febbraio
                   MONTHLY CLIMATOLOGICAL SUMMARY for FEB. 2016

NAME: Meteozippo   CITY: Malnate   STATE: Italy 
ELEV:   387 m  LAT:  45° 47' 24" N  LONG:   8° 54' 13" E

                   TEMPERATURE (°C), RAIN  (mm), WIND SPEED (km/hr)

                                      HEAT  COOL        AVG
    MEAN                              DEG   DEG         WIND                 DOM
DAY TEMP  HIGH   TIME   LOW    TIME   DAYS  DAYS  RAIN  SPEED HIGH   TIME    DIR
------------------------------------------------------------------------------------
 1   6.8  15.8   12:25   1.8    6:50  11.5   0.0   0.3   0.3  11.3   13:15   SSE
 2   7.4  10.3   15:40   5.2    6:00  10.9   0.0   0.0   0.6   8.0    4:40     N
 3   7.6   9.4   19:20   5.4   00:00  10.8   0.0   8.9   1.8  37.0   19:15    NW
 4   6.9  12.9   13:35   0.6    4:25  11.4   0.0   0.0   2.1  19.3    9:45   NNW
 5   5.4  12.9   14:00   1.0    7:20  12.9   0.0   0.0   0.8  11.3   14:05    SE
 6   3.2   7.2   13:10  -1.1    7:30  15.1   0.0   2.5   0.3   6.4   13:45    SE
 7   3.9   4.8    1:55   3.3   12:30  14.3   0.0  53.6   1.3  17.7   21:15   NNW
 8   6.2   9.8   15:30   4.1    0:05  12.1   0.0   0.3   0.8  12.9    0:10    NW
 9   6.4   7.6   19:30   5.3    4:00  11.9   0.0  17.3   1.1  17.7   17:30     N
10   6.8  11.3   14:50   3.1   20:25  11.4   0.0   1.0   4.0  27.4    3:55    NW
11   5.1  11.1   14:45   0.2    7:00  13.2   0.0   0.0   2.7  20.9    0:35   SSE
12   3.0   6.6   13:25   0.3    8:05  15.3   0.0   1.8   0.6   8.0   11:35   NNE
13   3.0   9.1   15:10  -2.5    7:15  15.3   0.0   0.0   0.5   9.7   12:25    NE
14   3.4   4.9   17:15   1.1    5:30  14.9   0.0   2.0   0.2   6.4   22:00   NNE
15   5.2  11.6   14:05  -0.2    6:15  13.1   0.0   0.3   0.3   8.0   11:10     N
16   6.3   8.4   13:40   4.6    0:05  11.9   0.0   0.3   0.8  17.7   16:35   NNW
17   4.3   5.1    6:20   3.6    8:50  14.0   0.0   9.4   0.5  11.3    6:20    SE
18   5.7  11.5   14:35   2.1    7:00  12.6   0.0   0.0   1.0  11.3   14:00   NNW
19   6.7  14.5   13:10  -0.1    6:30  11.6   0.0   0.3   3.5  32.2   00:00    NW
20   6.2  11.9   15:35   0.0    8:05  12.2   0.0   0.0   2.4  32.2    1:20    SW
21   6.8  16.6   15:35  -0.3    7:40  11.5   0.0   0.0   1.3  16.1   16:15   SSE
22   8.3  12.0   16:30   4.0    3:45  10.0   0.0   3.6   0.5   8.0   13:10   NNE
23   9.2  13.8   13:45   5.0   22:50   9.1   0.0   3.0   1.1  16.1   14:30   SSE
24   9.5  14.2   12:50   5.4    0:05   8.8   0.0   0.3   3.5  27.4    2:55   NNW
25   5.5   9.4   16:05   0.4   00:00  12.8   0.0   0.0   0.6  11.3   14:55   SSE
26   3.9   8.7   12:40  -1.5    6:35  14.4   0.0   0.3   1.0  14.5   13:30   SSE
27   4.3   5.6   15:15   3.2    7:45  14.0   0.0  18.3   0.6  17.7   23:25   NNW
28   5.7   7.8   20:30   4.8   12:35  12.6   0.0  58.4   2.7  29.0   20:10   NNW
29   7.1   9.0   17:10   5.1   00:00  11.2   0.0   7.6   0.6  12.9    3:20    NW
-------------------------------------------------------------------------------------
     5.9  16.6    21    -2.5    13   360.8   0.0 189.2   1.3  37.0     3     NNW

Max >=  32.0:  0
Max <=   0.0:  0
Min <=   0.0:  7
Min <= -18.0:  0
Max Rain: 58.42 ON 28/02/16
Days of Rain: 20 (> .2 mm) 11 (> 2 mm) 2 (> 20 mm)
Heat Base:  18.3  Cool Base:  18.3  Method: Integration