NOAA-Style Climate Reports

Select a Year or Month report
2022: Gen Feb Mar Apr Mag Giu Lug Ago Set Ott Nov Dic
2021: Gen Feb Mar Apr Mag Giu Lug Ago Set Ott Nov Dic
2020: Gen Feb Mar Apr Mag Giu Lug Ago Set Ott Nov Dic
2019: Gen Feb Mar Apr Mag Giu Lug Ago Set Ott Nov Dic
2018: Gen Feb Mar Apr Mag Giu Lug Ago Set Ott Nov Dic
2017: Gen Feb Mar Apr Mag Giu Lug Ago Set Ott Nov Dic
2016: Gen Feb Mar Apr Mag Giu Lug Ago Set Ott Nov Dic
2015: Gen Feb Mar Apr Mag Giu Lug Ago Set Ott Nov Dic
2014: Gen Feb Mar Apr Mag Giu Lug Ago Set Ott Nov Dic
2013: Gen Feb Mar Apr Mag Giu Lug Ago Set Ott Nov Dic
2012: Gen Feb Mar Apr Mag Giu Lug Ago Set Ott Nov Dic

Report for 2016 Marzo
                   MONTHLY CLIMATOLOGICAL SUMMARY for MAR. 2016

NAME: Meteozippo   CITY: Malnate   STATE: Italy 
ELEV:   387 m  LAT:  45° 47' 24" N  LONG:   8° 54' 13" E

                   TEMPERATURE (°C), RAIN  (mm), WIND SPEED (km/hr)

                                      HEAT  COOL        AVG
    MEAN                              DEG   DEG         WIND                 DOM
DAY TEMP  HIGH   TIME   LOW    TIME   DAYS  DAYS  RAIN  SPEED HIGH   TIME    DIR
------------------------------------------------------------------------------------
 1  10.1  16.2   13:55   3.9    4:00   8.2   0.0   0.0   3.9  27.4   14:25    NW
 2   7.6  13.5   13:45   1.2    6:55  10.7   0.0  14.0   1.9  32.2   19:35   NNE
 3   9.0  13.9   15:25   5.0   23:05   9.3   0.0   0.0   6.1  30.6    5:50   NNW
 4   7.0  11.9   14:55   0.5    5:00  11.3   0.0   0.0   1.3  19.3    8:35     N
 5   2.0   6.2    2:00   0.9    6:40  16.3   0.0  63.8   1.0  12.9    2:10    NW
 6   2.7   9.3   15:25  -0.7   23:55  15.6   0.0   9.9   1.3  14.5   15:55     N
 7   3.2  10.5   14:10  -3.1    7:00  15.1   0.0   0.3   1.3  14.5   13:30    SW
 8   4.6  10.7   14:30  -1.5    7:20  13.7   0.0   0.0   4.0  24.1   13:40    NW
 9   5.0  10.8   15:25  -1.3    3:20  13.3   0.0   0.0   1.1  16.1   13:35     N
10   7.3  15.1   16:15   0.9    7:35  11.0   0.0   0.0   1.3  17.7   16:25   SSE
11   7.3  13.9   14:55   1.2    2:25  11.0   0.0   0.0   1.8  16.1   14:55   SSE
12   9.4  15.3   13:55   4.6    7:35   8.8   0.0   0.0   1.8  16.1   15:40    SE
13   8.8  12.7   15:35   6.1    7:35   9.5   0.0   1.5   0.8  12.9   14:35    NW
14   7.8  12.4   15:35   2.9   00:00  10.5   0.0   2.3   0.6  12.9   15:50   SSE
15   6.9  13.7   14:05   0.3    6:35  11.4   0.0   1.0   1.6  16.1   14:20   SSE
16   4.4   7.0   14:40   2.1   10:25  13.9   0.0  10.9   2.4  29.0    9:15     N
17   7.4  13.4   15:35   2.7   00:00  10.9   0.0   0.0   1.1  12.9    8:55   SSW
18   8.8  17.3   14:50   1.9    7:05   9.5   0.0   0.0   1.9  17.7   14:55     N
19  10.0  18.2   15:05   1.9    7:10   8.3   0.0   0.0   2.3  17.7   13:35     N
20   9.6  16.4   14:45   2.3    6:40   8.7   0.0   0.0   2.4  19.3   14:55   SSE
21  10.1  17.5   15:40   3.5    5:35   8.2   0.0   0.0   1.4  16.1   13:05    SE
22  10.7  16.4   15:55   4.2    6:50   7.6   0.0   0.3   1.3  14.5   14:10    SE
23  10.9  15.7   14:00   5.9    6:15   7.4   0.0   0.0   5.8  33.8   14:40   NNW
24   8.9  16.9   14:40   0.6    5:25   9.4   0.0   0.0   1.9  16.1   15:45   SSE
25   9.0  14.5   13:15   4.7   23:55   9.3   0.0   0.0   1.4  17.7   12:00   SSE
26  10.1  17.8   15:25   2.6    7:00   8.3   0.0   0.0   1.6  17.7   14:05   SSE
27  10.2  15.9   16:45   3.9    7:00   7.7   0.0   0.8   2.4  20.9   15:00   SSE
28   9.7  11.4   17:40   8.8   10:45   8.6   0.0   1.8   0.3  11.3   16:20    SE
29  11.9  17.6   16:50   5.2    7:35   6.4   0.0   0.0   1.6  20.9   13:25   SSE
30  11.8  13.8   16:00  10.6    1:50   6.5   0.0   1.5   0.6  11.3   10:35   NNW
31  12.8  16.1   15:45  10.7    6:50   5.5   0.0   1.5   1.1  16.1   13:45   NNW
-------------------------------------------------------------------------------------
     8.2  18.2    19    -3.1     7   312.1   0.0 109.5   1.9  33.8    23     SSE

Max >=  32.0:  0
Max <=   0.0:  0
Min <=   0.0:  4
Min <= -18.0:  0
Max Rain: 63.75 ON 05/03/16
Days of Rain: 13 (> .2 mm) 5 (> 2 mm) 1 (> 20 mm)
Heat Base:  18.3  Cool Base:  18.3  Method: Integration