NOAA-Style Climate Reports

Select a Year or Month report
2022: Gen Feb Mar Apr Mag Giu Lug Ago Set Ott Nov Dic
2021: Gen Feb Mar Apr Mag Giu Lug Ago Set Ott Nov Dic
2020: Gen Feb Mar Apr Mag Giu Lug Ago Set Ott Nov Dic
2019: Gen Feb Mar Apr Mag Giu Lug Ago Set Ott Nov Dic
2018: Gen Feb Mar Apr Mag Giu Lug Ago Set Ott Nov Dic
2017: Gen Feb Mar Apr Mag Giu Lug Ago Set Ott Nov Dic
2016: Gen Feb Mar Apr Mag Giu Lug Ago Set Ott Nov Dic
2015: Gen Feb Mar Apr Mag Giu Lug Ago Set Ott Nov Dic
2014: Gen Feb Mar Apr Mag Giu Lug Ago Set Ott Nov Dic
2013: Gen Feb Mar Apr Mag Giu Lug Ago Set Ott Nov Dic
2012: Gen Feb Mar Apr Mag Giu Lug Ago Set Ott Nov Dic

Report for 2016 Aprile
                   MONTHLY CLIMATOLOGICAL SUMMARY for APR. 2016

NAME: Meteozippo   CITY: Malnate   STATE: Italy 
ELEV:   387 m  LAT:  45° 47' 24" N  LONG:   8° 54' 13" E

                   TEMPERATURE (°C), RAIN  (mm), WIND SPEED (km/hr)

                                      HEAT  COOL        AVG
    MEAN                              DEG   DEG         WIND                 DOM
DAY TEMP  HIGH   TIME   LOW    TIME   DAYS  DAYS  RAIN  SPEED HIGH   TIME    DIR
------------------------------------------------------------------------------------
 1  12.6  15.7   17:20  10.3   22:25   5.7   0.0   0.0   0.6  11.3   16:55   SSE
 2  14.5  20.2   17:00  11.1    5:00   4.0   0.2   0.0   1.1  14.5   12:50    NW
 3  14.4  18.4   15:50  11.4    3:35   3.9   0.0   0.5   0.6  11.3   18:00   SSW
 4  12.8  15.3   14:35  10.7    5:45   5.5   0.0   5.1   0.6  12.9   23:45    NW
 5  13.6  17.9   16:45  11.2    7:05   4.7   0.0   0.3   1.0  12.9   14:30   SSW
 6  14.9  22.1   16:45   9.2    4:10   4.1   0.8   0.0   1.4  14.5   14:20    SE
 7  14.0  20.8   16:30   9.3    4:45   4.5   0.3  18.3   1.0  19.3   16:50     E
 8  13.6  17.0   15:40   9.7   00:00   4.7   0.0   3.6   3.9  22.5    1:05   NNW
 9  12.6  18.1   17:15   8.2    5:30   5.7   0.0   3.8   2.3  14.5   15:25   NNW
10  13.1  19.9   16:25   5.7    7:25   5.4   0.2   0.0   1.8  19.3   16:55   SSE
11  12.3  19.1   16:05   5.8    6:15   6.0   0.1   0.0   1.6  17.7   12:05   SSE
12  13.1  19.4   15:50   6.3    6:15   5.3   0.1   0.0   1.8  22.5   15:50   SSE
13  13.4  18.8   14:45  10.4   23:45   4.9   0.0   8.1   1.8  24.1   17:10   NNW
14  14.4  22.4   16:55   6.8    7:05   4.8   0.9   0.3   1.6  17.7   12:30    SE
15  12.5  17.3   13:40   6.5    5:00   5.8   0.0   0.0   1.1  16.1   14:35    SE
16  13.5  16.1   13:55  11.7   23:45   4.8   0.0   0.0   0.6   9.7    9:35   SSE
17  13.9  16.6   16:45  11.6    0:05   4.4   0.0   2.0   1.1  16.1   17:00    NW
18  13.4  19.3   14:00   9.3   20:45   4.9   0.0   4.6   4.8  45.1   21:00    NW
19  14.9  21.5   17:50   8.1    4:15   4.0   0.6   0.0   4.2  32.2    0:05   SSE
20  13.9  21.1   17:10   5.6    6:30   4.9   0.5   0.0   1.9  17.7   13:10   NNW
21  14.6  19.9   14:40   9.2    2:30   4.0   0.2   0.0   1.3  16.1   16:40    SW
22  15.8  21.3   16:20   9.9    6:55   3.1   0.6   0.0   2.3  19.3   18:50   SSE
23  13.9  17.3   16:50  11.0    6:50   4.3   0.0   8.9   1.1  17.7   14:30    NE
24  13.1  16.5   14:10   8.5   23:55   5.2   0.0   0.3   9.8  43.5   16:55   NNW
25   9.9  15.3   17:45   3.1    6:25   8.3   0.0   0.0   5.0  30.6   11:10   NNW
26   9.1  15.1   15:35   2.8    3:40   9.2   0.0   0.3   1.4  17.7   15:20   NNW
27  11.4  15.3   14:10   7.5   00:00   6.9   0.0   0.0   5.8  35.4   13:55   NNW
28  10.2  16.3   17:20   4.3    3:00   8.1   0.0   0.0   1.9  17.7   13:20   SSE
29  10.6  16.9   19:00   6.2    1:15   7.7   0.0   2.8   1.0  14.5   16:50     N
30  12.6  18.1   17:10   7.6    0:05   5.7   0.0  18.3   1.9  25.7   21:05   NNW
-------------------------------------------------------------------------------------
    13.1  22.4    14     2.8    26   160.5   4.5  77.0   2.2  45.1    18     NNW

Max >=  32.0:  0
Max <=   0.0:  0
Min <=   0.0:  0
Min <= -18.0:  0
Max Rain: 18.29 ON 07/04/16
Days of Rain: 15 (> .2 mm) 10 (> 2 mm) 0 (> 20 mm)
Heat Base:  18.3  Cool Base:  18.3  Method: Integration