NOAA-Style Climate Reports

Select a Year or Month report
2022: Gen Feb Mar Apr Mag Giu Lug Ago Set Ott Nov Dic
2021: Gen Feb Mar Apr Mag Giu Lug Ago Set Ott Nov Dic
2020: Gen Feb Mar Apr Mag Giu Lug Ago Set Ott Nov Dic
2019: Gen Feb Mar Apr Mag Giu Lug Ago Set Ott Nov Dic
2018: Gen Feb Mar Apr Mag Giu Lug Ago Set Ott Nov Dic
2017: Gen Feb Mar Apr Mag Giu Lug Ago Set Ott Nov Dic
2016: Gen Feb Mar Apr Mag Giu Lug Ago Set Ott Nov Dic
2015: Gen Feb Mar Apr Mag Giu Lug Ago Set Ott Nov Dic
2014: Gen Feb Mar Apr Mag Giu Lug Ago Set Ott Nov Dic
2013: Gen Feb Mar Apr Mag Giu Lug Ago Set Ott Nov Dic
2012: Gen Feb Mar Apr Mag Giu Lug Ago Set Ott Nov Dic

Report for 2016 Maggio
                   MONTHLY CLIMATOLOGICAL SUMMARY for MAY. 2016

NAME: Meteozippo   CITY: Malnate   STATE: Italy 
ELEV:   387 m  LAT:  45° 47' 24" N  LONG:   8° 54' 13" E

                   TEMPERATURE (°C), RAIN  (mm), WIND SPEED (km/hr)

                                      HEAT  COOL        AVG
    MEAN                              DEG   DEG         WIND                 DOM
DAY TEMP  HIGH   TIME   LOW    TIME   DAYS  DAYS  RAIN  SPEED HIGH   TIME    DIR
------------------------------------------------------------------------------------
 1   8.9  12.2   16:10   6.6    6:10   9.4   0.0  20.1   1.9  17.7    4:20    NW
 2  12.9  18.8   15:05   6.2    3:45   5.4   0.0   0.0   2.4  20.9   17:55     E
 3  17.6  22.7   13:15  11.2    0:10   1.9   1.2   0.0   5.6  29.0   18:00   NNW
 4  17.1  22.3   15:40  13.0    6:50   2.2   0.9   0.0   8.2  33.8    4:15   NNW
 5  13.9  20.2   19:15   7.9    5:10   4.7   0.2   0.0   2.3  19.3    0:15   NNW
 6  14.9  22.1   15:50   6.8    5:55   4.4   1.0   0.0   1.4  16.1   15:30   SSE
 7  16.3  22.8   16:00  10.0    6:30   3.1   1.1   0.0   1.4  17.7   15:15     N
 8  16.4  22.2   15:15  10.8    5:45   2.6   0.7   0.0   1.0  20.9   14:25   NNW
 9  13.0  14.9    0:10  11.9    6:15   5.3   0.0  19.6   0.5  11.3   23:55   NNW
10  13.0  14.5   18:35  11.9    3:35   5.3   0.0  17.3   0.5   8.0    0:05   NNW
11  13.0  13.5   19:40  12.3   23:40   5.3   0.0  85.6   0.6   9.7   23:05   NNW
12  12.2  14.3   16:30  11.1    7:35   6.1   0.0  52.6   1.0  11.3   14:25   NNW
13  13.7  17.8   17:55  10.4    6:55   4.7   0.0   0.5   0.5  12.9    4:45     N
14  16.5  23.7   18:05  11.3    3:05   2.8   1.0   0.0   1.6  20.9   17:05    SW
15  15.8  21.3   16:00   8.3    6:30   3.2   0.7   0.0   5.3  32.2   17:50   NNW
16  12.9  19.1   15:10   7.1    6:40   5.4   0.0   0.0   1.8  20.9   15:15   SSE
17  13.6  20.7   18:20   5.3    6:25   5.2   0.4   0.0   1.8  19.3   16:00   NNW
18  14.6  19.7   15:00   8.9    4:05   3.9   0.2   1.0   1.3  16.1   15:55   NNW
19  12.3  14.7   17:10  10.1    7:20   5.9   0.0  32.5   1.4  24.1   16:00    NW
20  17.2  23.6   17:40   7.4    6:20   2.8   1.7   0.0   2.4  19.3   16:10   SSE
21  18.0  25.4   17:05  10.3    2:30   2.7   2.4   0.0   1.9  16.1   14:35   SSE
22  18.8  25.5   16:20  11.3    5:50   2.1   2.5   0.0   1.4  16.1   17:50   SSE
23  13.6  16.3   17:40   9.7   11:55   4.7   0.0  11.2   4.2  38.6   16:00    NW
24  16.7  24.5   16:10   6.3    6:05   3.6   1.9   0.0   2.3  19.3    9:50    NW
25  15.7  22.8   16:55   7.7    5:40   3.8   1.2   0.0   1.8  17.7   12:30   SSE
26  18.1  25.4   19:00  10.0    5:20   2.5   2.3   0.0   1.1  14.5   11:55    SE
27  20.2  27.1   17:50  12.8    3:20   1.4   3.4   0.0   1.6  16.1   15:35     N
28  21.1  26.6   16:45  15.4    5:55   0.6   3.4   0.0   1.1  14.5   22:25     N
29  16.3  19.3    0:05  14.4   23:55   2.0   0.0  27.2   1.1  19.3    9:00   NNW
30  15.1  17.4   17:30  13.7    2:55   3.2   0.0   8.6   0.3   6.4   11:05   WNW
31  14.4  17.0   11:20  13.1   15:55   3.9   0.0  14.5   1.4  16.1   13:10   NNW
-------------------------------------------------------------------------------------
    15.3  27.1    27     5.3    17   120.0  26.2 290.6   2.0  38.6    23     NNW

Max >=  32.0:  0
Max <=   0.0:  0
Min <=   0.0:  0
Min <= -18.0:  0
Max Rain: 85.60 ON 11/05/16
Days of Rain: 12 (> .2 mm) 10 (> 2 mm) 5 (> 20 mm)
Heat Base:  18.3  Cool Base:  18.3  Method: Integration