NOAA-Style Climate Reports

Select a Year or Month report
2022: Gen Feb Mar Apr Mag Giu Lug Ago Set Ott Nov Dic
2021: Gen Feb Mar Apr Mag Giu Lug Ago Set Ott Nov Dic
2020: Gen Feb Mar Apr Mag Giu Lug Ago Set Ott Nov Dic
2019: Gen Feb Mar Apr Mag Giu Lug Ago Set Ott Nov Dic
2018: Gen Feb Mar Apr Mag Giu Lug Ago Set Ott Nov Dic
2017: Gen Feb Mar Apr Mag Giu Lug Ago Set Ott Nov Dic
2016: Gen Feb Mar Apr Mag Giu Lug Ago Set Ott Nov Dic
2015: Gen Feb Mar Apr Mag Giu Lug Ago Set Ott Nov Dic
2014: Gen Feb Mar Apr Mag Giu Lug Ago Set Ott Nov Dic
2013: Gen Feb Mar Apr Mag Giu Lug Ago Set Ott Nov Dic
2012: Gen Feb Mar Apr Mag Giu Lug Ago Set Ott Nov Dic

Report for 2016 Giugno
                   MONTHLY CLIMATOLOGICAL SUMMARY for JUN. 2016

NAME: Meteozippo   CITY: Malnate   STATE: Italy 
ELEV:   387 m  LAT:  45° 47' 24" N  LONG:   8° 54' 13" E

                   TEMPERATURE (°C), RAIN  (mm), WIND SPEED (km/hr)

                                      HEAT  COOL        AVG
    MEAN                              DEG   DEG         WIND                 DOM
DAY TEMP  HIGH   TIME   LOW    TIME   DAYS  DAYS  RAIN  SPEED HIGH   TIME    DIR
------------------------------------------------------------------------------------
 1  16.0  20.7   18:35  11.6    5:40   2.6   0.3  16.0   1.4  16.1   13:10   NNW
 2  16.1  20.6   18:10  13.3    3:25   2.5   0.2   4.1   1.1  12.9   13:00   NNW
 3  16.9  21.4   14:25  13.3    6:25   1.8   0.5   2.5   0.0   4.8   10:15    SE
 4  16.6  22.2   16:40  13.7   00:00   2.2   0.5  43.2   0.6  12.9   16:00   NNW
 5  17.1  24.1   16:00  12.1    5:35   2.3   1.0   0.5   1.3  17.7   15:00   NNW
 6  19.6  25.8   17:50  13.7    4:55   1.2   2.5   0.3   0.5  16.1   14:20   NNW
 7  20.1  26.9   15:20  15.1    5:45   0.8   2.5   0.0   3.1  19.3   21:15   NNW
 8  19.9  26.4   15:05  14.7    4:30   1.0   2.7   0.8   1.9  14.5    0:05   NNW
 9  18.5  24.9   17:20  13.3    6:15   1.4   1.6   0.0   1.3  17.7   16:15   NNE
10  19.1  24.9   15:50  12.6    5:50   1.5   2.3   0.3   1.6  19.3   13:25    SE
11  18.2  22.4   18:20  15.2    7:20   1.1   0.9  11.7   1.4  19.3    7:05   NNW
12  18.1  23.6   15:30  13.6    6:20   1.7   1.4   0.3   1.1  14.5   15:05   NNW
13  19.4  25.3   14:30  13.8    5:15   1.1   2.2   0.0   1.4  17.7   14:40     N
14  18.2  24.0   15:45  13.3    6:15   1.4   1.3  34.8   2.1  16.1    0:50   NNW
15  16.8  23.7   16:45  11.3    5:55   2.4   0.9   5.6   1.3  16.1   15:05    NW
16  17.1  21.1   11:50  15.2    1:55   1.4   0.2  42.9   2.1  19.3   12:00   NNW
17  17.0  22.8   16:05  11.3    6:40   2.2   0.9   6.3   2.7  24.1   16:05   NNW
18  16.3  22.9   15:10  11.4    6:05   2.9   0.9   4.1   1.9  25.7   18:25   NNW
19  16.9  23.7   15:30  12.7    2:40   2.4   1.0   0.0   1.1  12.9   15:10   NNW
20  21.4  26.8   17:30  15.4    4:35   0.4   3.5   0.0   3.2  20.9    1:50   NNW
21  21.8  26.8   16:00  16.7    6:25   0.3   3.7   0.0   1.1  16.1   15:30   NNE
22  23.1  30.6   18:55  15.5    6:10   0.6   5.4   0.0   1.3  16.1   14:10   NNW
23  25.2  32.0   17:00  18.5    5:00   0.0   6.9   0.0   1.6  14.5   12:35   NNW
24  26.2  32.4   18:10  19.9    5:35   0.0   7.9   0.0   1.4  14.5    6:00     N
25  22.3  25.3   18:30  17.6   11:15   0.0   4.1   8.6   3.7  24.1   10:10   NNW
26  22.2  28.1   17:05  16.6    4:15   0.2   4.1   3.0   2.9  27.4   20:10   NNW
27  22.1  27.6   16:45  14.7    4:10   0.4   4.2   0.3   5.0  25.7    6:25   NNW
28  21.8  28.2   18:00  14.9    6:15   0.6   4.0   0.0   1.8  14.5   18:10     N
29  22.9  28.6   16:45  18.2    5:10   0.0   4.6   0.0   0.3  19.3   15:10     S
30  22.8  28.2   17:30  18.5    6:45   0.0   4.5   8.4   0.2   6.4    1:15   NNW
-------------------------------------------------------------------------------------
    19.7  32.4    24    11.3    15    36.2  76.7 193.5   1.7  27.4    26     NNW

Max >=  32.0:  2
Max <=   0.0:  0
Min <=   0.0:  0
Min <= -18.0:  0
Max Rain: 43.18 ON 04/06/16
Days of Rain: 19 (> .2 mm) 13 (> 2 mm) 3 (> 20 mm)
Heat Base:  18.3  Cool Base:  18.3  Method: Integration