NOAA-Style Climate Reports

Select a Year or Month report
2022: Gen Feb Mar Apr Mag Giu Lug Ago Set Ott Nov Dic
2021: Gen Feb Mar Apr Mag Giu Lug Ago Set Ott Nov Dic
2020: Gen Feb Mar Apr Mag Giu Lug Ago Set Ott Nov Dic
2019: Gen Feb Mar Apr Mag Giu Lug Ago Set Ott Nov Dic
2018: Gen Feb Mar Apr Mag Giu Lug Ago Set Ott Nov Dic
2017: Gen Feb Mar Apr Mag Giu Lug Ago Set Ott Nov Dic
2016: Gen Feb Mar Apr Mag Giu Lug Ago Set Ott Nov Dic
2015: Gen Feb Mar Apr Mag Giu Lug Ago Set Ott Nov Dic
2014: Gen Feb Mar Apr Mag Giu Lug Ago Set Ott Nov Dic
2013: Gen Feb Mar Apr Mag Giu Lug Ago Set Ott Nov Dic
2012: Gen Feb Mar Apr Mag Giu Lug Ago Set Ott Nov Dic

Report for 2016 Luglio
                   MONTHLY CLIMATOLOGICAL SUMMARY for JUL. 2016

NAME: Meteozippo   CITY: Malnate   STATE: Italy 
ELEV:   387 m  LAT:  45° 47' 24" N  LONG:   8° 54' 13" E

                   TEMPERATURE (°C), RAIN  (mm), WIND SPEED (km/hr)

                                      HEAT  COOL        AVG
    MEAN                              DEG   DEG         WIND                 DOM
DAY TEMP  HIGH   TIME   LOW    TIME   DAYS  DAYS  RAIN  SPEED HIGH   TIME    DIR
------------------------------------------------------------------------------------
 1  23.0  29.2   17:55  17.3    5:20   0.1   4.8   0.0   1.3  14.5   17:35   NNW
 2  21.2  25.7   14:40  18.0   23:35   0.0   2.9  16.3   1.8  20.9   19:25   NNW
 3  22.9  30.3   17:55  15.1    6:15   0.6   5.2   0.3   0.5  12.9   15:40    SE
 4  22.5  26.5   17:45  18.8   00:00   0.0   4.2   0.0   1.1  16.1    1:30   SSE
 5  22.9  27.9   15:50  18.1    2:40   0.0   4.6   0.3   0.5  12.9   18:30    SW
 6  23.6  30.6   16:00  15.6    5:00   0.4   5.7   0.0   1.3  12.9   15:00   NNW
 7  23.9  30.4   17:10  15.6    6:30   0.2   5.9   0.0   1.4  16.1   13:45    SE
 8  24.8  29.8   16:15  20.7    6:25   0.0   6.5   0.0   1.1  17.7   17:00   SSE
 9  25.5  32.9   18:30  18.6    5:45   0.0   7.2   0.0   0.8  12.9   15:00    SW
10  26.2  32.1   17:15  21.1    4:50   0.0   7.8   0.0   0.2   6.4    2:30     N
11  25.0  31.4   15:20  19.7   20:35   0.0   6.7  22.4   1.4  29.0   20:10    NW
12  21.4  25.2   12:30  19.2    6:20   0.0   3.2  17.0   0.0   3.2    0:40   NNW
13  19.4  26.1   15:25  13.8   21:10   1.0   2.1  43.4   2.7  37.0   19:20   NNW
14  19.0  24.5   16:05  11.3    4:20   1.4   2.1   0.0   5.5  29.0   16:10   NNW
15  20.4  23.7   14:05  17.0    6:15   0.1   2.3   0.0   9.5  37.0   17:30   NNW
16  21.6  27.8   16:55  15.2    5:50   0.4   3.6   0.0   3.7  22.5    0:45   NNW
17  20.9  28.2   17:30  12.2    6:40   1.3   4.0   0.0   1.0  14.5   15:25    SW
18  23.3  31.1   17:25  16.2    3:25   0.4   5.4   0.0   0.0   3.2    0:20   SSE
19  24.3  31.6   17:20  16.7    4:55   0.1   6.2   0.0   0.0   1.6    2:00   NNW
20  25.5  31.7   16:40  19.4    5:15   0.0   7.2   0.0   0.0   6.4    2:30   NNW
21  25.1  30.4   15:30  20.4    2:10   0.0   6.7   0.0   0.0   1.6    0:35   NNW
22  21.2  24.3   18:20  17.1   11:20   0.1   2.9  40.6   1.9  38.6   10:20   NNW
23  19.8  22.9   16:20  17.4   11:55   0.1   1.5  33.8   0.0   0.0     ---   ---
24  22.7  29.4   16:35  16.2    5:30   0.2   4.7   0.0   0.0   1.6   23:55   WNW
25  24.4  31.2   17:25  18.5    6:05   0.0   6.1   0.0   0.0   0.0     ---   ---
26  24.1  30.4   16:30  19.1    4:45   0.0   5.8   3.8   1.4  19.3    1:25   NNW
27  23.0  29.1   17:20  17.4   21:20   0.1   4.8  40.4   0.5  29.0   22:15   NNW
28  21.8  28.8   17:55  15.9    6:10   0.4   3.9   0.8   1.3  16.1   13:45     N
29  23.4  29.6   17:40  17.6    6:25   0.1   5.2   0.0   0.0   3.2   12:25    SE
30  24.3  30.4   16:15  18.9    5:55   0.0   6.0   0.0   0.0   0.0     ---   ---
31  21.3  26.2   16:05  18.3    7:20   0.0   3.1  24.1   1.4  29.0    5:00   NNW
-------------------------------------------------------------------------------------
    22.9  32.9     9    11.3    14     7.0 148.4 243.1   1.3  38.6    22     NNW

Max >=  32.0:  2
Max <=   0.0:  0
Min <=   0.0:  0
Min <= -18.0:  0
Max Rain: 43.43 ON 13/07/16
Days of Rain: 12 (> .2 mm) 9 (> 2 mm) 6 (> 20 mm)
Heat Base:  18.3  Cool Base:  18.3  Method: Integration