NOAA-Style Climate Reports

Select a Year or Month report
2022: Gen Feb Mar Apr Mag Giu Lug Ago Set Ott Nov Dic
2021: Gen Feb Mar Apr Mag Giu Lug Ago Set Ott Nov Dic
2020: Gen Feb Mar Apr Mag Giu Lug Ago Set Ott Nov Dic
2019: Gen Feb Mar Apr Mag Giu Lug Ago Set Ott Nov Dic
2018: Gen Feb Mar Apr Mag Giu Lug Ago Set Ott Nov Dic
2017: Gen Feb Mar Apr Mag Giu Lug Ago Set Ott Nov Dic
2016: Gen Feb Mar Apr Mag Giu Lug Ago Set Ott Nov Dic
2015: Gen Feb Mar Apr Mag Giu Lug Ago Set Ott Nov Dic
2014: Gen Feb Mar Apr Mag Giu Lug Ago Set Ott Nov Dic
2013: Gen Feb Mar Apr Mag Giu Lug Ago Set Ott Nov Dic
2012: Gen Feb Mar Apr Mag Giu Lug Ago Set Ott Nov Dic

Report for 2016 Agosto
                   MONTHLY CLIMATOLOGICAL SUMMARY for AUG. 2016

NAME: MeteoMalnate   CITY: Malnate   STATE: Italy 
ELEV:   387 m  LAT:  45° 47' 24" N  LONG:   8° 54' 13" E

                   TEMPERATURE (°C), RAIN  (mm), WIND SPEED (km/hr)

                                      HEAT  COOL        AVG
    MEAN                              DEG   DEG         WIND                 DOM
DAY TEMP  HIGH   TIME   LOW    TIME   DAYS  DAYS  RAIN  SPEED HIGH   TIME    DIR
------------------------------------------------------------------------------------
 1  21.9  28.5   16:40  16.1    6:35   0.3   3.8   0.3   0.0   8.0    0:05    NW
 2  22.6  27.6   16:25  18.2    5:00   0.0   4.3   0.0   0.0   0.0     ---   ---
 3  23.0  29.1   18:55  17.4    4:50   0.1   4.8   0.0   0.0   0.0     ---   ---
 4  23.9  29.9   16:10  19.0    5:00   0.0   5.7  18.5   0.5  32.2   22:30   NNW
 5  18.9  22.1   15:05  16.6   11:20   0.3   0.9  18.0   3.5  37.0   10:55   NNW
 6  22.8  28.0   15:40  15.7   00:00   0.1   4.7   0.0   3.4  22.5    4:15   NNW
 7  21.1  28.2   17:30  13.6    6:00   1.2   3.9   0.0   1.3  16.1   14:50   NNW
 8  21.6  28.2   18:00  15.6    6:00   0.6   3.9   0.0   1.3  14.5   16:10     N
 9  21.6  27.9   15:20  17.0    4:50   0.1   3.4   0.0   1.6  20.9   16:50   NNW
10  21.2  25.6   16:35  16.1    6:50   0.2   3.1   0.3   5.0  29.0   12:00   NNW
11  18.8  24.5   17:20  11.4    7:10   1.6   2.2   0.0   1.9  24.1    0:35   NNW
12  18.6  25.4   18:50  12.6    6:00   2.0   2.3   0.0   1.3  14.5   13:35    NW
13  19.9  26.7   16:55  13.2    6:05   1.4   3.0   0.0   0.5  11.3   14:35     S
14  21.7  28.7   17:35  15.6    5:05   0.6   4.0   0.0   1.1  16.1   13:50     S
15  23.3  29.6   16:10  17.8    3:15   0.0   5.0   0.0   1.0  14.5   14:30     N
16  22.9  28.7   15:40  18.4    6:10   0.0   4.6   2.8   1.3  22.5   15:55   WNW
17  22.1  29.1   16:45  15.4    5:00   0.6   4.3   0.3   1.1  12.9   12:50   NNW
18  21.8  26.7   17:40  17.6    7:10   0.0   3.5   0.5   1.1  12.9   13:40    SE
19  21.3  25.9   17:50  18.8    5:25   0.0   3.0   4.3   0.6   9.7   15:40   NNW
20  19.8  22.4    9:10  18.4   11:25   0.0   1.5  41.7   1.3  17.7   10:55   NNW
21  22.3  28.2   16:05  18.0    6:10   0.0   4.1   0.0   2.1  33.8   22:55   NNW
22  20.8  26.9   17:15  13.8    6:15   0.7   3.3   0.0   2.9  29.0    1:55   SSW
23  20.3  27.4   17:00  13.6    7:05   1.2   3.2   0.0   0.0   0.0     ---   ---
24  21.6  28.3   16:05  14.9    6:20   0.7   3.9   0.0   0.0   0.0     ---   ---
25  22.1  28.9   16:25  15.9    7:05   0.4   4.2   0.0   0.0   0.0     ---   ---
26  22.1  28.2   16:05  16.9    5:15   0.1   3.9   0.0   0.0   0.0     ---   ---
27  22.3  29.3   17:40  16.2    7:10   0.3   4.4   0.0   0.0   0.0     ---   ---
28  23.1  30.2   16:10  17.8    6:35   0.0   4.9   0.0   0.8  12.9   14:30   SSW
29  22.9  29.3   17:05  17.1    7:05   0.1   4.7   0.0   0.6  12.9   14:15    SE
30  20.4  24.0   17:40  18.2    7:25   0.0   2.1   3.6   0.0   6.4    8:55   NNW
31  22.0  27.6   17:25  17.8    0:25   0.0   3.7   0.0   0.3   8.0   14:45   SSW
-------------------------------------------------------------------------------------
    21.6  30.2    28    11.4    11    12.8 114.4  90.2   1.1  37.0     5     NNW

Max >=  32.0:  0
Max <=   0.0:  0
Min <=   0.0:  0
Min <= -18.0:  0
Max Rain: 41.66 ON 20/08/16
Days of Rain: 10 (> .2 mm) 6 (> 2 mm) 1 (> 20 mm)
Heat Base:  18.3  Cool Base:  18.3  Method: Integration