NOAA-Style Climate Reports

Select a Year or Month report
2022: Gen Feb Mar Apr Mag Giu Lug Ago Set Ott Nov Dic
2021: Gen Feb Mar Apr Mag Giu Lug Ago Set Ott Nov Dic
2020: Gen Feb Mar Apr Mag Giu Lug Ago Set Ott Nov Dic
2019: Gen Feb Mar Apr Mag Giu Lug Ago Set Ott Nov Dic
2018: Gen Feb Mar Apr Mag Giu Lug Ago Set Ott Nov Dic
2017: Gen Feb Mar Apr Mag Giu Lug Ago Set Ott Nov Dic
2016: Gen Feb Mar Apr Mag Giu Lug Ago Set Ott Nov Dic
2015: Gen Feb Mar Apr Mag Giu Lug Ago Set Ott Nov Dic
2014: Gen Feb Mar Apr Mag Giu Lug Ago Set Ott Nov Dic
2013: Gen Feb Mar Apr Mag Giu Lug Ago Set Ott Nov Dic
2012: Gen Feb Mar Apr Mag Giu Lug Ago Set Ott Nov Dic

Report for 2016 Settembre
                   MONTHLY CLIMATOLOGICAL SUMMARY for SEP. 2016

NAME: MeteoMalnate   CITY: Malnate   STATE: Italy 
ELEV:   387 m  LAT:  45° 47' 24" N  LONG:   8° 54' 13" E

                   TEMPERATURE (°C), RAIN  (mm), WIND SPEED (km/hr)

                                      HEAT  COOL        AVG
    MEAN                              DEG   DEG         WIND                 DOM
DAY TEMP  HIGH   TIME   LOW    TIME   DAYS  DAYS  RAIN  SPEED HIGH   TIME    DIR
------------------------------------------------------------------------------------
 1  22.2  28.8   17:05  17.2    3:10   0.2   4.2   0.0   0.0  11.3   15:10     S
 2  23.2  28.9   17:30  18.6    3:55   0.0   4.9   0.0   1.1  12.9   13:45   NNW
 3  22.9  29.3   16:50  18.3    6:10   0.0   4.6   0.0   0.8  14.5   15:20   NNW
 4  22.7  28.2   15:55  18.7    3:20   0.0   4.4   0.0   0.5  11.3   14:10    NW
 5  23.7  29.0   15:00  17.5    5:05   0.0   5.4   0.0   2.7  22.5   15:15   NNW
 6  21.6  28.8   16:00  12.4    6:00   0.7   4.0   0.0   1.9  19.3   20:55   NNW
 7  19.5  27.7   16:25  13.0    6:05   1.7   3.0   0.0   1.1  14.5    9:55    NW
 8  21.0  27.6   16:20  15.1    7:30   0.5   3.2   0.0   1.0  12.9   12:55   NNW
 9  21.8  29.4   16:50  16.3    5:50   0.6   4.1   0.0   0.8  14.5   15:40   NNW
10  22.7  29.2   17:00  17.2    7:05   0.0   4.5   0.0   1.0  14.5   13:40   NNW
11  22.9  29.4   16:50  17.3    7:05   0.0   4.7   0.0   1.0  11.3   13:45     N
12  22.6  28.4   14:10  18.5    5:20   0.0   4.3   0.5   2.3  17.7    3:30   NNW
13  21.9  29.2   17:25  16.3    6:30   0.2   3.8   0.0   1.0  11.3   16:05   NNW
14  21.7  29.0   16:10  16.4    7:15   0.3   3.6   0.0   1.0  11.3   16:25   NNW
15  18.5  22.4   15:45  16.9    5:40   0.5   0.7  48.8   1.4  22.5   11:05   NNW
16  16.6  21.6   12:15  15.0   14:15   1.9   0.2  23.1   1.3  20.9   17:15    NW
17  16.7  23.3   15:05  11.9    5:40   2.5   0.9  20.1   0.6  14.5   22:15    NW
18  16.1  22.1   16:00  13.3   00:00   2.6   0.4   1.0   0.6  14.5    0:30   NNW
19  18.8  24.9   15:35  12.8    6:20   1.8   2.3   0.3   4.2  27.4   14:15   NNW
20  18.2  24.4   16:10  13.5    6:30   1.7   1.6   0.0   1.8  20.9    0:25   NNW
21  14.8  19.8   17:10  12.1    5:50   3.5   0.0 107.7   0.5  19.3    4:55     N
22  15.6  20.3   16:45  12.8    8:10   3.0   0.2   0.0   0.3   9.7   11:55   SSE
23  16.4  22.2   16:45  11.9    7:45   2.7   0.8   0.3   0.6  11.3   13:50    NW
24  16.5  22.9   16:25  12.4   23:55   2.8   1.0   0.0   0.5  11.3   12:50   NNE
25  15.9  23.4   16:25  10.7    7:45   3.6   1.3   0.3   0.8  16.1   14:15   NNE
26  16.3  23.7   16:25  11.4    5:45   3.2   1.2   0.3   0.6  11.3   13:00   NNW
27  16.8  23.8   16:00  12.4    4:50   2.7   1.2   0.0   0.8  14.5   14:35     N
28  16.7  23.7   15:30  11.9    7:15   2.8   1.3   0.3   0.6  14.5   14:10   NNW
29  17.0  23.4   15:55  12.6    7:00   2.5   1.3   0.3   0.8  14.5   15:10     N
30  16.7  22.4   15:50  12.0    7:00   2.6   0.9   0.3   0.8  14.5   14:00     N
-------------------------------------------------------------------------------------
    19.3  29.4     9    10.7    25    45.0  74.0 202.9   1.1  27.4    19     NNW

Max >=  32.0:  0
Max <=   0.0:  0
Min <=   0.0:  0
Min <= -18.0:  0
Max Rain: 107.70 ON 21/09/16
Days of Rain: 13 (> .2 mm) 4 (> 2 mm) 4 (> 20 mm)
Heat Base:  18.3  Cool Base:  18.3  Method: Integration