NOAA-Style Climate Reports

Select a Year or Month report
2022: Gen Feb Mar Apr Mag Giu Lug Ago Set Ott Nov Dic
2021: Gen Feb Mar Apr Mag Giu Lug Ago Set Ott Nov Dic
2020: Gen Feb Mar Apr Mag Giu Lug Ago Set Ott Nov Dic
2019: Gen Feb Mar Apr Mag Giu Lug Ago Set Ott Nov Dic
2018: Gen Feb Mar Apr Mag Giu Lug Ago Set Ott Nov Dic
2017: Gen Feb Mar Apr Mag Giu Lug Ago Set Ott Nov Dic
2016: Gen Feb Mar Apr Mag Giu Lug Ago Set Ott Nov Dic
2015: Gen Feb Mar Apr Mag Giu Lug Ago Set Ott Nov Dic
2014: Gen Feb Mar Apr Mag Giu Lug Ago Set Ott Nov Dic
2013: Gen Feb Mar Apr Mag Giu Lug Ago Set Ott Nov Dic
2012: Gen Feb Mar Apr Mag Giu Lug Ago Set Ott Nov Dic

Report for 2016 Ottobre
                   MONTHLY CLIMATOLOGICAL SUMMARY for OCT. 2016

NAME: MeteoMalnate   CITY: Malnate   STATE: Italy 
ELEV:   387 m  LAT:  45° 47' 24" N  LONG:   8° 54' 13" E

                   TEMPERATURE (°C), RAIN  (mm), WIND SPEED (km/hr)

                                      HEAT  COOL        AVG
    MEAN                              DEG   DEG         WIND                 DOM
DAY TEMP  HIGH   TIME   LOW    TIME   DAYS  DAYS  RAIN  SPEED HIGH   TIME    DIR
------------------------------------------------------------------------------------
 1  15.7  20.1   14:10  12.8    2:35   2.7   0.1  14.2   1.3  11.3   13:30    NW
 2  16.8  21.7   16:40  14.2   23:25   2.2   0.7   0.0   1.0  14.5   12:55    NW
 3  15.9  22.3   16:10   9.5   23:35   3.2   0.9   0.0   3.7  29.0   10:55   NNW
 4  13.5  21.7   15:45   7.4    6:45   5.4   0.6   0.0   1.6  12.9   17:05   NNW
 5  13.5  19.7   14:50   8.2    5:50   5.0   0.1   0.0   1.8  24.1   20:10   NNW
 6  11.4  15.8   15:20   7.3   23:15   6.9   0.0   0.0   0.8  14.5    1:35     N
 7  10.4  17.7   15:25   5.2    7:10   7.9   0.0   0.3   0.6  12.9   13:20    SW
 8  11.2  17.3   14:50   6.4    6:55   7.1   0.0   0.3   0.6  11.3   14:20     N
 9   9.6  10.6    1:55   7.8   22:40   8.7   0.0  23.1   1.3  19.3   17:55   NNW
10   9.2  14.4   16:10   5.4    8:45   9.1   0.0   0.0   0.8  12.9   15:50    SW
11   8.3  13.1   15:40   4.0   23:45  10.0   0.0   0.3   0.8  12.9   15:10   NNW
12   6.9  15.0   15:25   1.3    7:20  11.4   0.0   0.3   0.5  12.9   14:35   SSE
13   8.0   9.9   11:40   5.9    0:05  10.3   0.0   4.3   0.6  11.3   23:35     N
14   8.9  10.8   17:10   7.4    0:05   9.4   0.0  45.0   1.8  22.5   14:55   NNW
15  11.8  13.8   18:05  10.6    0:05   6.5   0.0  18.8   0.2   6.4    1:15     N
16  13.0  19.1   14:35   9.4    8:30   5.3   0.0   0.3   0.6  11.3   14:50     N
17  13.2  17.1   13:45  10.4    8:20   5.1   0.0   0.3   0.5   9.7   14:30     N
18  12.4  18.7   15:10   8.0    8:05   5.8   0.0   0.3   0.6  11.3   14:45     N
19  12.4  15.5   13:45  10.2    0:05   5.9   0.0   5.3   0.2   8.0    9:45    NW
20  11.0  17.6   13:30   5.6    8:40   7.3   0.0   0.3   0.6  17.7   14:25    NW
21   9.5  15.6   14:10   5.1    7:50   8.8   0.0   0.3   0.8  16.1   13:20   NNW
22   8.9  12.3   16:25   6.4    7:00   9.4   0.0   0.3   0.3   6.4    7:35     N
23   9.2  10.3   15:15   7.7    0:05   9.1   0.0   4.3   0.2   6.4    0:05     N
24  10.7  12.2   16:00   9.4    2:00   7.6   0.0   3.0   0.0   4.8    5:05     N
25  12.3  13.3   17:10  11.4    0:10   6.0   0.0   4.1   0.0   4.8   12:05   NNE
26  13.3  17.1   14:40  11.8    7:45   5.0   0.0  20.8   0.3   8.0   15:45    NW
27  12.8  17.8   15:30   9.0    7:55   5.5   0.0   0.3   1.0  11.3    6:10     N
28  11.9  16.9   13:55   7.4   23:45   6.3   0.0   0.0   0.3   9.7   13:55   NNW
29  10.3  18.3   15:40   4.9    8:35   8.0   0.0   0.5   0.3   8.0   13:20   SSW
30  10.4  18.5   13:00   5.3    7:05   7.9   0.0   0.3   0.3  11.3   13:20    SE
31   8.9  14.7   14:05   5.6    7:20   9.3   0.0   0.3   0.2   8.0   11:25   SSE
-------------------------------------------------------------------------------------
    11.3  22.3     3     1.3    12   218.2   2.5 146.8   0.8  29.0     3       N

Max >=  32.0:  0
Max <=   0.0:  0
Min <=   0.0:  0
Min <= -18.0:  0
Max Rain: 44.96 ON 14/10/16
Days of Rain: 24 (> .2 mm) 10 (> 2 mm) 3 (> 20 mm)
Heat Base:  18.3  Cool Base:  18.3  Method: Integration