NOAA-Style Climate Reports

Select a Year or Month report
2022: Gen Feb Mar Apr Mag Giu Lug Ago Set Ott Nov Dic
2021: Gen Feb Mar Apr Mag Giu Lug Ago Set Ott Nov Dic
2020: Gen Feb Mar Apr Mag Giu Lug Ago Set Ott Nov Dic
2019: Gen Feb Mar Apr Mag Giu Lug Ago Set Ott Nov Dic
2018: Gen Feb Mar Apr Mag Giu Lug Ago Set Ott Nov Dic
2017: Gen Feb Mar Apr Mag Giu Lug Ago Set Ott Nov Dic
2016: Gen Feb Mar Apr Mag Giu Lug Ago Set Ott Nov Dic
2015: Gen Feb Mar Apr Mag Giu Lug Ago Set Ott Nov Dic
2014: Gen Feb Mar Apr Mag Giu Lug Ago Set Ott Nov Dic
2013: Gen Feb Mar Apr Mag Giu Lug Ago Set Ott Nov Dic
2012: Gen Feb Mar Apr Mag Giu Lug Ago Set Ott Nov Dic

Report for 2016 Novembre
                   MONTHLY CLIMATOLOGICAL SUMMARY for NOV. 2016

NAME: MeteoMalnate   CITY: Malnate   STATE: Italy 
ELEV:   387 m  LAT:  45° 47' 24" N  LONG:   8° 54' 13" E

                   TEMPERATURE (°C), RAIN  (mm), WIND SPEED (km/hr)

                                      HEAT  COOL        AVG
    MEAN                              DEG   DEG         WIND                 DOM
DAY TEMP  HIGH   TIME   LOW    TIME   DAYS  DAYS  RAIN  SPEED HIGH   TIME    DIR
------------------------------------------------------------------------------------
 1  10.6  15.6   13:50   6.2   22:30   7.8   0.0   0.0   0.6  11.3   11:00   SSE
 2  10.3  14.8   11:35   6.1   22:50   8.0   0.0   0.3   0.3   8.0    9:40     N
 3   8.8  15.6   12:25   3.6    6:20   9.5   0.0   0.3   0.5   9.7   14:10     N
 4  10.1  13.1   13:10   8.1   18:45   8.2   0.0   0.0   0.2   6.4   10:35   NNW
 5   8.7   9.1   14:35   8.0    6:30   9.7   0.0  20.1   0.0   4.8    4:30     W
 6   8.6   9.9   13:15   4.7   19:25   9.7   0.0   3.6   0.8  17.7   23:55    NW
 7   6.3  13.7   13:00   1.2    7:45  12.0   0.0   0.0   1.0  12.9    0:05   NNW
 8   4.9  12.3   13:25   0.2   22:25  13.4   0.0   0.0   1.1  12.9    2:35   NNW
 9   3.3   8.8   13:10  -1.7    5:55  15.0   0.0   0.0   0.5  11.3   14:50     N
10   3.9  11.7   13:50  -1.3    5:20  14.4   0.0   0.3   0.6  12.9   14:25   ENE
11   4.9   9.9   14:35   0.0    3:40  13.4   0.0   0.8   0.8  19.3   23:00   NNW
12   8.9  15.0   12:40   1.2   23:40   9.4   0.0   0.0   3.7  30.6    9:40   NNW
13   6.2  13.1   13:35   1.2    0:55  12.1   0.0   0.0   1.0   9.7   11:55    SE
14   5.1   8.3   15:15   0.8   22:50  13.3   0.0   0.0   0.2   8.0   12:55     S
15   3.8   6.1   12:10  -0.3   23:45  14.5   0.0   0.0   0.3   9.7   12:30   SSE
16   3.5   9.5   13:05  -0.7    2:45  14.8   0.0   0.0   0.3   9.7   11:35   SSE
17   5.0   7.4   15:25   1.2    2:00  13.3   0.0   0.5   0.0   6.4   12:30     W
18   6.6   7.5   13:05   5.6    7:00  11.7   0.0   5.3   0.0   4.8    8:35   WNW
19   7.1   8.1   16:30   5.4   19:20  11.2   0.0   7.9   0.2   9.7   23:15   NNW
20   7.9   9.4   15:30   6.3    1:50  10.3   0.0   2.3   0.0   4.8    2:15    NW
21   8.6   9.4   00:00   8.2    1:05   9.7   0.0  33.0   0.2   8.0   13:25    NW
22  10.6  11.8   14:10   9.3    0:05   7.7   0.0  57.7   0.2   6.4    3:00     N
23  11.0  11.6   13:20  10.4   23:10   7.3   0.0   4.1   0.5   8.0    0:45   NNW
24  10.9  11.8   14:55  10.2    6:50   7.3   0.0  17.5   0.8   9.7   20:20   NNW
25  10.9  11.9   13:10  10.0   20:00   7.4   0.0  48.8   1.0  12.9    9:50    NW
26   9.9  14.8   13:10   5.4   23:40   8.4   0.0   4.8   0.6  17.7    1:30   NNW
27   7.4  13.4   14:00   4.3    2:20  10.8   0.0   0.3   0.6   9.7   12:20   NNW
28   8.6  12.8   13:40   5.8   00:00   9.7   0.0   0.3   1.1  19.3   21:45   NNW
29   2.9   5.8    0:05  -1.8   23:45  15.4   0.0   0.0   0.5  12.9    0:20   SSW
30   1.4   8.7   14:10  -2.8    8:10  16.9   0.0   0.0   0.2   9.7   13:05   ENE
-------------------------------------------------------------------------------------
     7.2  15.6     1    -2.8    30   332.3   0.0 207.5   0.6  30.6    12     NNW

Max >=  32.0:  0
Max <=   0.0:  0
Min <=   0.0:  7
Min <= -18.0:  0
Max Rain: 57.66 ON 22/11/16
Days of Rain: 18 (> .2 mm) 11 (> 2 mm) 4 (> 20 mm)
Heat Base:  18.3  Cool Base:  18.3  Method: Integration