NOAA-Style Climate Reports

Select a Year or Month report
2022: Gen Feb Mar Apr Mag Giu Lug Ago Set Ott Nov Dic
2021: Gen Feb Mar Apr Mag Giu Lug Ago Set Ott Nov Dic
2020: Gen Feb Mar Apr Mag Giu Lug Ago Set Ott Nov Dic
2019: Gen Feb Mar Apr Mag Giu Lug Ago Set Ott Nov Dic
2018: Gen Feb Mar Apr Mag Giu Lug Ago Set Ott Nov Dic
2017: Gen Feb Mar Apr Mag Giu Lug Ago Set Ott Nov Dic
2016: Gen Feb Mar Apr Mag Giu Lug Ago Set Ott Nov Dic
2015: Gen Feb Mar Apr Mag Giu Lug Ago Set Ott Nov Dic
2014: Gen Feb Mar Apr Mag Giu Lug Ago Set Ott Nov Dic
2013: Gen Feb Mar Apr Mag Giu Lug Ago Set Ott Nov Dic
2012: Gen Feb Mar Apr Mag Giu Lug Ago Set Ott Nov Dic

Report for 2016 Dicembre
                   MONTHLY CLIMATOLOGICAL SUMMARY for DEC. 2016

NAME: MeteoMalnate   CITY: Malnate   STATE: Italy 
ELEV:   387 m  LAT:  45° 47' 24" N  LONG:   8° 54' 13" E

                   TEMPERATURE (°C), RAIN  (mm), WIND SPEED (km/hr)

                                      HEAT  COOL        AVG
    MEAN                              DEG   DEG         WIND                 DOM
DAY TEMP  HIGH   TIME   LOW    TIME   DAYS  DAYS  RAIN  SPEED HIGH   TIME    DIR
------------------------------------------------------------------------------------
 1   4.0  13.7   14:15  -2.4    5:00  14.3   0.0   0.3   0.3   8.0   11:35     S
 2   5.8  14.1   14:00   1.0    4:55  12.5   0.0   0.0   0.8  16.1   13:45    SE
 3   6.2   7.6   14:00   5.2   23:30  12.1   0.0   0.0   0.3   9.7   13:15   SSE
 4   6.2   8.6   14:25   4.9    7:25  12.1   0.0   0.3   0.0   4.8   10:30   SSE
 5   5.9  11.8   13:40   1.0   23:20  12.4   0.0   0.0   0.5   9.7   15:00   SSE
 6   3.5  11.4   14:20  -1.1    8:00  14.8   0.0   0.0   0.5   8.0   12:45     N
 7   2.7  11.5   14:05  -1.9    7:50  15.6   0.0   0.3   0.2   9.7   13:55     N
 8   2.3  11.3   14:00  -2.4    8:20  16.0   0.0   0.3   0.2   6.4   13:25     S
 9   2.7  12.0   14:20  -2.4    7:45  15.6   0.0   0.0   0.2   8.0   14:40   SSE
10   3.7  12.4   13:15  -1.9    7:50  14.6   0.0   0.3   0.6  14.5   14:15   SSE
11   4.3  11.4   12:45   0.0    5:05  14.0   0.0   0.3   0.3   8.0    7:00     S
12   1.3   3.4   13:35  -1.2   23:40  17.0   0.0   0.0   0.3   8.0   10:40   NNW
13   1.9   9.9   14:00  -1.8    8:20  16.4   0.0   0.3   0.2   9.7   14:10     N
14   0.2   7.6   13:15  -3.6    7:35  18.1   0.0   0.0   0.3  11.3   15:05   SSW
15  -0.8   5.2   12:20  -3.6    7:55  19.1   0.0   0.3   0.2   9.7   12:30    SW
16   0.4   4.6   15:25  -4.1    6:10  17.9   0.0   0.3   0.0   4.8   18:30    NE
17   1.1   8.9   14:15  -2.7    8:30  17.2   0.0   0.3   0.2   8.0   12:45     N
18   0.9   8.9   14:40  -3.9    7:55  17.4   0.0   0.0   0.3   9.7   13:20   SSE
19   1.9   4.1   19:50  -0.6    1:00  16.4   0.0   0.8   0.6  14.5   17:40   NNW
20   5.3   7.5   14:45   2.8    1:40  13.0   0.0   2.3   0.3   9.7    3:05   WSW
21   7.0  13.1   12:45   2.7   23:25  11.3   0.0   0.3   0.5   8.0    2:25   NNW
22   5.4  13.5   13:45   1.3   22:30  12.9   0.0   0.3   0.5   8.0   13:15   NNE
23   4.9  15.3   14:30  -0.6    7:30  13.4   0.0   0.3   0.5   9.7   21:45   NNW
24   4.8  12.8   14:50   0.6    8:10  13.5   0.0   0.0   0.3   9.7    1:05    NW
25   5.2  13.5   13:35   0.8    5:50  13.1   0.0   0.0   0.3  12.9    9:15    SE
26   6.9  16.3   13:10   2.2    7:15  11.3   0.0   0.0   0.6  11.3   14:25     N
27  14.5  18.3   14:25   5.8   00:00   3.8   0.0   0.0   5.3  38.6   17:45   NNW
28   7.7  15.7   23:40  -0.1    8:45  10.7   0.0   0.0   2.1  29.0   22:55   SSE
29   6.1  15.7    0:05   1.9   00:00  12.2   0.0   0.0   1.4  27.4    0:30   NNW
30   1.5   8.1   13:50  -2.6    8:05  16.8   0.0   0.0   0.3   8.0   13:15    NW
31   1.2  10.3   14:50  -3.4    8:30  17.1   0.0   0.3   0.2   6.4   12:20   SSW
-------------------------------------------------------------------------------------
     4.0  18.3    27    -4.1    16   442.6   0.0   6.6   0.6  38.6    27     NNW

Max >=  32.0:  0
Max <=   0.0:  0
Min <=   0.0: 19
Min <= -18.0:  0
Max Rain: 2.29 ON 20/12/16
Days of Rain: 16 (> .2 mm) 1 (> 2 mm) 0 (> 20 mm)
Heat Base:  18.3  Cool Base:  18.3  Method: Integration