NOAA-Style Climate Reports

Select a Year or Month report
2022: Gen Feb Mar Apr Mag Giu Lug Ago Set Ott Nov Dic
2021: Gen Feb Mar Apr Mag Giu Lug Ago Set Ott Nov Dic
2020: Gen Feb Mar Apr Mag Giu Lug Ago Set Ott Nov Dic
2019: Gen Feb Mar Apr Mag Giu Lug Ago Set Ott Nov Dic
2018: Gen Feb Mar Apr Mag Giu Lug Ago Set Ott Nov Dic
2017: Gen Feb Mar Apr Mag Giu Lug Ago Set Ott Nov Dic
2016: Gen Feb Mar Apr Mag Giu Lug Ago Set Ott Nov Dic
2015: Gen Feb Mar Apr Mag Giu Lug Ago Set Ott Nov Dic
2014: Gen Feb Mar Apr Mag Giu Lug Ago Set Ott Nov Dic
2013: Gen Feb Mar Apr Mag Giu Lug Ago Set Ott Nov Dic
2012: Gen Feb Mar Apr Mag Giu Lug Ago Set Ott Nov Dic

Report for 2017 Gennaio
                   MONTHLY CLIMATOLOGICAL SUMMARY for JAN. 2017

NAME: MeteoMalnate   CITY: Malnate   STATE: Italy 
ELEV:   387 m  LAT:  45° 47' 24" N  LONG:   8° 54' 13" E

                   TEMPERATURE (°C), RAIN  (mm), WIND SPEED (km/hr)

                                      HEAT  COOL        AVG
    MEAN                              DEG   DEG         WIND                 DOM
DAY TEMP  HIGH   TIME   LOW    TIME   DAYS  DAYS  RAIN  SPEED HIGH   TIME    DIR
------------------------------------------------------------------------------------
 1   1.0  10.2   13:50  -4.2    8:05  17.3   0.0   0.0   0.5  11.3   14:35     N
 2   2.6  10.4   12:40  -2.2    8:20  15.8   0.0   0.0   1.0  11.3   11:40   NNW
 3   3.5   8.9   13:05  -1.9   23:00  14.8   0.0   0.0   2.4  27.4    9:00    SE
 4   3.8  12.4   18:05  -3.3    7:35  14.5   0.0   0.3   3.5  37.0   22:20   NNW
 5   4.2   6.7    0:05   1.8   23:20  14.1   0.0   0.0   7.1  35.4   10:25   NNW
 6  -1.0   5.6   13:10  -6.0   00:00  19.3   0.0   0.0   1.6  29.0    1:10   NNW
 7  -3.4   2.8   14:55  -7.6    6:55  21.7   0.0   0.0   0.6  11.3   12:50     S
 8  -3.8   2.8   14:20  -7.6    8:30  22.1   0.0   0.0   0.5  11.3   13:00     S
 9  -2.4   7.1   14:25  -7.6    2:20  20.7   0.0   0.0   0.3   9.7   13:50    SE
10  -1.5   0.0   15:00  -4.9    2:35  19.8   0.0   0.0   0.0   4.8    0:50     N
11  -1.6  -0.7   15:50  -3.1   22:50  19.9   0.0   0.0   0.3   8.0   15:30   SSW
12   0.4   4.1   13:05  -3.0    0:55  17.9   0.0   0.0   2.4  17.7    2:20   NNW
13   1.2   5.4   14:50  -1.3    0:05  17.2   0.0   4.1   2.1  29.0   17:55   NNW
14   3.2   7.7   14:00  -2.8    4:15  15.1   0.0   3.6   3.7  27.4   19:05   NNW
15   3.1   6.5   13:50  -3.3   23:50  15.2   0.0   0.5   6.0  35.4    4:40   NNW
16   0.1   4.6   13:30  -5.1    7:05  18.3   0.0   0.0   4.8  29.0   13:40   NNW
17   1.4   5.5   14:00  -1.6   19:10  16.9   0.0   0.0   3.5  22.5    2:45   NNW
18  -0.6   6.2   14:35  -6.0    8:25  18.9   0.0   0.3   0.6   9.7    1:05     N
19  -0.3   6.3   14:15  -5.0    6:00  18.6   0.0   0.0   0.8  11.3   14:15    SW
20  -0.5   6.9   14:45  -4.8    3:00  18.8   0.0   0.0   0.5   8.0   13:25    SE
21  -0.6   8.0   14:50  -5.7    8:20  18.9   0.0   0.0   0.3   8.0   13:50    SE
22   0.9   9.1   14:50  -4.9    6:45  17.4   0.0   0.0   0.8  12.9   22:55   SSW
23   1.8   9.4   14:10  -3.2    8:40  16.5   0.0   0.0   1.1  14.5   23:45   NNW
24   3.2  12.1   14:20  -2.7    5:05  15.1   0.0   0.0   1.3  12.9    1:05   SSW
25   1.5   9.5   13:00  -3.5    7:15  16.8   0.0   0.0   0.8  11.3   14:05     N
26  -0.3   6.5   14:45  -4.1    5:20  18.6   0.0   0.0   0.6   9.7   13:15    SE
27   0.4   5.3   14:15  -3.5    5:55  17.9   0.0   0.0   0.3   8.0   14:50     S
28   1.4   5.8   14:20  -1.8   23:35  16.8   0.0   0.0   0.5   9.7   13:35     S
29   1.8   8.2   14:15  -1.8    8:30  16.5   0.0   0.0   0.5  11.3   13:55   SSE
30   2.6   7.1   14:15  -2.1    3:35  15.7   0.0   0.3   0.3   9.7   12:50   SSE
31   2.2   5.8   15:25  -0.8   23:45  16.1   0.0   0.0   0.2   9.7   14:00   SSE
-------------------------------------------------------------------------------------
     0.8  12.4     4    -7.6     7   543.0   0.0   8.9   1.6  37.0     4     NNW

Max >=  32.0:  0
Max <=   0.0:  2
Min <=   0.0: 30
Min <= -18.0:  0
Max Rain: 4.06 ON 13/01/17
Days of Rain: 6 (> .2 mm) 2 (> 2 mm) 0 (> 20 mm)
Heat Base:  18.3  Cool Base:  18.3  Method: Integration