NOAA-Style Climate Reports

Select a Year or Month report
2022: Gen Feb Mar Apr Mag Giu Lug Ago Set Ott Nov Dic
2021: Gen Feb Mar Apr Mag Giu Lug Ago Set Ott Nov Dic
2020: Gen Feb Mar Apr Mag Giu Lug Ago Set Ott Nov Dic
2019: Gen Feb Mar Apr Mag Giu Lug Ago Set Ott Nov Dic
2018: Gen Feb Mar Apr Mag Giu Lug Ago Set Ott Nov Dic
2017: Gen Feb Mar Apr Mag Giu Lug Ago Set Ott Nov Dic
2016: Gen Feb Mar Apr Mag Giu Lug Ago Set Ott Nov Dic
2015: Gen Feb Mar Apr Mag Giu Lug Ago Set Ott Nov Dic
2014: Gen Feb Mar Apr Mag Giu Lug Ago Set Ott Nov Dic
2013: Gen Feb Mar Apr Mag Giu Lug Ago Set Ott Nov Dic
2012: Gen Feb Mar Apr Mag Giu Lug Ago Set Ott Nov Dic

Report for 2017 Febbraio
                   MONTHLY CLIMATOLOGICAL SUMMARY for FEB. 2017

NAME: MeteoMalnate   CITY: Malnate   STATE: Italy 
ELEV:   387 m  LAT:  45° 47' 24" N  LONG:   8° 54' 13" E

                   TEMPERATURE (°C), RAIN  (mm), WIND SPEED (km/hr)

                                      HEAT  COOL        AVG
    MEAN                              DEG   DEG         WIND                 DOM
DAY TEMP  HIGH   TIME   LOW    TIME   DAYS  DAYS  RAIN  SPEED HIGH   TIME    DIR
------------------------------------------------------------------------------------
 1   3.2   6.7   14:55  -1.7    3:55  15.2   0.0   0.0   0.0   6.4   11:30     S
 2   5.2   5.9   11:20   4.4    0:55  13.1   0.0  17.3   0.0   4.8   14:40     E
 3   5.7   6.9   15:20   5.0    5:25  12.6   0.0  25.9   0.5   9.7   10:25   NNW
 4   5.2   6.4   11:55   2.3   21:55  13.1   0.0   4.3   0.3   8.0   11:05    NW
 5   2.7   3.9   12:20   0.4    2:25  15.6   0.0  17.5   1.0  12.9    2:55   NNW
 6   8.8  14.7   13:05   2.6    6:50   9.5   0.0   1.0   6.6  40.2   11:45   NNW
 7   5.4  12.0   13:30   1.1    5:35  12.9   0.0   0.0   1.0  14.5   13:50    NW
 8   4.9   6.1   12:45   1.2    0:15  13.4   0.0   0.0   0.3   6.4    0:25   NNW
 9   4.1   6.4   14:05   3.0    8:50  14.2   0.0   0.0   0.3   9.7   14:25   SSW
10   2.0   3.1    0:05   1.1    9:15  16.3   0.0   9.7   0.2   6.4    8:20   SSW
11   3.2   5.2   15:45   1.4    0:05  15.2   0.0   3.0   0.0   4.8    1:40   NNW
12   5.1   8.6   15:00   2.3   00:00  13.2   0.0   0.0   0.2   6.4    9:25   NNW
13   4.3   7.8   13:10   0.4    4:45  14.0   0.0   0.3   0.5   9.7   11:30   NNW
14   6.3  11.9   15:25   1.6   23:45  12.0   0.0   0.0   0.5  11.3   11:50   SSW
15   6.3  15.2   15:10   0.3    5:10  12.0   0.0   0.3   0.8  11.3   13:45     N
16   6.7  15.8   15:30  -0.1    7:55  11.6   0.0   0.0   1.0  12.9   13:30     N
17   7.1  14.1   15:00   1.2    5:20  11.2   0.0   0.0   1.4  16.1   15:00     N
18   5.6  12.3   15:15   0.2    6:50  12.7   0.0   0.0   1.1  17.7    0:40     N
19   3.6  10.2   15:45  -0.8    6:10  14.7   0.0   0.3   1.0  14.5   14:05    SW
20   3.1   9.8   15:55  -1.7    7:00  15.2   0.0   0.3   0.8  11.3   12:55   SSE
21   5.6  14.1   15:15   0.5    6:05  12.7   0.0   0.0   0.8  12.9   13:40    SE
22   6.2  13.4   15:05   1.2    6:45  12.1   0.0   0.0   1.1  16.1   13:25    SE
23   5.9   9.9   13:05   2.0    7:00  12.3   0.0   0.8   0.2   9.7   14:00   SSE
24   9.5  13.7   15:50   6.6    7:25   8.8   0.0   0.3   3.5  41.8   23:00   NNW
25   6.9  12.1   15:20   1.2   00:00  11.4   0.0   0.0   1.9  33.8    0:05    SE
26   5.9  13.8   15:10  -0.6    5:10  12.4   0.0   0.0   1.1  14.5   12:35   SSE
27   6.9  13.1   15:20   1.7    7:45  11.4   0.0   1.5   1.1  19.3   15:05   SSE
28   6.3   7.4   15:05   4.9   23:05  12.0   0.0   9.4   0.5  11.3   18:55    NW
-------------------------------------------------------------------------------------
     5.4  15.8    16    -1.7     1   360.5   0.0  91.7   1.0  41.8    24     NNW

Max >=  32.0:  0
Max <=   0.0:  0
Min <=   0.0:  5
Min <= -18.0:  0
Max Rain: 25.91 ON 03/02/17
Days of Rain: 15 (> .2 mm) 7 (> 2 mm) 1 (> 20 mm)
Heat Base:  18.3  Cool Base:  18.3  Method: Integration