NOAA-Style Climate Reports

Select a Year or Month report
2022: Gen Feb Mar Apr Mag Giu Lug Ago Set Ott Nov Dic
2021: Gen Feb Mar Apr Mag Giu Lug Ago Set Ott Nov Dic
2020: Gen Feb Mar Apr Mag Giu Lug Ago Set Ott Nov Dic
2019: Gen Feb Mar Apr Mag Giu Lug Ago Set Ott Nov Dic
2018: Gen Feb Mar Apr Mag Giu Lug Ago Set Ott Nov Dic
2017: Gen Feb Mar Apr Mag Giu Lug Ago Set Ott Nov Dic
2016: Gen Feb Mar Apr Mag Giu Lug Ago Set Ott Nov Dic
2015: Gen Feb Mar Apr Mag Giu Lug Ago Set Ott Nov Dic
2014: Gen Feb Mar Apr Mag Giu Lug Ago Set Ott Nov Dic
2013: Gen Feb Mar Apr Mag Giu Lug Ago Set Ott Nov Dic
2012: Gen Feb Mar Apr Mag Giu Lug Ago Set Ott Nov Dic

Report for 2017 Aprile
                   MONTHLY CLIMATOLOGICAL SUMMARY for APR. 2017

NAME: MeteoMalnate   CITY: Malnate   STATE: Italy 
ELEV:   387 m  LAT:  45° 47' 24" N  LONG:   8° 54' 13" E

                   TEMPERATURE (°C), RAIN  (mm), WIND SPEED (km/hr)

                                      HEAT  COOL        AVG
    MEAN                              DEG   DEG         WIND                 DOM
DAY TEMP  HIGH   TIME   LOW    TIME   DAYS  DAYS  RAIN  SPEED HIGH   TIME    DIR
------------------------------------------------------------------------------------
 1  14.0  20.5   15:00   9.2    7:10   4.4   0.1   3.6   1.6  17.7   14:35   SSE
 2  12.7  18.3   16:40   8.8    7:10   5.6   0.0   2.0   2.6  20.9    0:40   NNW
 3  15.4  23.5   16:15   6.6    7:25   4.1   1.2   0.0   2.4  19.3    3:20     S
 4  14.9  22.5   15:05   8.0    4:55   4.1   0.7   0.3   1.9  22.5   20:40     N
 5  13.3  17.8   15:25   8.2   00:00   5.0   0.0   0.0   2.3  19.3   17:20    SE
 6  15.1  22.4   16:55   7.1    2:35   4.2   0.9   0.0   3.9  25.7   10:50   NNW
 7  12.6  19.5   17:30   7.3    7:25   5.8   0.1   0.0   1.1  14.5   15:40   SSE
 8  13.5  21.9   17:30   5.7    6:50   5.5   0.7   0.0   1.4  17.7   13:25    SE
 9  14.8  22.3   16:55   7.7    7:05   4.4   0.9   0.0   1.3  17.7   13:20   SSE
10  16.2  23.7   17:30   8.9    6:20   3.5   1.4   0.0   1.6  17.7   13:55   NNW
11  16.0  24.2   16:50   9.1    5:35   3.5   1.2   0.0   1.6  12.9   11:25   NNE
12  16.0  20.8   16:45  11.4   23:50   2.8   0.5   0.0   1.6  22.5   16:35    SE
13  15.9  23.4   17:20   8.3    6:45   3.9   1.4   0.0   1.8  20.9   14:25    SE
14  14.6  21.6   15:35   7.8    7:15   4.3   0.6   0.3   1.6  16.1   14:25    SE
15  15.0  21.3   17:10   8.7    5:30   3.9   0.6   0.0   1.6  20.9   18:10    SE
16  15.8  23.0   16:00   8.1    6:05   3.6   1.1   0.0   4.0  30.6   21:45   NNW
17  12.9  18.0   17:35   7.8   00:00   5.4   0.0   0.0   2.1  25.7    0:55   NNW
18  10.0  14.4    9:40   6.4    2:15   8.3   0.0   0.0   8.2  56.3   14:55   NNW
19   9.2  13.2   14:35   5.6    3:00   9.1   0.0   0.0   9.2  43.5   18:45   NNW
20  10.2  16.6   16:00   1.5    6:55   8.1   0.0   0.0   6.4  35.4   18:05   NNW
21   8.7  16.7   18:00  -0.4    6:25   9.6   0.0   0.0   1.9  20.9   13:50     N
22  12.1  20.6   18:05   2.4    4:40   6.6   0.3   0.0   2.1  19.3   13:40     N
23  13.7  21.2   16:55   5.7    6:40   5.1   0.5   0.0   2.4  22.5   16:00   SSE
24  12.6  13.9   16:40  11.2   23:10   5.8   0.0   0.0   0.6   9.7   13:55   NNW
25  12.3  14.2   17:15  10.3    5:40   6.0   0.0   1.8   0.6  16.1   22:10   NNW
26  10.5  12.2    4:20   9.6   20:50   7.8   0.0  29.2   1.4  22.5    5:45   NNW
27  10.7  13.9   14:40   7.0   23:50   7.6   0.0  10.9   1.0  14.5   16:20   NNW
28   8.9  15.4   15:40   1.4    7:50   9.4   0.0  31.5   6.8  30.6    1:35    NW
29  10.9  17.4   16:40   2.2    6:05   7.4   0.0   0.0   3.1  24.1    0:30   NNW
30  10.6  15.7   15:05   4.2    6:05   7.7   0.0   0.0   1.3  11.3   12:00    NW
-------------------------------------------------------------------------------------
    13.0  24.2    11    -0.4    21   172.5  12.4  79.5   2.7  56.3    18     NNW

Max >=  32.0:  0
Max <=   0.0:  0
Min <=   0.0:  1
Min <= -18.0:  0
Max Rain: 31.50 ON 28/04/17
Days of Rain: 8 (> .2 mm) 5 (> 2 mm) 2 (> 20 mm)
Heat Base:  18.3  Cool Base:  18.3  Method: Integration