NOAA-Style Climate Reports

Select a Year or Month report
2022: Gen Feb Mar Apr Mag Giu Lug Ago Set Ott Nov Dic
2021: Gen Feb Mar Apr Mag Giu Lug Ago Set Ott Nov Dic
2020: Gen Feb Mar Apr Mag Giu Lug Ago Set Ott Nov Dic
2019: Gen Feb Mar Apr Mag Giu Lug Ago Set Ott Nov Dic
2018: Gen Feb Mar Apr Mag Giu Lug Ago Set Ott Nov Dic
2017: Gen Feb Mar Apr Mag Giu Lug Ago Set Ott Nov Dic
2016: Gen Feb Mar Apr Mag Giu Lug Ago Set Ott Nov Dic
2015: Gen Feb Mar Apr Mag Giu Lug Ago Set Ott Nov Dic
2014: Gen Feb Mar Apr Mag Giu Lug Ago Set Ott Nov Dic
2013: Gen Feb Mar Apr Mag Giu Lug Ago Set Ott Nov Dic
2012: Gen Feb Mar Apr Mag Giu Lug Ago Set Ott Nov Dic

Report for 2017 Giugno
                   MONTHLY CLIMATOLOGICAL SUMMARY for JUN. 2017

NAME: MeteoMalnate   CITY: Malnate   STATE: Italy 
ELEV:   387 m  LAT:  45° 47' 24" N  LONG:   8° 54' 13" E

                   TEMPERATURE (°C), RAIN  (mm), WIND SPEED (km/hr)

                                      HEAT  COOL        AVG
    MEAN                              DEG   DEG         WIND                 DOM
DAY TEMP  HIGH   TIME   LOW    TIME   DAYS  DAYS  RAIN  SPEED HIGH   TIME    DIR
------------------------------------------------------------------------------------
 1  21.1  28.4   17:50  13.3    6:10   1.1   3.9   0.0   1.4  14.5   12:45    SE
 2  21.8  28.4   16:55  15.1    4:00   0.7   4.2   0.0   1.4  17.7   14:15    SW
 3  22.6  29.0   18:05  16.1    2:10   0.4   4.7   0.0   1.4  14.5   14:10   NNW
 4  21.7  27.2   17:45  17.2    6:05   0.1   3.5  17.3   1.3  16.1   22:20   NNW
 5  16.8  20.6   16:25  15.2   13:30   1.6   0.1  90.9   3.1  22.5   14:00   NNW
 6  17.1  22.8   15:30  12.7   00:00   1.9   0.7  28.2   2.1  27.4   18:15     N
 7  19.1  25.8   17:20  10.8    2:40   1.8   2.6   0.3   2.7  16.1    3:20    NW
 8  18.7  24.2   17:55  12.3    6:25   1.6   2.0   0.0   1.9  16.1   13:50   NNW
 9  19.2  25.2   18:15  13.1    5:55   1.5   2.3   0.0   1.1  11.3   13:35     N
10  22.3  29.3   17:20  15.2    4:10   0.8   4.7   0.0   1.3  20.9   16:30   NNW
11  23.1  29.4   17:50  16.2    4:35   0.3   5.1   0.0   1.0  11.3   10:55   NNW
12  24.3  30.2   18:00  18.3    4:05   0.0   6.0   0.0   1.1  12.9   14:15   NNW
13  24.7  30.8   17:15  18.6    4:50   0.0   6.4   0.0   1.0  14.5   16:35   SSE
14  23.6  29.4   14:50  19.9   23:30   0.0   5.3   9.7   0.6  11.3    9:30   SSE
15  23.4  29.1   17:55  19.8    6:05   0.0   5.1   6.6   0.8  11.3   16:15   NNW
16  24.9  31.7   17:05  18.6    5:05   0.0   6.6   0.3   1.8  17.7   23:25   NNW
17  27.1  31.5   16:05  22.7    6:05   0.0   8.8   0.0   6.1  27.4   18:40   NNW
18  23.2  28.4   18:05  17.1    5:20   0.0   5.0   0.0   1.8  22.5    0:25   NNW
19  22.8  29.9   17:25  14.7    5:50   0.6   5.0   0.0   1.0  14.5   16:05    SW
20  24.7  30.6   17:20  17.6    4:15   0.0   6.4   0.0   1.4  16.1   17:45    SW
21  24.3  31.2   17:00  17.3    5:35   0.1   6.1   0.0   1.1  16.1   14:45   SSW
22  25.5  32.1   16:20  18.9    6:10   0.0   7.2   0.0   1.1  14.5   12:20   SSW
23  26.4  32.7   18:10  18.7    6:00   0.0   8.1   0.0   1.4  16.1   13:25    SW
24  25.9  31.8   15:40  19.2    6:10   0.0   7.6   0.0   0.8  14.5   15:20   SSE
25  24.1  29.9   18:10  17.3    7:35   0.1   5.8  42.2   2.1  33.8    6:30    SE
26  22.5  29.5   16:30  17.8   21:10   0.0   4.2  26.4   1.6  27.4   19:35    NW
27  21.2  26.8   15:50  17.7    3:55   0.1   2.9   3.8   1.9  16.1   10:40    NW
28  17.7  22.3    0:15  15.7   22:55   1.0   0.5  59.9   3.1  24.1    1:30    NW
29  17.7  24.3   14:40  13.4   00:00   1.7   1.0  20.8   2.4  22.5   23:05   NNW
30  16.1  23.1   15:25  12.7    5:10   2.9   0.7   8.1   3.2  22.5   16:25    NW
-------------------------------------------------------------------------------------
    22.1  32.7    23    10.8     7    18.3 132.6 314.5   1.8  33.8    25     NNW

Max >=  32.0:  2
Max <=   0.0:  0
Min <=   0.0:  0
Min <= -18.0:  0
Max Rain: 90.93 ON 05/06/17
Days of Rain: 13 (> .2 mm) 11 (> 2 mm) 6 (> 20 mm)
Heat Base:  18.3  Cool Base:  18.3  Method: Integration