NOAA-Style Climate Reports

Select a Year or Month report
2022: Gen Feb Mar Apr Mag Giu Lug Ago Set Ott Nov Dic
2021: Gen Feb Mar Apr Mag Giu Lug Ago Set Ott Nov Dic
2020: Gen Feb Mar Apr Mag Giu Lug Ago Set Ott Nov Dic
2019: Gen Feb Mar Apr Mag Giu Lug Ago Set Ott Nov Dic
2018: Gen Feb Mar Apr Mag Giu Lug Ago Set Ott Nov Dic
2017: Gen Feb Mar Apr Mag Giu Lug Ago Set Ott Nov Dic
2016: Gen Feb Mar Apr Mag Giu Lug Ago Set Ott Nov Dic
2015: Gen Feb Mar Apr Mag Giu Lug Ago Set Ott Nov Dic
2014: Gen Feb Mar Apr Mag Giu Lug Ago Set Ott Nov Dic
2013: Gen Feb Mar Apr Mag Giu Lug Ago Set Ott Nov Dic
2012: Gen Feb Mar Apr Mag Giu Lug Ago Set Ott Nov Dic

Report for 2017 Luglio
                   MONTHLY CLIMATOLOGICAL SUMMARY for JUL. 2017

NAME: MeteoMalnate   CITY: Malnate   STATE: Italy 
ELEV:   387 m  LAT:  45° 47' 24" N  LONG:   8° 54' 13" E

                   TEMPERATURE (°C), RAIN  (mm), WIND SPEED (km/hr)

                                      HEAT  COOL        AVG
    MEAN                              DEG   DEG         WIND                 DOM
DAY TEMP  HIGH   TIME   LOW    TIME   DAYS  DAYS  RAIN  SPEED HIGH   TIME    DIR
------------------------------------------------------------------------------------
 1  17.1  22.9   14:10  10.7    5:20   2.6   1.4   0.3   1.4  14.5   17:00    NW
 2  19.9  27.8   17:35  11.6    5:15   1.8   3.4   0.3   1.6  17.7   23:30   NNW
 3  24.0  29.4   17:10  18.1   23:05   0.0   5.7   0.0   2.6  24.1    1:25   NNW
 4  22.3  28.6   17:50  15.3    5:45   0.5   4.5   0.0   1.0  11.3   18:15     N
 5  23.7  29.8   17:00  17.5    5:55   0.0   5.4   0.0   1.1  16.1   15:15    SW
 6  24.9  31.2   17:15  18.9    6:25   0.0   6.6   0.0   1.1  14.5   16:35    SW
 7  25.3  31.7   15:40  18.2    5:10   0.0   7.0   0.0   1.3  17.7   15:40    SE
 8  25.9  33.0   17:25  18.3    5:55   0.0   7.6   0.3   1.9  25.7   20:30     N
 9  24.1  29.2   15:40  19.7    2:20   0.0   5.8   0.5   1.4  19.3    3:05   NNW
10  23.1  29.2   16:25  19.2    5:35   0.0   4.8   2.3   1.3  17.7   18:00   NNW
11  21.7  26.9   17:20  16.5    5:25   0.2   3.6   0.3   1.1  16.1   13:00     N
12  22.9  29.2   16:45  17.1    5:50   0.1   4.7   0.3   1.1  14.5   12:00    SE
13  25.7  31.8   17:40  17.1    5:10   0.1   7.5   0.0   1.4  20.9    6:10    NW
14  23.1  27.6   19:10  18.6    6:55   0.0   4.8   7.6   1.6  20.9    4:45   NNW
15  22.3  28.4   15:50  15.6    6:25   0.4   4.5   0.0   1.6  20.9   23:20   NNW
16  21.1  27.4   17:30  13.8    5:20   0.9   3.7   0.0   1.4  16.1   16:40   NNW
17  21.8  27.8   18:05  16.4    0:55   0.2   3.6   0.0   0.8  11.3   12:45    NW
18  23.3  29.8   17:15  17.1    6:25   0.2   5.2   0.0   1.3  11.3   13:40   NNW
19  23.5  30.0   16:40  17.3    4:50   0.1   5.3   0.0   1.0  14.5   15:45   NNW
20  23.3  29.4   17:15  18.3    5:35   0.0   5.0   0.0   0.6  12.9   12:30   SSE
21  23.1  29.3   17:10  18.4    6:05   0.0   4.8   1.5   1.1  17.7   22:15   NNW
22  23.6  30.3   18:15  18.1    6:30   0.0   5.3   0.3   1.8  19.3   23:35    NW
23  24.2  30.2   17:50  18.7    4:55   0.0   5.8   1.5   2.3  20.9    0:05   NNW
24  21.8  26.8   14:35  18.4   10:40   0.0   3.5   6.3   2.4  22.5   23:35   NNW
25  22.4  26.9   17:15  16.3    3:35   0.1   4.1   0.0   5.1  30.6   20:15   NNW
26  21.9  27.6   15:25  13.9    4:50   0.6   4.2   0.0   5.1  27.4   18:35   NNW
27  21.9  28.8   18:15  14.9    6:30   0.3   3.9   0.0   1.9  25.7    0:25   NNW
28  22.2  29.9   17:30  14.4    6:20   0.8   4.7   0.0   1.1  16.1   14:45   NNE
29  22.5  30.1   16:45  18.2    5:55   0.0   4.2  38.9   1.4  24.1   19:00   NNW
30  22.3  28.7   16:50  18.6   23:00   0.0   4.0   1.3   1.0  16.1   19:20     N
31  23.9  30.8   17:35  17.8    6:35   0.0   5.6   0.0   1.0  12.9    1:50    NW
-------------------------------------------------------------------------------------
    22.9  33.0     8    10.7     1     8.8 150.4  61.5   1.7  30.6    25     NNW

Max >=  32.0:  1
Max <=   0.0:  0
Min <=   0.0:  0
Min <= -18.0:  0
Max Rain: 38.86 ON 29/07/17
Days of Rain: 14 (> .2 mm) 4 (> 2 mm) 1 (> 20 mm)
Heat Base:  18.3  Cool Base:  18.3  Method: Integration