NOAA-Style Climate Reports

Select a Year or Month report
2022: Gen Feb Mar Apr Mag Giu Lug Ago Set Ott Nov Dic
2021: Gen Feb Mar Apr Mag Giu Lug Ago Set Ott Nov Dic
2020: Gen Feb Mar Apr Mag Giu Lug Ago Set Ott Nov Dic
2019: Gen Feb Mar Apr Mag Giu Lug Ago Set Ott Nov Dic
2018: Gen Feb Mar Apr Mag Giu Lug Ago Set Ott Nov Dic
2017: Gen Feb Mar Apr Mag Giu Lug Ago Set Ott Nov Dic
2016: Gen Feb Mar Apr Mag Giu Lug Ago Set Ott Nov Dic
2015: Gen Feb Mar Apr Mag Giu Lug Ago Set Ott Nov Dic
2014: Gen Feb Mar Apr Mag Giu Lug Ago Set Ott Nov Dic
2013: Gen Feb Mar Apr Mag Giu Lug Ago Set Ott Nov Dic
2012: Gen Feb Mar Apr Mag Giu Lug Ago Set Ott Nov Dic

Report for 2017 Agosto
                   MONTHLY CLIMATOLOGICAL SUMMARY for AUG. 2017

NAME: MeteoMalnate   CITY: Malnate   STATE: Italy 
ELEV:   387 m  LAT:  45° 47' 24" N  LONG:   8° 54' 13" E

                   TEMPERATURE (°C), RAIN  (mm), WIND SPEED (km/hr)

                                      HEAT  COOL        AVG
    MEAN                              DEG   DEG         WIND                 DOM
DAY TEMP  HIGH   TIME   LOW    TIME   DAYS  DAYS  RAIN  SPEED HIGH   TIME    DIR
------------------------------------------------------------------------------------
 1  25.8  32.5   17:40  20.3    7:00   0.0   7.5   0.0   0.8  12.9   16:40   NNW
 2  27.1  34.0   18:20  20.8    6:25   0.0   8.8   0.0   0.8   9.7   13:05   NNW
 3  27.0  33.4   16:25  20.9    6:40   0.0   8.7   0.0   1.0   9.7    4:50   NNW
 4  27.8  35.1   18:00  22.1    5:35   0.0   9.6   0.0   0.8   8.0    9:40   NNW
 5  27.6  34.4   16:00  21.8    3:20   0.0   9.3   0.0   0.8   9.7   12:50   NNW
 6  24.6  29.1   13:20  21.8    3:20   0.0   6.3   0.0   2.6  29.0   15:15   NNW
 7  22.4  28.3   15:50  16.1    6:10   0.3   4.4   0.0   1.4  16.1    0:55   NNW
 8  21.1  26.0   15:45  15.9   21:10   0.3   3.0  13.5   1.8  32.2   19:55   NNW
 9  21.2  27.7   17:00  16.8    0:05   0.2   3.1  11.4   2.1  14.5    6:10   NNW
10  20.6  24.2   18:25  16.4   00:00   0.1   2.4  13.0   1.8  19.3   16:35   NNW
11  15.3  20.7   11:05  12.1   12:50   3.1   0.1  50.8   3.5  25.7   17:25   NNW
12  19.7  26.7   16:20  11.3    5:10   1.6   3.0   0.0   2.7  25.7   10:30   NNW
13  20.7  28.8   17:00  12.5    4:50   1.2   3.6   0.0   1.3  12.9    9:20   NNW
14  21.2  28.3   16:35  15.6    4:40   0.6   3.5   0.0   1.0   9.7   14:25   NNW
15  22.4  29.4   17:45  15.9    6:00   0.3   4.5   0.0   1.1   9.7    3:30     N
16  23.4  30.3   16:15  18.4    0:25   0.0   5.2   0.0   1.0  14.5    7:15   NNW
17  24.1  30.8   16:30  18.3    4:40   0.0   5.8   0.0   1.0  12.9   14:05   NNW
18  24.0  30.4   15:15  19.0   20:35   0.0   5.7   2.3   1.9  46.7   20:30   NNW
19  22.8  29.2   15:45  18.7    4:20   0.0   4.6   4.6   2.6  16.1    1:00   NNW
20  20.9  27.3   17:45  14.9    7:20   0.7   3.3   0.0   1.4  19.3    0:40   NNW
21  19.6  26.9   17:50  12.6    6:50   1.6   2.9   0.0   1.4  11.3   11:40   NNW
22  20.0  26.4   17:40  13.6    5:35   1.2   2.9   0.0   1.0  11.3   11:55     N
23  20.8  28.0   16:40  14.6    6:35   0.9   3.3   0.0   1.0  11.3   12:15    NW
24  22.2  29.8   16:15  15.4    6:35   0.5   4.4   0.0   0.6  11.3   12:10   NNW
25  23.4  30.1   17:25  18.6    5:35   0.0   5.2   0.0   0.5   9.7   12:05     N
26  24.0  31.2   17:20  18.5    6:00   0.0   5.7   0.0   0.8   9.7   15:50   NNW
27  24.6  31.7   15:45  18.6    6:15   0.0   6.2   0.0   0.8  11.3   10:00   NNW
28  24.2  30.9   16:50  19.3    6:40   0.0   5.9   0.0   0.8   8.0    3:45   NNW
29  23.2  29.4   16:20  17.5    6:55   0.0   4.9   0.0   0.6  12.9    0:50     N
30  23.1  29.1   16:25  17.3    5:05   0.1   4.8   0.0   0.5   9.7   16:00    NW
31  22.9  27.7   14:40  19.3   00:00   0.0   4.6   0.3   0.6  17.7   23:55    NW
-------------------------------------------------------------------------------------
    22.8  35.1     4    11.3    12    12.5 152.9  95.8   1.3  46.7    18     NNW

Max >=  32.0:  5
Max <=   0.0:  0
Min <=   0.0:  0
Min <= -18.0:  0
Max Rain: 50.80 ON 11/08/17
Days of Rain: 7 (> .2 mm) 6 (> 2 mm) 1 (> 20 mm)
Heat Base:  18.3  Cool Base:  18.3  Method: Integration