NOAA-Style Climate Reports

Select a Year or Month report
2022: Gen Feb Mar Apr Mag Giu Lug Ago Set Ott Nov Dic
2021: Gen Feb Mar Apr Mag Giu Lug Ago Set Ott Nov Dic
2020: Gen Feb Mar Apr Mag Giu Lug Ago Set Ott Nov Dic
2019: Gen Feb Mar Apr Mag Giu Lug Ago Set Ott Nov Dic
2018: Gen Feb Mar Apr Mag Giu Lug Ago Set Ott Nov Dic
2017: Gen Feb Mar Apr Mag Giu Lug Ago Set Ott Nov Dic
2016: Gen Feb Mar Apr Mag Giu Lug Ago Set Ott Nov Dic
2015: Gen Feb Mar Apr Mag Giu Lug Ago Set Ott Nov Dic
2014: Gen Feb Mar Apr Mag Giu Lug Ago Set Ott Nov Dic
2013: Gen Feb Mar Apr Mag Giu Lug Ago Set Ott Nov Dic
2012: Gen Feb Mar Apr Mag Giu Lug Ago Set Ott Nov Dic

Report for 2017 Novembre
                   MONTHLY CLIMATOLOGICAL SUMMARY for NOV. 2017

NAME: MeteoMalnate   CITY: Malnate   STATE: Italy 
ELEV:   387 m  LAT:  45° 47' 24" N  LONG:   8° 54' 13" E

                   TEMPERATURE (°C), RAIN  (mm), WIND SPEED (km/hr)

                                      HEAT  COOL        AVG
    MEAN                              DEG   DEG         WIND                 DOM
DAY TEMP  HIGH   TIME   LOW    TIME   DAYS  DAYS  RAIN  SPEED HIGH   TIME    DIR
------------------------------------------------------------------------------------
 1   8.6  15.7   13:35   4.2    5:10   9.7   0.0   0.3   0.3  14.5   13:20     S
 2   8.9  16.2   14:15   4.0    4:15   9.4   0.0   0.0   0.3  11.3   13:10     N
 3   9.7  17.8   14:20   4.2    7:00   8.7   0.0   0.3   0.5  12.9   13:20   SSE
 4  11.2  13.6   15:35   8.9    0:20   7.1   0.0   0.5   0.2   6.4   10:25   NNW
 5   9.6  11.8   12:35   6.4   23:50   8.7   0.0  87.6   4.2  33.8   23:00   NNW
 6   8.3  12.8   14:05   3.3   00:00  10.0   0.0   3.8   3.5  41.8    1:20   NNW
 7   7.3  13.1   13:05   2.6    6:10  11.0   0.0   3.0   0.3  12.9   13:10   NNW
 8   8.2   9.6   13:45   7.3    5:05  10.2   0.0   6.1   0.6   8.0   10:50   NNW
 9   8.3  10.0   15:10   6.9   23:55  10.0   0.0   4.3   0.2   6.4    0:05    NW
10   6.9  12.2   12:55   3.1    7:45  11.4   0.0   0.3   0.3   8.0    3:35     N
11   6.2  13.7   14:10   1.7    6:50  12.1   0.0   0.3   0.3  11.3   15:25   SSE
12   6.6  10.1   11:30   2.7    5:05  11.7   0.0   7.4   1.1  17.7   22:55   NNW
13   9.6  11.0   12:45   6.1    0:10   8.7   0.0   0.0  13.4  51.5   11:05   NNW
14   7.2  14.4   12:50   0.9   23:45  11.1   0.0   0.0   1.9  33.8    0:25     N
15   3.7  11.9   14:15  -1.1    6:40  14.6   0.0   0.0   0.5  11.3   11:55   ENE
16   5.2  13.4   14:15   0.1    5:35  13.2   0.0   0.0   0.6  11.3   13:20     S
17   5.5  14.4   14:20   0.3    7:30  12.8   0.0   0.0   0.5  11.3   13:00   NNW
18   5.6  13.9   14:25   0.9    7:25  12.7   0.0   0.3   0.5  11.3   13:20   NNW
19   6.6  15.4   15:05  -0.8    7:40  11.6   0.0   0.3   2.3  25.7   18:25     N
20   5.0  13.3   13:55   0.1    6:50  13.3   0.0   0.0   0.8   9.7   13:10     N
21   6.8  14.4   14:25   0.7    3:30  11.4   0.0   0.0   1.0  12.9    9:45     N
22   8.2  14.7   13:10   2.7    2:10  10.1   0.0   0.0   0.6  12.9   14:05   NNW
23   7.9  13.1   14:20   3.5   23:15  10.4   0.0   0.5   0.2   9.7   14:05   SSE
24   6.6  10.1   11:45   2.5    7:45  11.7   0.0   0.0   0.2   8.0   13:00   NNW
25   7.2   8.8   14:55   3.1   23:10  11.1   0.0   7.4   0.0   6.4   00:00   WNW
26   7.6   9.7   14:00   4.1    0:05  10.8   0.0   0.0   8.0  38.6    8:25    NW
27   4.1  10.2   13:15  -1.5   23:50  14.2   0.0   0.0   1.8  20.9    1:55   SSW
28   2.4   5.2   13:15  -2.2    3:00  15.9   0.0   0.0   0.5   9.7    7:30   SSE
29   2.9   3.7   11:50   1.8   00:00  15.4   0.0   2.0   0.0   6.4   10:05   SSE
30   4.5   9.6   13:35  -0.5   23:55  13.8   0.0   0.3   3.7  27.4    8:50   NNW
-------------------------------------------------------------------------------------
     6.9  17.8     3    -2.2    28   342.7   0.0 124.5   1.6  51.5    13     NNW

Max >=  32.0:  0
Max <=   0.0:  0
Min <=   0.0:  5
Min <= -18.0:  0
Max Rain: 87.63 ON 05/11/17
Days of Rain: 17 (> .2 mm) 8 (> 2 mm) 1 (> 20 mm)
Heat Base:  18.3  Cool Base:  18.3  Method: Integration