NOAA-Style Climate Reports

Select a Year or Month report
2022: Gen Feb Mar Apr Mag Giu Lug Ago Set Ott Nov Dic
2021: Gen Feb Mar Apr Mag Giu Lug Ago Set Ott Nov Dic
2020: Gen Feb Mar Apr Mag Giu Lug Ago Set Ott Nov Dic
2019: Gen Feb Mar Apr Mag Giu Lug Ago Set Ott Nov Dic
2018: Gen Feb Mar Apr Mag Giu Lug Ago Set Ott Nov Dic
2017: Gen Feb Mar Apr Mag Giu Lug Ago Set Ott Nov Dic
2016: Gen Feb Mar Apr Mag Giu Lug Ago Set Ott Nov Dic
2015: Gen Feb Mar Apr Mag Giu Lug Ago Set Ott Nov Dic
2014: Gen Feb Mar Apr Mag Giu Lug Ago Set Ott Nov Dic
2013: Gen Feb Mar Apr Mag Giu Lug Ago Set Ott Nov Dic
2012: Gen Feb Mar Apr Mag Giu Lug Ago Set Ott Nov Dic

Report for 2017 Dicembre
                   MONTHLY CLIMATOLOGICAL SUMMARY for DEC. 2017

NAME: MeteoMalnate   CITY: Malnate   STATE: Italy 
ELEV:   387 m  LAT:  45° 47' 24" N  LONG:   8° 54' 13" E

                   TEMPERATURE (°C), RAIN  (mm), WIND SPEED (km/hr)

                                      HEAT  COOL        AVG
    MEAN                              DEG   DEG         WIND                 DOM
DAY TEMP  HIGH   TIME   LOW    TIME   DAYS  DAYS  RAIN  SPEED HIGH   TIME    DIR
------------------------------------------------------------------------------------
 1   1.6   4.9   14:45  -2.4    6:00  16.7   0.0   0.0   0.8  12.9   12:55    NW
 2   2.3   5.2   13:55  -1.9   00:00  16.0   0.0   0.0   0.5   9.7   13:30   SSW
 3   0.7   7.6   13:55  -3.5    6:10  17.6   0.0   0.0   0.5   9.7   14:15     N
 4  -0.1   6.9   14:20  -4.1    7:25  18.4   0.0   0.0   0.2   8.0   13:15   SSW
 5   3.8  11.6   13:55  -1.0   00:00  14.4   0.0   0.0   0.3  11.3   14:30    SW
 6   2.8  11.9   13:30  -2.3    6:40  15.5   0.0   0.3   0.6  11.3   13:00     N
 7   3.6  10.2   15:05  -1.2    5:20  14.7   0.0   0.0   1.3  12.9    9:10     N
 8   5.2   9.3   14:20   2.7   21:50  13.1   0.0   0.0   0.8  27.4   23:20    SE
 9   4.2   7.3   13:10   0.3   00:00  14.1   0.0   0.0   4.7  32.2   14:25    NW
10   0.0   2.1   12:55  -3.2    4:35  18.3   0.0   0.0   1.1  17.7   12:15     N
11   0.7   2.0   23:20  -0.3    0:15  17.6   0.0  37.3   0.0   4.8   22:25   SSW
12   2.6   5.8   14:10   0.5    8:30  15.7   0.0  13.7   0.3  11.3   10:20   NNW
13   2.6   9.8   13:20  -1.3    6:40  15.7   0.0   5.6   0.8  16.1    2:00   NNW
14   3.6   9.2   14:25   0.9   21:35  14.7   0.0   2.0   0.3   8.0    1:40   NNE
15   3.2   9.8   14:35  -1.2    4:25  15.1   0.0   0.0   0.6  20.9   21:55     E
16   3.1   7.4   14:45  -0.8   21:55  15.2   0.0   0.0   1.1  14.5    0:05     S
17   5.1   8.4   13:45   1.4    5:00  13.2   0.0   0.0   6.3  29.0   15:00    NW
18   1.1   7.0   14:25  -3.6   23:55  17.3   0.0   0.0   1.0  16.1    0:35   NNW
19  -0.8   6.1   13:45  -4.4    3:30  19.1   0.0   0.0   0.5   9.7   10:55    NW
20  -0.6   6.4   14:05  -4.0   00:00  18.9   0.0   0.0   0.5   8.0   12:10     N
21   0.1   7.4   14:45  -4.8    3:15  18.2   0.0   0.0   0.2   8.0   13:30    SW
22   0.6   6.4   14:50  -2.3    6:15  17.7   0.0   0.0   0.2   8.0   13:10    SW
23   3.1  12.6   14:45  -1.7    3:35  15.2   0.0   0.3   0.2   6.4   15:20   NNW
24   3.4  13.2   12:35  -1.6    7:45  14.9   0.0   0.0   0.3   9.7   15:30     N
25   4.4  10.3   15:05  -1.3    7:25  13.9   0.0   1.3   1.1  11.3   14:10     N
26   4.6   5.2    0:05   4.2   23:45  13.7   0.0  13.7   0.0   4.8   10:15    NW
27   3.1   4.3    0:05   1.7   18:45  15.2   0.0  58.7   1.0  22.5   22:15    NW
28   5.6   9.5   12:30   2.8    1:30  12.7   0.0   0.3   5.3  33.8   23:00   NNW
29   3.5   7.9   13:55  -1.2   19:25  14.8   0.0   0.0   5.0  40.2    0:30    NW
30   2.4   6.9   14:40  -0.7   23:00  15.9   0.0   2.0   1.0  19.3    1:05    NW
31   1.7   5.4   14:40  -2.2    6:10  16.6   0.0   2.0   0.2   8.0   16:10    NW
-------------------------------------------------------------------------------------
     2.5  13.2    24    -4.8    21   490.2   0.0 137.2   1.2  40.2    29     NNW

Max >=  32.0:  0
Max <=   0.0:  0
Min <=   0.0: 23
Min <= -18.0:  0
Max Rain: 58.67 ON 27/12/17
Days of Rain: 12 (> .2 mm) 8 (> 2 mm) 2 (> 20 mm)
Heat Base:  18.3  Cool Base:  18.3  Method: Integration