NOAA-Style Climate Reports

Select a Year or Month report
2022: Gen Feb Mar Apr Mag Giu Lug Ago Set Ott Nov Dic
2021: Gen Feb Mar Apr Mag Giu Lug Ago Set Ott Nov Dic
2020: Gen Feb Mar Apr Mag Giu Lug Ago Set Ott Nov Dic
2019: Gen Feb Mar Apr Mag Giu Lug Ago Set Ott Nov Dic
2018: Gen Feb Mar Apr Mag Giu Lug Ago Set Ott Nov Dic
2017: Gen Feb Mar Apr Mag Giu Lug Ago Set Ott Nov Dic
2016: Gen Feb Mar Apr Mag Giu Lug Ago Set Ott Nov Dic
2015: Gen Feb Mar Apr Mag Giu Lug Ago Set Ott Nov Dic
2014: Gen Feb Mar Apr Mag Giu Lug Ago Set Ott Nov Dic
2013: Gen Feb Mar Apr Mag Giu Lug Ago Set Ott Nov Dic
2012: Gen Feb Mar Apr Mag Giu Lug Ago Set Ott Nov Dic

Report for 2018 Gennaio
                   MONTHLY CLIMATOLOGICAL SUMMARY for JAN. 2018

NAME: MeteoMalnate   CITY: Malnate   STATE: Italy 
ELEV:   387 m  LAT:  45° 47' 24" N  LONG:   8° 54' 13" E

                   TEMPERATURE (°C), RAIN  (mm), WIND SPEED (km/hr)

                                      HEAT  COOL        AVG
    MEAN                              DEG   DEG         WIND                 DOM
DAY TEMP  HIGH   TIME   LOW    TIME   DAYS  DAYS  RAIN  SPEED HIGH   TIME    DIR
------------------------------------------------------------------------------------
 1   2.7   3.7   13:30   2.1   00:00  15.6   0.0   6.3   0.6  16.1   21:05    SE
 2   4.1  11.7   13:50  -1.2    5:45  14.3   0.0   0.0   1.9  19.3   12:35   NNW
 3   4.9   9.6   17:55   0.5    7:25  13.4   0.0   0.3   1.8  37.0   17:50   NNW
 4   6.7  11.4   14:50   1.3   00:00  11.6   0.0   0.0   3.1  22.5    2:05   NNW
 5   3.1   6.5   14:20  -0.7    7:35  15.2   0.0   1.5   0.3   8.0   21:40     N
 6   6.1   7.3   14:15   5.2    5:05  12.2   0.0  19.3   0.2   6.4   10:00     N
 7   7.7   9.4   21:30   6.4    0:05  10.6   0.0   5.3   0.8  16.1   21:30   NNW
 8   9.0  11.3   16:15   7.3    7:15   9.3   0.0   4.6   1.6  16.1   15:25   NNW
 9   9.2  10.9    1:20   7.6   23:00   9.1   0.0  15.5   1.9  25.7    1:10     N
10   7.2  11.1   12:55   5.6    7:50  11.1   0.0   0.3   0.5   8.0   18:10   NNW
11   5.6  10.6   14:50   2.3   21:35  12.7   0.0   0.0   0.5  12.9   12:55   NNW
12   5.3  10.3   14:55   1.8    2:05  12.9   0.0   0.0   0.3   9.7   14:30     N
13   4.3  11.2   14:50   0.0   23:35  14.0   0.0   0.3   0.6   9.7    9:40   SSW
14   1.8   7.1   14:25  -1.9    7:40  16.5   0.0   0.3   0.3   9.7   13:05    SE
15   2.8   5.3   13:40   0.3    8:35  15.5   0.0   0.0   0.2   8.0   13:45    SE
16   3.3   8.1   14:05  -0.8   00:00  15.0   0.0   0.0   0.5  12.9   13:30   SSE
17   2.4   9.3   13:35  -1.2    1:30  15.8   0.0   0.3   2.1  32.2   14:45   NNW
18   3.9  11.3   14:20  -1.2    6:10  14.4   0.0   0.0   1.8  19.3    0:35     N
19   4.5  13.4   14:15  -1.1    3:55  13.8   0.0   0.0   1.8  25.7   14:40     N
20   5.8  10.0   13:50   1.4    0:05  12.5   0.0   0.0   2.3  19.3    5:35    NW
21   6.5  13.2   14:15   1.3    5:40  11.8   0.0   0.3   4.8  37.0   18:20   NNW
22   4.4  10.2   13:50  -0.2    8:20  13.9   0.0   0.0   0.8  16.1   14:25     S
23   3.1  11.6   14:50  -1.8    6:55  15.2   0.0   0.3   0.3  11.3   14:55     S
24   3.1  10.4   14:50  -1.7    6:55  15.3   0.0   0.0   0.3   8.0   12:45   SSE
25   4.8   7.2   13:40   1.4    2:25  13.5   0.0   7.9   0.3   8.0   12:50     N
26   5.0   5.5   16:10   4.6    3:15  13.3   0.0  11.7   0.0   4.8   17:45     N
27   6.2  10.4   14:50   2.2   23:20  12.1   0.0   5.6   0.8  11.3    6:35    SW
28   4.9   9.9   15:00   1.8    1:45  13.4   0.0   0.3   0.5   8.0   13:05   NNW
29   4.7  13.2   14:15   0.1    7:50  13.6   0.0   0.3   0.5  12.9   14:30    SW
30   5.3  12.6   14:25   0.1    6:40  13.0   0.0   0.3   0.6  12.9   13:25     S
31   5.9   8.0   14:45   4.7    6:50  12.3   0.0   0.0   0.2  11.3    4:50     S
-------------------------------------------------------------------------------------
     5.0  13.4    19    -1.9    14   412.9   0.0  80.3   1.0  37.0     3     NNW

Max >=  32.0:  0
Max <=   0.0:  0
Min <=   0.0: 11
Min <= -18.0:  0
Max Rain: 19.30 ON 06/01/18
Days of Rain: 19 (> .2 mm) 8 (> 2 mm) 0 (> 20 mm)
Heat Base:  18.3  Cool Base:  18.3  Method: Integration