NOAA-Style Climate Reports

Select a Year or Month report
2022: Gen Feb Mar Apr Mag Giu Lug Ago Set Ott Nov Dic
2021: Gen Feb Mar Apr Mag Giu Lug Ago Set Ott Nov Dic
2020: Gen Feb Mar Apr Mag Giu Lug Ago Set Ott Nov Dic
2019: Gen Feb Mar Apr Mag Giu Lug Ago Set Ott Nov Dic
2018: Gen Feb Mar Apr Mag Giu Lug Ago Set Ott Nov Dic
2017: Gen Feb Mar Apr Mag Giu Lug Ago Set Ott Nov Dic
2016: Gen Feb Mar Apr Mag Giu Lug Ago Set Ott Nov Dic
2015: Gen Feb Mar Apr Mag Giu Lug Ago Set Ott Nov Dic
2014: Gen Feb Mar Apr Mag Giu Lug Ago Set Ott Nov Dic
2013: Gen Feb Mar Apr Mag Giu Lug Ago Set Ott Nov Dic
2012: Gen Feb Mar Apr Mag Giu Lug Ago Set Ott Nov Dic

Report for 2018 Marzo
                   MONTHLY CLIMATOLOGICAL SUMMARY for MAR. 2018

NAME: MeteoMalnate   CITY: Malnate   STATE: Italy 
ELEV:   387 m  LAT:  45° 47' 24" N  LONG:   8° 54' 13" E

                   TEMPERATURE (°C), RAIN  (mm), WIND SPEED (km/hr)

                                      HEAT  COOL        AVG
    MEAN                              DEG   DEG         WIND                 DOM
DAY TEMP  HIGH   TIME   LOW    TIME   DAYS  DAYS  RAIN  SPEED HIGH   TIME    DIR
------------------------------------------------------------------------------------
 1  -2.0   0.1   15:50  -3.9    4:55  20.3   0.0   1.8   0.2   8.0   17:10    SE
 2   0.4   2.3   15:50  -1.4    1:05  17.9   0.0   5.1   0.2   6.4   17:45    SE
 3   1.2   3.2   15:35  -1.4    4:15  17.1   0.0   4.6   0.2   8.0    1:30    SE
 4   2.4   8.1   14:15  -1.3    5:10  15.9   0.0   0.5   0.5  12.9    2:25   SSE
 5   5.5   9.5   14:30   2.4    0:05  12.8   0.0   2.3   0.5   9.7   14:15    NW
 6   6.1   8.8   12:00   3.0    7:30  12.2   0.0   0.0   0.6  12.9   12:55    SE
 7   4.9   8.9   16:00   1.5   23:10  13.4   0.0   0.5   0.3   8.0   15:35    NW
 8   6.8  14.6   14:30  -0.1    7:45  11.5   0.0   0.3   1.4  16.1   13:15    NW
 9   8.6  13.5   12:40   3.8    1:45   9.7   0.0   0.0   0.6  12.9   12:40   SSE
10   8.1   9.3   15:00   7.4   23:50  10.2   0.0   5.6   0.0   0.0     ---   ---
11   7.1   7.8   10:40   6.3   23:25  11.2   0.0  42.2   0.8  22.5   18:55   NNW
12   7.7  11.4   16:55   5.2   23:25  10.6   0.0   1.8   0.3   9.7   15:20    SE
13   8.6  16.5   15:10   3.0    5:25   9.7   0.0   0.0   1.3  14.5   16:30   NNE
14  10.6  17.4   14:45   3.9    7:10   7.8   0.0   0.0   2.1  17.7    4:40   NNW
15   6.3   8.3   12:35   4.3    1:50  12.0   0.0  31.2   0.0  12.9   20:30     N
16   7.9  15.4   15:40   2.5    7:10  10.3   0.0   0.5   1.0  16.1   16:25    SE
17   6.1   8.4    2:00   5.1   12:20  12.3   0.0  59.9   1.8  14.5   14:50   NNW
18   5.6   6.8   13:35   4.8    7:10  12.7   0.0  10.7   0.6  16.1   17:15   NNW
19   3.8   5.4    0:05   2.8   10:10  14.5   0.0   0.0   1.1  12.9    3:30     S
20   5.4  10.1   13:45   2.6   23:30  12.8   0.0   0.0   2.1  33.8   20:30    SE
21   4.7   9.3   15:10  -0.1   23:45  13.6   0.0   0.0   2.6  24.1    1:45   NNW
22   4.2   9.8   14:25  -1.6    7:05  14.1   0.0   0.0   1.4  14.5   10:45   SSE
23   8.8  13.0   15:20   3.9   21:35   9.5   0.0   0.0   4.0  37.0    3:15   SSE
24   7.2  10.7   16:35   4.5   21:15  11.1   0.0   0.0   1.0  14.5   12:45     N
25   7.2  13.1   17:25   1.4    6:20  10.6   0.0   0.0   0.8  16.1   14:15    SE
26   8.1  15.9   17:25  -0.3    6:55  10.2   0.0   0.0   1.6  20.9   22:25    SE
27  10.9  16.2   14:00   4.3    7:50   7.3   0.0   0.0   2.1  17.7   16:55   SSE
28   9.3  15.3   14:30   2.9    6:25   9.0   0.0   0.0   1.3  17.7   13:55   SSE
29  10.1  11.9   15:35   9.1    7:10   8.3   0.0   8.9   0.5   9.7   13:25   SSE
30  10.8  13.8   18:45   8.1    6:50   7.5   0.0  10.4   1.1  16.1   18:40   NNW
31   9.1  12.4   11:30   5.1   00:00   9.2   0.0   3.3   1.6  20.9   13:30   NNW
-------------------------------------------------------------------------------------
     6.5  17.4    14    -3.9     1   365.3   0.0 189.5   1.1  37.0    23      SE

Max >=  32.0:  0
Max <=   0.0:  0
Min <=   0.0:  8
Min <= -18.0:  0
Max Rain: 59.94 ON 17/03/18
Days of Rain: 17 (> .2 mm) 11 (> 2 mm) 3 (> 20 mm)
Heat Base:  18.3  Cool Base:  18.3  Method: Integration