NOAA-Style Climate Reports

Select a Year or Month report
2022: Gen Feb Mar Apr Mag Giu Lug Ago Set Ott Nov Dic
2021: Gen Feb Mar Apr Mag Giu Lug Ago Set Ott Nov Dic
2020: Gen Feb Mar Apr Mag Giu Lug Ago Set Ott Nov Dic
2019: Gen Feb Mar Apr Mag Giu Lug Ago Set Ott Nov Dic
2018: Gen Feb Mar Apr Mag Giu Lug Ago Set Ott Nov Dic
2017: Gen Feb Mar Apr Mag Giu Lug Ago Set Ott Nov Dic
2016: Gen Feb Mar Apr Mag Giu Lug Ago Set Ott Nov Dic
2015: Gen Feb Mar Apr Mag Giu Lug Ago Set Ott Nov Dic
2014: Gen Feb Mar Apr Mag Giu Lug Ago Set Ott Nov Dic
2013: Gen Feb Mar Apr Mag Giu Lug Ago Set Ott Nov Dic
2012: Gen Feb Mar Apr Mag Giu Lug Ago Set Ott Nov Dic

Report for 2018 Aprile
                   MONTHLY CLIMATOLOGICAL SUMMARY for APR. 2018

NAME: MeteoMalnate   CITY: Malnate   STATE: Italy 
ELEV:   387 m  LAT:  45° 47' 24" N  LONG:   8° 54' 13" E

                   TEMPERATURE (°C), RAIN  (mm), WIND SPEED (km/hr)

                                      HEAT  COOL        AVG
    MEAN                              DEG   DEG         WIND                 DOM
DAY TEMP  HIGH   TIME   LOW    TIME   DAYS  DAYS  RAIN  SPEED HIGH   TIME    DIR
------------------------------------------------------------------------------------
 1  11.6  17.6   15:55   4.9    0:10   6.7   0.0   0.3   4.3  27.4   16:20   NNW
 2   9.9  15.9   14:05   3.1    3:55   8.4   0.0   0.0   2.1  20.9   15:25   SSE
 3   9.1  11.3   12:40   5.4    6:00   9.2   0.0   3.0   0.5   8.0   12:30   NNW
 4   8.0   8.8   15:15   7.4    7:15  10.3   0.0  30.5   0.6  11.3   19:40   NNW
 5  11.8  18.1   16:00   7.6    6:20   6.4   0.0   1.0   2.1  17.7   15:20   NNW
 6  12.2  19.4   16:15   4.0    7:15   6.2   0.1   0.0   1.3  14.5    3:05   NNW
 7  12.4  18.4   17:25   7.1    4:35   5.9   0.0   0.0   0.8  12.9   13:40     N
 8  14.1  18.7   16:00   9.5    0:05   4.2   0.0   0.0   0.8  14.5   13:55   NNW
 9  11.1  13.7   16:10   9.6    6:50   7.2   0.0   8.9   0.6  14.5   14:40   NNW
10  10.1  13.6   11:55   5.8   00:00   8.2   0.0  15.7   0.8  17.7   14:55   NNW
11   8.8  12.8   12:10   5.4    7:20   9.5   0.0  26.2   1.1  12.9    9:00   NNW
12  10.2  16.2   16:10   7.4   21:55   8.1   0.0  54.1   2.4  19.3   20:55   NNW
13   9.2  15.2   18:50   5.4    5:40   9.1   0.0   4.3   1.3  14.5    1:50   NNW
14  12.3  19.6   16:15   5.8    7:05   6.1   0.1   0.3   1.6  11.3    8:45     N
15  13.5  18.5   14:35   8.2    3:40   4.8   0.0   0.0   1.8  17.7   23:55   NNW
16  16.1  22.9   16:10   8.7    6:55   3.3   1.1   0.0   1.4  19.3   16:15     N
17  16.3  23.8   16:55   8.3    6:15   3.6   1.7   0.0   1.8  22.5   14:35    SE
18  17.8  24.9   17:25  11.3    3:35   2.5   2.0   0.0   1.9  19.3   18:15   SSE
19  17.4  24.8   16:55  10.3    6:35   2.8   2.0   0.0   1.4  17.7   17:00   SSE
20  19.3  27.2   16:25  11.3    7:05   2.1   3.1   0.0   1.8  17.7   17:20     N
21  20.0  27.7   16:05  11.2    6:40   1.7   3.4   0.0   1.8  16.1   13:35     N
22  18.8  26.3   17:10  11.2    6:30   2.2   2.7   0.0   1.4  20.9   14:10   SSE
23  18.4  25.6   15:55  11.1    7:00   2.0   2.1   0.0   1.3  16.1   11:25    SW
24  18.7  25.4   16:35  11.8    4:30   2.0   2.4   0.0   1.4  19.3   13:25   SSE
25  18.2  25.4   17:00  10.7    6:00   2.4   2.3   0.0   1.6  16.1   12:05   SSE
26  18.2  24.9   16:00  10.9    5:55   2.3   2.2   0.0   1.4  20.9   14:05   SSE
27  16.4  19.4   16:55  12.8    2:55   2.0   0.1   0.0   1.4  16.1    5:05   NNW
28  18.2  24.2   15:05  13.2    7:00   1.7   1.5   0.0   1.3  14.5   14:05     N
29  17.9  23.6   15:45  14.2    6:40   1.6   1.3  15.5   1.1  17.7   17:35    NW
30  14.4  19.9   15:30   8.8    6:55   4.0   0.2   4.8   1.6  20.9   15:20   NNW
-------------------------------------------------------------------------------------
    14.3  27.7    21     3.1     2   146.6  28.1 164.6   1.5  27.4     1     NNW

Max >=  32.0:  0
Max <=   0.0:  0
Min <=   0.0:  0
Min <= -18.0:  0
Max Rain: 54.10 ON 12/04/18
Days of Rain: 12 (> .2 mm) 9 (> 2 mm) 3 (> 20 mm)
Heat Base:  18.3  Cool Base:  18.3  Method: Integration