NOAA-Style Climate Reports

Select a Year or Month report
2022: Gen Feb Mar Apr Mag Giu Lug Ago Set Ott Nov Dic
2021: Gen Feb Mar Apr Mag Giu Lug Ago Set Ott Nov Dic
2020: Gen Feb Mar Apr Mag Giu Lug Ago Set Ott Nov Dic
2019: Gen Feb Mar Apr Mag Giu Lug Ago Set Ott Nov Dic
2018: Gen Feb Mar Apr Mag Giu Lug Ago Set Ott Nov Dic
2017: Gen Feb Mar Apr Mag Giu Lug Ago Set Ott Nov Dic
2016: Gen Feb Mar Apr Mag Giu Lug Ago Set Ott Nov Dic
2015: Gen Feb Mar Apr Mag Giu Lug Ago Set Ott Nov Dic
2014: Gen Feb Mar Apr Mag Giu Lug Ago Set Ott Nov Dic
2013: Gen Feb Mar Apr Mag Giu Lug Ago Set Ott Nov Dic
2012: Gen Feb Mar Apr Mag Giu Lug Ago Set Ott Nov Dic

Report for 2018 Maggio
                   MONTHLY CLIMATOLOGICAL SUMMARY for MAY. 2018

NAME: MeteoMalnate   CITY: Malnate   STATE: Italy 
ELEV:   387 m  LAT:  45° 47' 24" N  LONG:   8° 54' 13" E

                   TEMPERATURE (°C), RAIN  (mm), WIND SPEED (km/hr)

                                      HEAT  COOL        AVG
    MEAN                              DEG   DEG         WIND                 DOM
DAY TEMP  HIGH   TIME   LOW    TIME   DAYS  DAYS  RAIN  SPEED HIGH   TIME    DIR
------------------------------------------------------------------------------------
 1  13.4  18.2   14:25   8.3    5:00   4.8   0.0   3.8   1.1  16.1    0:30   SSE
 2  11.2  12.6   14:00  10.0    3:20   7.1   0.0  13.7   1.1  16.1   18:10   NNW
 3  15.2  19.1   11:40  11.5    1:05   3.1   0.0   3.6   2.4  20.9   20:40   NNW
 4  16.2  20.6   18:15  12.8    6:15   2.3   0.2   7.1   0.5  12.9   15:50     N
 5  17.5  24.7   14:25  12.1    6:55   2.2   1.4   0.5   1.1  19.3   13:45   NNW
 6  20.1  27.2   15:00  12.8    6:00   1.4   3.2   1.3   2.4  19.3   16:15   NNW
 7  18.4  23.9   17:25  14.5   21:05   1.4   1.6   5.3   2.7  19.3   14:55   NNW
 8  18.9  25.6   17:30  13.9    4:50   1.7   2.4  15.0   2.4  17.7   13:30     N
 9  15.5  21.9   15:00  10.1   17:50   3.4   0.6  33.8   1.1  22.5   17:25    NW
10  16.3  22.8   17:00  10.1    5:55   3.0   0.9   0.3   1.4  19.3   14:55   NNW
11  16.6  24.7   15:00  12.3    6:45   2.8   1.1   5.3   1.6  20.9   18:00   NNW
12  17.0  24.2   16:40  12.1    6:05   2.6   1.3   1.0   1.6  17.7   18:00   NNW
13  15.5  22.6   15:20  12.5    5:30   3.2   0.4  14.7   1.4  16.1   23:00     N
14  12.8  16.8   16:15   9.1    6:15   5.5   0.0  18.3   2.3  20.9    5:15    SW
15  12.8  16.6   14:45   9.7    4:05   5.5   0.0   0.5   0.8  14.5   12:35    SE
16  14.5  21.6   17:25   8.8    6:30   4.2   0.4  11.4   1.3  22.5   18:45     N
17  15.0  21.0   16:30   9.5    6:45   3.6   0.3   0.3   1.0  14.5   13:55     N
18  15.9  23.6   16:15  10.3    5:35   3.4   1.0   3.8   1.9  25.7   17:15     N
19  16.7  22.0   17:25  12.9    2:20   2.3   0.7   1.5   1.6  17.7   17:50     N
20  15.1  18.8   17:25  12.8    5:15   3.3   0.0  18.5   3.7  20.9   17:30   NNW
21  16.8  21.8   15:05  13.2    6:05   2.2   0.8   0.3   2.7  22.5   15:50   NNW
22  15.9  17.6   12:30  14.6   23:05   2.3   0.0   1.3   0.8  11.3    4:00   NNW
23  17.9  23.6   15:30  13.8    4:20   1.7   1.3   0.5   1.0  14.5   14:20     N
24  19.6  25.7   16:05  12.8    6:05   1.5   2.7   0.3   1.3  16.1   14:55    NW
25  21.1  28.2   17:20  13.7    4:50   1.1   3.9   0.0   1.4  17.7   14:45   NNW
26  21.7  28.0   15:30  15.8    2:35   0.5   4.0   0.0   1.3  14.5   19:05     N
27  21.8  28.6   17:15  15.5    4:15   0.5   4.0   0.3   2.3  24.1   22:25    NW
28  19.3  25.2   15:55  15.4    8:20   0.9   1.9  33.5   2.3  20.9    5:20   NNW
29  19.0  24.1   18:00  16.4   23:05   0.6   1.4  29.0   1.3  14.5   14:45     N
30  19.9  25.2   13:20  16.1    6:20   0.6   2.2  14.2   1.6  19.3   21:15   NNW
31  19.1  25.4   16:00  15.7    6:10   0.9   1.8  10.7   1.6  16.1   14:05   NNW
-------------------------------------------------------------------------------------
    17.0  28.6    27     8.3     1    79.9  39.6 249.7   1.7  25.7    18     NNW

Max >=  32.0:  0
Max <=   0.0:  0
Min <=   0.0:  0
Min <= -18.0:  0
Max Rain: 33.78 ON 09/05/18
Days of Rain: 29 (> .2 mm) 17 (> 2 mm) 3 (> 20 mm)
Heat Base:  18.3  Cool Base:  18.3  Method: Integration