NOAA-Style Climate Reports

Select a Year or Month report
2022: Gen Feb Mar Apr Mag Giu Lug Ago Set Ott Nov Dic
2021: Gen Feb Mar Apr Mag Giu Lug Ago Set Ott Nov Dic
2020: Gen Feb Mar Apr Mag Giu Lug Ago Set Ott Nov Dic
2019: Gen Feb Mar Apr Mag Giu Lug Ago Set Ott Nov Dic
2018: Gen Feb Mar Apr Mag Giu Lug Ago Set Ott Nov Dic
2017: Gen Feb Mar Apr Mag Giu Lug Ago Set Ott Nov Dic
2016: Gen Feb Mar Apr Mag Giu Lug Ago Set Ott Nov Dic
2015: Gen Feb Mar Apr Mag Giu Lug Ago Set Ott Nov Dic
2014: Gen Feb Mar Apr Mag Giu Lug Ago Set Ott Nov Dic
2013: Gen Feb Mar Apr Mag Giu Lug Ago Set Ott Nov Dic
2012: Gen Feb Mar Apr Mag Giu Lug Ago Set Ott Nov Dic

Report for 2018 Giugno
                   MONTHLY CLIMATOLOGICAL SUMMARY for JUN. 2018

NAME: MeteoMalnate   CITY: Malnate   STATE: Italy 
ELEV:   387 m  LAT:  45° 47' 24" N  LONG:   8° 54' 13" E

                   TEMPERATURE (°C), RAIN  (mm), WIND SPEED (km/hr)

                                      HEAT  COOL        AVG
    MEAN                              DEG   DEG         WIND                 DOM
DAY TEMP  HIGH   TIME   LOW    TIME   DAYS  DAYS  RAIN  SPEED HIGH   TIME    DIR
------------------------------------------------------------------------------------
 1  19.9  26.3   18:15  13.4    5:45   1.4   3.0   0.3   1.4  17.7   17:30   NNW
 2  20.6  26.4   16:25  14.5    5:45   0.9   3.2   0.3   1.3  16.1   15:45   NNW
 3  21.6  27.3   15:40  16.3    4:20   0.4   3.7   0.3   1.4  14.5   14:50   NNW
 4  18.9  24.2   15:55  14.8   23:15   0.7   1.3  27.9   1.4  35.4   17:20     N
 5  20.3  27.1   17:50  12.9    5:55   1.5   3.5   0.3   1.3  17.7   15:55    NW
 6  20.3  24.7   17:35  15.5    5:25   0.6   2.6   0.0   1.3  14.5   20:55    SW
 7  21.2  27.1   17:10  15.3    6:35   0.4   3.3   0.0   1.3  20.9   22:00   SSE
 8  18.6  23.1   16:20  15.6    4:05   0.9   1.3   1.3   1.4  19.3   16:25   NNW
 9  21.4  27.8   18:10  14.6    1:30   0.9   4.0   0.3   1.6  14.5   11:15    SW
10  21.9  27.6   14:50  15.3    5:40   0.6   4.2   0.0   1.1  14.5   10:25    SW
11  22.4  28.2   17:50  17.8    4:45   0.0   4.1   0.0   0.8  19.3   15:20   SSE
12  19.5  24.2   10:50  16.8   23:40   0.3   1.5  53.1   1.1  16.1   12:20    NW
13  18.6  21.2   19:55  16.1    7:40   0.7   1.0   1.8   1.4  30.6   00:00    NW
14  21.4  26.9   17:20  14.2    6:15   0.5   3.6   0.0   2.1  19.3    0:50   NNW
15  20.4  27.2   17:30  12.8    5:50   1.2   3.3   0.0   1.3  12.9   12:25   NNW
16  21.3  28.1   16:45  14.2    4:40   0.8   3.8   0.0   1.4  16.1   14:00   NNE
17  22.7  28.8   17:40  15.7    3:50   0.3   4.7   0.0   1.3  16.1   15:05   NNW
18  23.3  29.3   18:15  16.4    6:20   0.2   5.2   0.8   1.3  19.3    0:50    SW
19  23.8  30.1   18:05  16.2    6:25   0.2   5.7   0.0   1.1  12.9   12:20     N
20  24.4  29.6   17:15  19.7    5:00   0.0   6.1   2.0   0.8  12.9   12:50    NW
21  24.2  29.9   16:30  18.1    6:10   0.0   5.9   1.3   1.1  17.7   14:40    SW
22  23.9  28.6   14:55  18.2   00:00   0.0   5.6   0.0   5.3  32.2   11:40   NNW
23  19.6  25.7   18:00  13.0    5:50   1.2   2.5   0.0   1.3  19.3   14:30    SE
24  19.6  25.2   16:55  13.3    3:50   1.2   2.5   0.0   0.8  11.3   12:10    NW
25  20.3  26.1   15:50  14.3    6:00   0.8   2.8   0.0   1.0  14.5   14:30    NW
26  20.4  26.1   16:30  14.0    5:40   0.8   3.0   0.0   1.3  16.1   13:35    NW
27  21.7  29.1   17:00  12.7    5:45   1.2   4.6   0.0   1.9  19.3   21:55    NW
28  20.9  27.4   16:40  12.4    6:15   1.3   3.9   0.0   1.3  19.3   17:25   NNW
29  22.9  30.1   17:40  14.6    5:55   0.5   5.1   0.0   1.3  14.5   13:10   NNE
30  24.4  31.6   17:30  16.6    3:20   0.2   6.4   0.0   1.1  14.5   12:35    SW
-------------------------------------------------------------------------------------
    21.4  31.6    30    12.4    28    19.8 111.4  89.4   1.4  35.4     4     NNW

Max >=  32.0:  0
Max <=   0.0:  0
Min <=   0.0:  0
Min <= -18.0:  0
Max Rain: 53.09 ON 12/06/18
Days of Rain: 12 (> .2 mm) 3 (> 2 mm) 2 (> 20 mm)
Heat Base:  18.3  Cool Base:  18.3  Method: Integration