NOAA-Style Climate Reports

Select a Year or Month report
2022: Gen Feb Mar Apr Mag Giu Lug Ago Set Ott Nov Dic
2021: Gen Feb Mar Apr Mag Giu Lug Ago Set Ott Nov Dic
2020: Gen Feb Mar Apr Mag Giu Lug Ago Set Ott Nov Dic
2019: Gen Feb Mar Apr Mag Giu Lug Ago Set Ott Nov Dic
2018: Gen Feb Mar Apr Mag Giu Lug Ago Set Ott Nov Dic
2017: Gen Feb Mar Apr Mag Giu Lug Ago Set Ott Nov Dic
2016: Gen Feb Mar Apr Mag Giu Lug Ago Set Ott Nov Dic
2015: Gen Feb Mar Apr Mag Giu Lug Ago Set Ott Nov Dic
2014: Gen Feb Mar Apr Mag Giu Lug Ago Set Ott Nov Dic
2013: Gen Feb Mar Apr Mag Giu Lug Ago Set Ott Nov Dic
2012: Gen Feb Mar Apr Mag Giu Lug Ago Set Ott Nov Dic

Report for 2018 Luglio
                   MONTHLY CLIMATOLOGICAL SUMMARY for JUL. 2018

NAME: MeteoMalnate   CITY: Malnate   STATE: Italy 
ELEV:   387 m  LAT:  45° 47' 24" N  LONG:   8° 54' 13" E

                   TEMPERATURE (°C), RAIN  (mm), WIND SPEED (km/hr)

                                      HEAT  COOL        AVG
    MEAN                              DEG   DEG         WIND                 DOM
DAY TEMP  HIGH   TIME   LOW    TIME   DAYS  DAYS  RAIN  SPEED HIGH   TIME    DIR
------------------------------------------------------------------------------------
 1  24.7  31.2   17:05  18.5    5:25   0.0   6.4   0.0   1.1  16.1   13:20    SE
 2  24.7  28.9   17:15  21.2    5:40   0.0   6.3   0.0   1.1  12.9   15:40   SSE
 3  24.7  30.4   13:45  17.8   00:00   0.0   6.4  33.0   1.9  22.5   22:40   NNW
 4  23.2  29.5   18:55  17.8    0:05   0.0   5.0   0.3   1.4  14.5   13:25   NNW
 5  21.2  26.7   17:35  17.1    6:35   0.2   3.0  73.7   2.1  40.2    1:55   NNW
 6  22.6  30.8   17:25  15.2    3:00   0.7   5.0   0.0   1.0  19.3   19:30    NE
 7  25.1  30.9   18:20  16.4    6:45   0.1   6.8   0.0   1.9  20.9    3:50     N
 8  23.1  30.1   18:00  15.1    6:35   0.4   5.2   0.0   1.1  12.9   14:35     N
 9  23.8  29.6   17:40  16.7    6:30   0.1   5.6   0.0   1.3  14.5   16:15    SW
10  23.4  28.5   18:35  18.6    3:35   0.0   5.2   0.3   0.8  12.9   13:50   NNW
11  21.9  25.9   15:05  19.2    3:00   0.0   3.6   0.0   1.4  16.1   14:15   NNW
12  22.1  26.4   14:55  18.4    2:20   0.0   3.8   0.0   0.8  12.9   10:15   SSE
13  23.3  28.9   16:40  18.4    6:10   0.0   5.0   0.0   1.3  19.3   17:05   NNE
14  23.1  29.7   15:00  18.4    4:35   0.0   4.8   4.1   1.0  14.5   17:10    NW
15  23.0  28.9   16:35  16.4    5:55   0.2   5.0   1.3   1.0  19.3    0:35    SW
16  21.7  26.7   14:20  18.1   23:55   0.0   3.4   0.0   1.1  19.3   16:10    NW
17  23.8  31.7   17:15  15.7    4:50   0.4   5.9   0.0   1.9  19.3   14:40   NNW
18  24.8  31.6   16:15  15.8    6:25   0.2   6.7   0.0   1.4  14.5    1:40     N
19  24.0  31.5   17:50  16.2    4:40   0.3   6.1   0.0   1.1  14.5   15:10     N
20  23.8  30.1   14:30  18.4    3:20   0.0   5.5  30.0   1.1  14.5   14:00    NW
21  19.1  23.9   19:20  16.4    6:05   0.5   1.3  17.3   1.1  19.3    1:25     N
22  21.5  29.2   15:45  15.1    5:05   0.6   3.8   0.3   1.3  16.1   16:15    NW
23  23.2  30.1   18:45  16.1    6:30   0.3   5.2   0.0   1.6  17.7   17:05    SW
24  24.6  30.9   18:05  17.7    5:15   0.0   6.3   0.0   1.3  17.7   13:55   NNW
25  25.1  31.2   15:35  18.3    5:45   0.0   6.8   0.0   1.1  12.9   12:50     N
26  25.2  30.9   16:10  19.8    4:50   0.0   6.9   1.5   1.3  14.5   22:15   NNW
27  24.0  30.1   17:10  18.7    5:20   0.0   5.7   0.8   1.3  16.1   13:05     N
28  23.3  30.1   14:35  18.6   23:20   0.0   5.0   1.5   1.6  19.3   18:20   NNW
29  23.9  31.2   17:35  16.7    6:50   0.1   5.7   0.0   1.0  11.3    3:40   NNE
30  25.7  33.1   16:35  18.4    5:50   0.0   7.4   0.0   0.8  12.9   15:45     N
31  26.7  33.4   17:00  20.7    2:55   0.0   8.4   0.0   1.3  12.9   14:45     N
-------------------------------------------------------------------------------------
    23.6  33.4    31    15.1     8     4.2 167.0 163.8   1.3  40.2     5     NNW

Max >=  32.0:  2
Max <=   0.0:  0
Min <=   0.0:  0
Min <= -18.0:  0
Max Rain: 73.66 ON 05/07/18
Days of Rain: 12 (> .2 mm) 5 (> 2 mm) 3 (> 20 mm)
Heat Base:  18.3  Cool Base:  18.3  Method: Integration