NOAA-Style Climate Reports

Select a Year or Month report
2022: Gen Feb Mar Apr Mag Giu Lug Ago Set Ott Nov Dic
2021: Gen Feb Mar Apr Mag Giu Lug Ago Set Ott Nov Dic
2020: Gen Feb Mar Apr Mag Giu Lug Ago Set Ott Nov Dic
2019: Gen Feb Mar Apr Mag Giu Lug Ago Set Ott Nov Dic
2018: Gen Feb Mar Apr Mag Giu Lug Ago Set Ott Nov Dic
2017: Gen Feb Mar Apr Mag Giu Lug Ago Set Ott Nov Dic
2016: Gen Feb Mar Apr Mag Giu Lug Ago Set Ott Nov Dic
2015: Gen Feb Mar Apr Mag Giu Lug Ago Set Ott Nov Dic
2014: Gen Feb Mar Apr Mag Giu Lug Ago Set Ott Nov Dic
2013: Gen Feb Mar Apr Mag Giu Lug Ago Set Ott Nov Dic
2012: Gen Feb Mar Apr Mag Giu Lug Ago Set Ott Nov Dic

Report for 2018 Agosto
                   MONTHLY CLIMATOLOGICAL SUMMARY for AUG. 2018

NAME: MeteoMalnate   CITY: Malnate   STATE: Italy 
ELEV:   387 m  LAT:  45° 47' 24" N  LONG:   8° 54' 13" E

                   TEMPERATURE (°C), RAIN  (mm), WIND SPEED (km/hr)

                                      HEAT  COOL        AVG
    MEAN                              DEG   DEG         WIND                 DOM
DAY TEMP  HIGH   TIME   LOW    TIME   DAYS  DAYS  RAIN  SPEED HIGH   TIME    DIR
------------------------------------------------------------------------------------
 1  26.7  33.6   16:40  21.1    4:35   0.0   8.4   0.0   1.9  35.4   20:30   NNW
 2  26.2  32.3   17:10  20.4    6:30   0.0   7.9   0.0   1.9  12.9    5:30   NNW
 3  26.2  32.0   15:10  21.3    6:35   0.0   7.9   0.0   0.6  12.9   14:05     E
 4  27.2  32.8   17:15  21.8    6:50   0.0   8.9   0.0   1.1  14.5   16:20    NW
 5  26.9  33.2   16:35  20.6    6:00   0.0   8.6   0.0   1.3  16.1    0:55    NW
 6  26.4  32.7   16:25  21.9    3:20   0.0   8.1   6.1   1.4  19.3   00:00    NW
 7  23.9  31.3   17:10  18.5    6:45   0.0   5.6  30.5   2.9  30.6    4:25   NNW
 8  25.3  31.6   16:50  19.9    6:50   0.0   7.0   0.0   1.9  24.1    3:45   NNW
 9  23.0  29.9   15:55  18.7   19:15   0.0   4.7   5.3   2.3  49.9   18:10     N
10  23.2  29.6   16:45  18.6    6:15   0.0   4.9   0.0   0.8  11.3   11:25   NNW
11  23.8  29.6   14:25  19.1    3:25   0.0   5.5   0.0   1.0  12.9   16:05     N
12  22.4  27.6   18:25  18.9    6:15   0.0   4.1   1.0   0.8  11.3   11:55     N
13  19.7  23.3   12:10  17.4   16:05   0.1   1.5  30.5   1.6  17.7   15:50     N
14  21.2  27.6   17:30  16.4    6:50   0.3   3.2   0.0   0.8  12.9   15:00     N
15  21.9  28.4   15:50  16.3    6:30   0.3   3.9   0.3   1.3  14.5   14:40   WNW
16  22.2  28.6   16:45  16.4    5:30   0.4   4.2   0.0   1.0  12.9   15:50     N
17  23.0  29.2   17:15  17.1    4:45   0.2   4.9   0.0   0.8  14.5   14:05     N
18  23.0  30.1   16:10  17.4    6:55   0.1   4.8   0.0   0.8  11.3   15:05     N
19  23.8  30.6   15:25  18.1    6:10   0.0   5.5   0.0   0.8  11.3   14:55     N
20  25.1  31.4   16:20  18.9    7:20   0.0   6.8   0.0   1.3  17.7   14:05   NNW
21  24.5  31.9   16:30  19.4   23:05   0.0   6.2   0.3   0.8  11.3   14:00    NW
22  24.6  31.3   15:55  18.9    7:20   0.0   6.3   0.0   0.6  11.3    4:25   NNE
23  24.3  30.8   14:40  18.7    7:10   0.0   6.0   0.0   1.3  16.1   16:25     N
24  22.6  29.0   16:25  17.7    6:00   0.0   4.4  17.3   1.4  17.7    0:25   NNW
25  20.4  24.6   12:10  17.6   22:30   0.0   2.2   0.0   1.3  25.7   23:10   NNW
26  19.9  25.9   17:20  14.5   00:00   0.5   2.1   0.0   4.7  29.0    9:20   NNW
27  17.7  26.0   17:20  10.7    6:35   2.7   2.1   0.0   0.8  12.9   13:15    NW
28  20.1  28.1   17:40  13.1    6:55   1.6   3.4   0.0   0.6  11.3   14:45    SE
29  21.2  28.4   16:30  14.8    7:10   0.8   3.6   0.0   1.0  12.9   15:05   NNW
30  22.0  28.8   16:05  16.4    6:45   0.3   4.0   0.0   0.6  11.3   12:40   SSE
31  17.6  22.1    2:20  15.2    4:10   1.1   0.4  56.4   2.4  30.6    4:10    NW
-------------------------------------------------------------------------------------
    23.1  33.6     1    10.7    27     8.3 156.9 147.6   1.4  49.9     9     NNW

Max >=  32.0:  6
Max <=   0.0:  0
Min <=   0.0:  0
Min <= -18.0:  0
Max Rain: 56.39 ON 31/08/18
Days of Rain: 9 (> .2 mm) 6 (> 2 mm) 3 (> 20 mm)
Heat Base:  18.3  Cool Base:  18.3  Method: Integration