NOAA-Style Climate Reports

Select a Year or Month report
2022: Gen Feb Mar Apr Mag Giu Lug Ago Set Ott Nov Dic
2021: Gen Feb Mar Apr Mag Giu Lug Ago Set Ott Nov Dic
2020: Gen Feb Mar Apr Mag Giu Lug Ago Set Ott Nov Dic
2019: Gen Feb Mar Apr Mag Giu Lug Ago Set Ott Nov Dic
2018: Gen Feb Mar Apr Mag Giu Lug Ago Set Ott Nov Dic
2017: Gen Feb Mar Apr Mag Giu Lug Ago Set Ott Nov Dic
2016: Gen Feb Mar Apr Mag Giu Lug Ago Set Ott Nov Dic
2015: Gen Feb Mar Apr Mag Giu Lug Ago Set Ott Nov Dic
2014: Gen Feb Mar Apr Mag Giu Lug Ago Set Ott Nov Dic
2013: Gen Feb Mar Apr Mag Giu Lug Ago Set Ott Nov Dic
2012: Gen Feb Mar Apr Mag Giu Lug Ago Set Ott Nov Dic

Report for 2018 Settembre
                   MONTHLY CLIMATOLOGICAL SUMMARY for SEP. 2018

NAME: MeteoMalnate   CITY: Malnate   STATE: Italy 
ELEV:   387 m  LAT:  45° 47' 24" N  LONG:   8° 54' 13" E

                   TEMPERATURE (°C), RAIN  (mm), WIND SPEED (km/hr)

                                      HEAT  COOL        AVG
    MEAN                              DEG   DEG         WIND                 DOM
DAY TEMP  HIGH   TIME   LOW    TIME   DAYS  DAYS  RAIN  SPEED HIGH   TIME    DIR
------------------------------------------------------------------------------------
 1  16.2  20.3   18:30  14.6    4:20   2.3   0.2  13.2   0.2   6.4    0:45    NW
 2  16.9  22.9   15:55  12.7    7:35   2.0   0.6   2.5   0.5  11.3   14:40   NNW
 3  18.1  24.2   16:20  14.4    7:30   1.7   1.4   0.8   1.3  14.5   13:35     N
 4  18.7  26.2   15:40  12.7    7:05   2.0   2.4   0.3   1.0  16.1   14:35     N
 5  19.9  27.1   16:45  13.9    6:45   1.4   2.9   0.3   0.8  12.9   15:40   NNE
 6  20.0  26.7   15:00  15.7    6:05   0.7   2.4   2.8   1.0  17.7   13:15   NNE
 7  19.2  24.8   17:30  16.1    6:50   0.7   1.6   0.5   0.5  11.3   13:30   NNW
 8  20.4  27.1   15:45  14.6    7:25   0.8   2.9   0.3   0.6  16.1   16:05   SSW
 9  20.5  27.2   16:20  15.4    7:10   0.7   3.0   0.3   0.8  12.9   14:15     N
10  21.3  27.9   15:45  16.0    6:30   0.5   3.5   0.0   0.8  12.9   14:45     N
11  22.1  28.9   16:25  17.3    6:55   0.1   4.0   0.3   0.8  12.9   15:30    NW
12  22.4  29.2   15:35  17.3    4:40   0.1   4.1   0.3   0.8  14.5   13:05     N
13  21.7  28.1   17:25  17.8    3:30   0.0   3.5   2.8   1.4  24.1   21:30     N
14  21.1  27.4   16:25  17.6    1:25   0.1   2.9   0.3   0.6  11.3   14:00   NNW
15  20.8  26.0   16:20  16.8    7:35   0.1   2.7   0.0   0.8  14.5   12:20     N
16  20.6  25.3   14:45  17.5   23:30   0.0   2.3   0.0   0.5   9.7   15:55   NNW
17  20.7  26.2   16:15  16.6    6:05   0.4   2.8   0.3   1.1  11.3   13:05   NNW
18  20.7  26.0   15:40  17.7    5:10   0.1   2.4   0.0   0.6  11.3   15:20   NNW
19  21.0  27.3   16:10  16.3    7:25   0.3   3.0   0.3   0.8  11.3   17:05   NNW
20  21.1  27.6   16:25  16.3    7:45   0.3   3.1   0.3   1.0  11.3   13:20   NNW
21  21.1  28.1   15:40  16.3    6:10   0.4   3.1   0.3   0.6  12.9   14:55     N
22  21.2  27.6   15:15  16.2    7:15   0.4   3.3   0.0   0.5  11.3   14:15     S
23  21.6  27.5   16:00  16.7    7:55   0.2   3.4   1.0   1.0  12.9   13:15   SSE
24  20.4  24.2   14:30  14.8   23:15   0.3   2.4   0.0   6.6  38.6   10:35   NNW
25  14.7  19.9   17:20  10.3   21:25   3.7   0.1   0.0   0.6  12.9   14:30   SSE
26  13.7  18.9   16:10   8.3   23:45   4.6   0.0   0.0   0.8  12.9   14:25   SSE
27  13.4  23.1   16:45   6.8    4:35   5.8   0.9   0.0   0.5  11.3   12:30    SE
28  15.7  25.6   15:55   8.8    5:55   4.3   1.7   0.0   0.5  11.3   14:10     N
29  16.9  25.3   16:05  10.6    7:40   3.3   1.9   0.0   0.8  11.3   13:35     N
30  14.6  19.8   16:05  10.4    5:50   3.8   0.1   0.0   0.5  11.3   12:30     N
-------------------------------------------------------------------------------------
    19.2  29.2    12     6.8    27    41.1  68.7  26.4   0.9  38.6    24     NNW

Max >=  32.0:  0
Max <=   0.0:  0
Min <=   0.0:  0
Min <= -18.0:  0
Max Rain: 13.21 ON 01/09/18
Days of Rain: 18 (> .2 mm) 4 (> 2 mm) 0 (> 20 mm)
Heat Base:  18.3  Cool Base:  18.3  Method: Integration