NOAA-Style Climate Reports

Select a Year or Month report
2022: Gen Feb Mar Apr Mag Giu Lug Ago Set Ott Nov Dic
2021: Gen Feb Mar Apr Mag Giu Lug Ago Set Ott Nov Dic
2020: Gen Feb Mar Apr Mag Giu Lug Ago Set Ott Nov Dic
2019: Gen Feb Mar Apr Mag Giu Lug Ago Set Ott Nov Dic
2018: Gen Feb Mar Apr Mag Giu Lug Ago Set Ott Nov Dic
2017: Gen Feb Mar Apr Mag Giu Lug Ago Set Ott Nov Dic
2016: Gen Feb Mar Apr Mag Giu Lug Ago Set Ott Nov Dic
2015: Gen Feb Mar Apr Mag Giu Lug Ago Set Ott Nov Dic
2014: Gen Feb Mar Apr Mag Giu Lug Ago Set Ott Nov Dic
2013: Gen Feb Mar Apr Mag Giu Lug Ago Set Ott Nov Dic
2012: Gen Feb Mar Apr Mag Giu Lug Ago Set Ott Nov Dic

Report for 2018 Ottobre
                   MONTHLY CLIMATOLOGICAL SUMMARY for OCT. 2018

NAME: MeteoMalnate   CITY: Malnate   STATE: Italy 
ELEV:   387 m  LAT:  45° 47' 24" N  LONG:   8° 54' 13" E

                   TEMPERATURE (°C), RAIN  (mm), WIND SPEED (km/hr)

                                      HEAT  COOL        AVG
    MEAN                              DEG   DEG         WIND                 DOM
DAY TEMP  HIGH   TIME   LOW    TIME   DAYS  DAYS  RAIN  SPEED HIGH   TIME    DIR
------------------------------------------------------------------------------------
 1  13.4  15.6   20:20  10.9   17:00   4.8   0.0   8.4   4.5  38.6   16:00   NNW
 2  13.8  19.3   15:30   8.3    6:20   4.6   0.1   0.0   2.4  27.4    0:20   SSE
 3  12.8  21.1   15:55   6.6    6:45   6.0   0.4   0.0   0.5  11.3   12:40     N
 4  14.4  22.9   15:25   8.4    4:50   4.9   1.0   0.0   0.6  11.3   12:30   SSE
 5  14.2  21.6   15:50   8.9    5:20   4.6   0.5   0.0   0.6  12.9   13:15    SW
 6  14.9  18.7   16:30  11.4   00:00   3.4   0.0   0.0   0.0   6.4   11:05     N
 7  14.4  21.7   16:40   9.2    6:40   4.6   0.6   0.0   0.6  14.5   13:50   SSE
 8  16.4  23.4   16:00  11.7    1:10   3.1   1.2   0.0   0.6  12.9   13:05     S
 9  16.3  23.1   14:40  11.1    5:15   3.1   1.1   0.0   0.8  14.5   15:10   SSE
10  16.6  21.1   15:45  14.1   23:35   2.1   0.3   5.8   0.5  12.9    3:10   NNE
11  14.5  15.4    1:40  13.9   21:00   3.8   0.0  10.9   0.2   6.4   11:20    NW
12  16.9  22.7   14:55  13.6   22:45   2.3   0.9   0.3   1.0  14.5   10:15   NNW
13  16.1  22.4   14:55  11.9    6:25   3.1   0.8   0.0   0.5   9.7   12:20   NNW
14  14.6  21.1   14:40  10.3    7:25   4.1   0.4   0.0   0.3   8.0   13:00   NNW
15  15.0  20.4   16:00  11.2    7:10   3.5   0.3   0.0   0.5   8.0   13:20     N
16  15.1  21.1   15:35  11.8    7:40   3.7   0.4   0.0   0.3   8.0   15:25     N
17  15.5  20.8   13:05  11.6    6:35   3.2   0.4   0.0   1.0  16.1   15:35     N
18  15.8  22.9   15:25  11.2    4:35   3.4   0.9   0.0   0.6  11.3   16:15   NNW
19  16.3  23.5   14:35  11.8    6:40   3.0   1.0   0.0   0.8  12.9   13:30     N
20  15.3  21.8   14:50  11.3    6:05   3.6   0.7   0.0   0.6  11.3   13:00     N
21  13.7  18.7   13:00  10.6    7:10   4.6   0.0   0.0   0.6  25.7   20:00   NNW
22  11.4  16.8   15:10   7.1   23:15   6.9   0.0   0.0   0.6  12.9   15:25     S
23  10.8  18.7   14:50   5.2    8:15   7.5   0.0   0.0   0.5  12.9   12:40     N
24  17.2  28.6   14:45   8.2    4:40   4.0   2.8   0.0   1.8  27.4   15:05   NNE
25  16.9  21.4    0:30  12.4   21:20   2.1   0.7   0.0   1.3  20.9    3:50    NW
26  14.9  17.4   14:45  13.4    8:05   3.3   0.0   0.0   0.2   6.4   11:30   SSE
27  14.2  14.8   11:50  13.6   23:55   4.1   0.0  27.4   1.4  17.7   16:55    NW
28  14.0  15.2   16:05  12.7    5:05   4.3   0.0  51.8   2.4  22.5    9:45   NNW
29  13.4  14.8   12:50  11.3   16:45   4.9   0.0  60.7   3.5  32.2   16:15    NW
30  10.6  12.7   14:20   9.2   20:30   7.7   0.0   7.6   2.3  27.4    0:20     N
31  10.0  12.2   14:20   8.9    3:35   8.3   0.0  11.4   0.8   9.7    1:25   NNW
-------------------------------------------------------------------------------------
    14.5  28.6    24     5.2    23   132.7  14.7 184.4   1.0  38.6     1       N

Max >=  32.0:  0
Max <=   0.0:  0
Min <=   0.0:  0
Min <= -18.0:  0
Max Rain: 60.71 ON 29/10/18
Days of Rain: 9 (> .2 mm) 8 (> 2 mm) 3 (> 20 mm)
Heat Base:  18.3  Cool Base:  18.3  Method: Integration